{"id":1094532,"date":"2026-04-02T17:20:02","date_gmt":"2026-04-02T15:20:02","guid":{"rendered":"https:\/\/www.claret.cat\/llibre\/revista-lavenc-529-abril-2026-9780211105299\/"},"modified":"2026-04-02T18:05:04","modified_gmt":"2026-04-02T16:05:04","slug":"revista-lavenc-529-abril-2026-9780211105299","status":"publish","type":"product","link":"https:\/\/www.claret.cat\/es\/libro\/revista-lavenc-529-abril-2026-9780211105299\/","title":{"rendered":"REVISTA L&#8217;AVEN\u00c7, 529 (ABRIL 2026)"},"content":{"rendered":"<p>Inclou: &#8216;L&#8217;art d&#8217;enfilar exposicions&#8217; conversa entre Susanna Portell i Gl\u00f2ria Bosch, &#8217;25 anys de literatura catalana&#8217; de David Guzman, &#8216;Biblioteca port\u00e0til&#8217; de Jordi Punt\u00ed, &#8216;Rodoreda, un bosc&#8217; de Neus Penalba, &#8216;La vaga de Sabadell el 1976&#8217; de Xavier Dom\u00e8nech entre d&#8217;altres.<\/p>\n","protected":false},"excerpt":{"rendered":"<p>L&#8217;AVEN\u00c7<\/p>\n","protected":false},"featured_media":1094533,"template":"","meta":{"_acf_changed":false,"om_disable_all_campaigns":false,"rs_blank_template":"","rs_page_bg_color":"","slide_template_v7":"","inline_featured_image":false,"_monsterinsights_skip_tracking":false,"_monsterinsights_sitenote_active":false,"_monsterinsights_sitenote_note":"","_monsterinsights_sitenote_category":0},"product_brand":[],"product_cat":[90,540],"product_tag":[],"class_list":{"0":"post-1094532","1":"product","2":"type-product","3":"status-publish","4":"has-post-thumbnail","6":"product_cat-altres","7":"product_cat-otros","9":"first","10":"instock","11":"taxable","12":"shipping-taxable","13":"purchasable","14":"product-type-simple"},"acf":{"autor":"L'AVEN\u00c7","codart":"021110529","libros-coleccion":"","ediciones":"1","encuadernacion":"R\u00fastica","fecha_de_publicacion":"02\/04\/2026","novedad":"1","paginas":"82","subtitulo":"","orden":"0","portada":"0","idioma":"cat","booktrailer":"","resenas":"","editorial":[{"ID":148406,"post_author":"3","post_date":"2022-10-14 11:58:00","post_date_gmt":"2022-10-14 09:58:00","post_content":"","post_title":"L'AVENC, S.L.","post_excerpt":"","post_status":"publish","comment_status":"closed","ping_status":"closed","post_password":"","post_name":"lavenc-s-l","to_ping":"","pinged":"","post_modified":"2022-10-14 11:58:00","post_modified_gmt":"2022-10-14 09:58:00","post_content_filtered":"","post_parent":0,"guid":"http:\/\/dev.claret.cat\/editorial\/lavenc-s-l\/","menu_order":0,"post_type":"editorial","post_mime_type":"","comment_count":"0","filter":"raw"}]},"aioseo_notices":[],"_links":{"self":[{"href":"https:\/\/www.claret.cat\/es\/wp-json\/wp\/v2\/product\/1094532","targetHints":{"allow":["GET"]}}],"collection":[{"href":"https:\/\/www.claret.cat\/es\/wp-json\/wp\/v2\/product"}],"about":[{"href":"https:\/\/www.claret.cat\/es\/wp-json\/wp\/v2\/types\/product"}],"wp:featuredmedia":[{"embeddable":true,"href":"https:\/\/www.claret.cat\/es\/wp-json\/wp\/v2\/media\/1094533"}],"wp:attachment":[{"href":"https:\/\/www.claret.cat\/es\/wp-json\/wp\/v2\/media?parent=1094532"}],"wp:term":[{"taxonomy":"product_brand","embeddable":true,"href":"https:\/\/www.claret.cat\/es\/wp-json\/wp\/v2\/product_brand?post=1094532"},{"taxonomy":"product_cat","embeddable":true,"href":"https:\/\/www.claret.cat\/es\/wp-json\/wp\/v2\/product_cat?post=1094532"},{"taxonomy":"product_tag","embeddable":true,"href":"https:\/\/www.claret.cat\/es\/wp-json\/wp\/v2\/product_tag?post=1094532"}],"curies":[{"name":"wp","href":"https:\/\/api.w.org\/{rel}","templated":true}]}}

REVISTA L&#8217;AVENÇ, 529 (ABRIL 2026)

<p>Inclou: &#8216;L&#8217;art d&#8217;enfilar exposicions&#8217; conversa entre Susanna Portell i Glòria Bosch, &#8217;25 anys de literatura catalana&#8217; de David Guzman, &#8216;Biblioteca portàtil&#8217; de Jordi Puntí, &#8216;Rodoreda, un bosc&#8217; de Neus Penalba, &#8216;La vaga de Sabadell el 1976&#8217; de Xavier Domènech entre d&#8217;altres.</p>

<p>L&#8217;AVENÇ</p>

L'AVENÇ

Rústica
