{"id":1094538,"date":"2026-04-02T17:25:12","date_gmt":"2026-04-02T15:25:12","guid":{"rendered":"https:\/\/www.claret.cat\/llibre\/una-cancion-para-invocar-una-tempestad-9788410399297\/"},"modified":"2026-04-07T18:11:12","modified_gmt":"2026-04-07T16:11:12","slug":"una-cancion-para-invocar-una-tempestad-9788410399297","status":"publish","type":"product","link":"https:\/\/www.claret.cat\/es\/libro\/una-cancion-para-invocar-una-tempestad-9788410399297\/","title":{"rendered":"UNA CANCI\u00d3N PARA INVOCAR UNA TEMPESTAD"},"content":{"rendered":"<p>A veces basta una chispa para desatar una tormenta. <\/p>\n<p>  \u00abSi le ayudas, no esperes que te d\u00e9 las gracias.<\/p>\n<p> Si huyes de \u00e9l, no esperes compasi\u00f3n.<\/p>\n<p> Si le das la mano para sellar la alianza, <\/p>\n<p> tu luz se sumergir\u00e1 en las sombras\u00bb.<\/p>\n<p> Las calles pertenecen a los humanos, pero en los bosques reinan los qidhes, los seres m\u00e1gicos. Sintha no pertenece a ninguno de esos mundos, se busca la vida como puede, no siempre de acuerdo con la legalidad, y le trae sin cuidado el estricto acuerdo de paz entre ambos bandos. Cuando regresa de una de sus expediciones, Sintha se ve sorprendida por un temporal de nieve y no tiene m\u00e1s remedio que buscar refugio en una posada humana donde debe pasar desapercibida, una empresa realmente complicada cuando la nieve la deja aislada en plena investigaci\u00f3n de un asesinato ni m\u00e1s ni menos que con Arezander, el temido l\u00edder de los vakares, un pueblo oscuro que se encarga de velar por el cumplimiento de las leyes de forma despiadada y sus m\u00e1s ac\u00e9rrimos enemigos. Sintha no tarda en descubrir que es mejor no cruzarse con un vakar en plena caza: siempre existe el peligro de que te conviertas en su presa&#8230; <\/p>\n<p> Aventura, misterio y pasi\u00f3n en un mundo m\u00e1gico fascinante.<\/p>\n","protected":false},"excerpt":{"rendered":"<p>JULIA DIPPEL<\/p>\n","protected":false},"featured_media":1095435,"template":"","meta":{"_acf_changed":false,"om_disable_all_campaigns":false,"rs_blank_template":"","rs_page_bg_color":"","slide_template_v7":"","inline_featured_image":false,"_monsterinsights_skip_tracking":false,"_monsterinsights_sitenote_active":false,"_monsterinsights_sitenote_note":"","_monsterinsights_sitenote_category":0},"product_brand":[],"product_cat":[127,357],"product_tag":[],"class_list":{"0":"post-1094538","1":"product","2":"type-product","3":"status-publish","4":"has-post-thumbnail","6":"product_cat-novella-contemporania","7":"product_cat-novela-contemporanea","9":"first","10":"instock","11":"taxable","12":"shipping-taxable","13":"purchasable","14":"product-type-simple"},"acf":{"autor":"JULIA DIPPEL","codart":"841039929","libros-coleccion":"","ediciones":"1","encuadernacion":"Carton\u00e9","fecha_de_publicacion":"01\/04\/2026","novedad":"1","paginas":"516","subtitulo":"","orden":"0","portada":"0","idioma":"spa","booktrailer":"","resenas":"","editorial":[{"ID":983398,"post_author":"3","post_date":"2024-10-02 16:10:59","post_date_gmt":"2024-10-02 14:10:59","post_content":"","post_title":"Inlov","post_excerpt":"","post_status":"publish","comment_status":"closed","ping_status":"closed","post_password":"","post_name":"inlov","to_ping":"","pinged":"","post_modified":"2024-10-02 16:10:59","post_modified_gmt":"2024-10-02 14:10:59","post_content_filtered":"","post_parent":0,"guid":"https:\/\/www.claret.cat\/editorial\/inlov\/","menu_order":0,"post_type":"editorial","post_mime_type":"","comment_count":"0","filter":"raw"}]},"aioseo_notices":[],"_links":{"self":[{"href":"https:\/\/www.claret.cat\/es\/wp-json\/wp\/v2\/product\/1094538","targetHints":{"allow":["GET"]}}],"collection":[{"href":"https:\/\/www.claret.cat\/es\/wp-json\/wp\/v2\/product"}],"about":[{"href":"https:\/\/www.claret.cat\/es\/wp-json\/wp\/v2\/types\/product"}],"wp:featuredmedia":[{"embeddable":true,"href":"https:\/\/www.claret.cat\/es\/wp-json\/wp\/v2\/media\/1095435"}],"wp:attachment":[{"href":"https:\/\/www.claret.cat\/es\/wp-json\/wp\/v2\/media?parent=1094538"}],"wp:term":[{"taxonomy":"product_brand","embeddable":true,"href":"https:\/\/www.claret.cat\/es\/wp-json\/wp\/v2\/product_brand?post=1094538"},{"taxonomy":"product_cat","embeddable":true,"href":"https:\/\/www.claret.cat\/es\/wp-json\/wp\/v2\/product_cat?post=1094538"},{"taxonomy":"product_tag","embeddable":true,"href":"https:\/\/www.claret.cat\/es\/wp-json\/wp\/v2\/product_tag?post=1094538"}],"curies":[{"name":"wp","href":"https:\/\/api.w.org\/{rel}","templated":true}]}}

UNA CANCIÓN PARA INVOCAR UNA TEMPESTAD

<p>A veces basta una chispa para desatar una tormenta. </p>
<p>  «Si le ayudas, no esperes que te dé las gracias.</p>
<p> Si huyes de él, no esperes compasión.</p>
<p> Si le das la mano para sellar la alianza, </p>
<p> tu luz se sumergirá en las sombras».</p>
<p> Las calles pertenecen a los humanos, pero en los bosques reinan los qidhes, los seres mágicos. Sintha no pertenece a ninguno de esos mundos, se busca la vida como puede, no siempre de acuerdo con la legalidad, y le trae sin cuidado el estricto acuerdo de paz entre ambos bandos. Cuando regresa de una de sus expediciones, Sintha se ve sorprendida por un temporal de nieve y no tiene más remedio que buscar refugio en una posada humana donde debe pasar desapercibida, una empresa realmente complicada cuando la nieve la deja aislada en plena investigación de un asesinato ni más ni menos que con Arezander, el temido líder de los vakares, un pueblo oscuro que se encarga de velar por el cumplimiento de las leyes de forma despiadada y sus más acérrimos enemigos. Sintha no tarda en descubrir que es mejor no cruzarse con un vakar en plena caza: siempre existe el peligro de que te conviertas en su presa&#8230; </p>
<p> Aventura, misterio y pasión en un mundo mágico fascinante.</p>

Cartoné
