{"id":1094544,"date":"2026-04-02T17:25:41","date_gmt":"2026-04-02T15:25:41","guid":{"rendered":"https:\/\/www.claret.cat\/llibre\/cumbres-borrascosas-9788419558930\/"},"modified":"2026-04-23T14:40:05","modified_gmt":"2026-04-23T12:40:05","slug":"cumbres-borrascosas-9788419558930","status":"publish","type":"product","link":"https:\/\/www.claret.cat\/es\/libro\/cumbres-borrascosas-9788419558930\/","title":{"rendered":"CUMBRES BORRASCOSAS"},"content":{"rendered":"<p>Nueva edici\u00f3n de una obra maestra de la literatura inglesa y victoriana, con introducci\u00f3n de Virginia Woolf<br \/> y posfacio de \u00c1ngeles Caso.<br \/> En una g\u00e9lida noche de tormenta, un hombre busca refugio en Cumbres Borrascosas. All\u00ed, en la casa que corona los p\u00e1ramos de Yorkshire, conocer\u00e1 los tumultuosos acontecimientos que desolaron el lugar a\u00f1os atr\u00e1s: una tr\u00e1gica historia de amor y venganza entre Heathcliff y Catherine Earnshaw, dos seres ind\u00f3mitos, pero incapaces de rehuir la naturaleza destructiva del amor.<br \/> Publicada en 1847, obtuvo de inmediato el favor del p\u00fablico lector, aunque la cr\u00edtica la consider\u00f3 entonces una novela \u00abinadecuada\u00bb. Pero fueron el tiempo y la mirada feminista quienes realzaron a\u00fan m\u00e1s el majestuoso trabajo de Emily Bront\u00eb, consolidado hoy como un cl\u00e1sico de la literatura inglesa y universal. Magistral en la construcci\u00f3n de la trama narrativa, en la singularidad y fuerza de los personajes, Cumbres Borrascosas es una epopeya de ecos g\u00f3ticos y dramatismo shakesperiano, que explora los aspectos m\u00e1s oscuros y apasionados del ser humano.<br \/> La presente edici\u00f3n incluye, a modo de Posfacio, una invitaci\u00f3n a su lectura a cargo de la novelista<br \/> \u00c1ngeles Caso. Gran experta en literatura inglesa del siglo xix, sus esclarecedoras reflexiones nos ayudan<br \/> a comprender las circunstancias inauditas que hicieron posible la creaci\u00f3n de Cumbres Borrascosas, as\u00ed como las claves de su profund\u00edsima modernidad.<\/p>\n","protected":false},"excerpt":{"rendered":"<p>BRONT\u00cb, EMILY<\/p>\n","protected":false},"featured_media":1094626,"template":"","meta":{"_acf_changed":false,"om_disable_all_campaigns":false,"rs_blank_template":"","rs_page_bg_color":"","slide_template_v7":"","inline_featured_image":false,"_monsterinsights_skip_tracking":false,"_monsterinsights_sitenote_active":false,"_monsterinsights_sitenote_note":"","_monsterinsights_sitenote_category":0},"product_brand":[],"product_cat":[354,123],"product_tag":[],"class_list":{"0":"post-1094544","1":"product","2":"type-product","3":"status-publish","4":"has-post-thumbnail","6":"product_cat-clasica","7":"product_cat-classica","9":"first","10":"instock","11":"taxable","12":"shipping-taxable","13":"purchasable","14":"product-type-simple"},"acf":{"autor":"BRONT\u00cb, EMILY","codart":"841955893","libros-coleccion":"Literatura","ediciones":"1","encuadernacion":"R\u00fastica","fecha_de_publicacion":"01\/07\/2024","novedad":"1","paginas":"469","subtitulo":"","orden":"0","portada":"0","idioma":"spa","booktrailer":"","resenas":"","editorial":[{"ID":6127,"post_author":"3","post_date":"2022-07-28 17:45:28","post_date_gmt":"2022-07-28 15:45:28","post_content":"","post_title":"ARPA EDITORES","post_excerpt":"","post_status":"publish","comment_status":"closed","ping_status":"closed","post_password":"","post_name":"arpa-editores","to_ping":"","pinged":"","post_modified":"2022-07-28 17:45:28","post_modified_gmt":"2022-07-28 15:45:28","post_content_filtered":"","post_parent":0,"guid":"http:\/\/dev.claret.cat\/editorial\/arpa-editores\/","menu_order":0,"post_type":"editorial","post_mime_type":"","comment_count":"0","filter":"raw"}]},"aioseo_notices":[],"_links":{"self":[{"href":"https:\/\/www.claret.cat\/es\/wp-json\/wp\/v2\/product\/1094544","targetHints":{"allow":["GET"]}}],"collection":[{"href":"https:\/\/www.claret.cat\/es\/wp-json\/wp\/v2\/product"}],"about":[{"href":"https:\/\/www.claret.cat\/es\/wp-json\/wp\/v2\/types\/product"}],"wp:featuredmedia":[{"embeddable":true,"href":"https:\/\/www.claret.cat\/es\/wp-json\/wp\/v2\/media\/1094626"}],"wp:attachment":[{"href":"https:\/\/www.claret.cat\/es\/wp-json\/wp\/v2\/media?parent=1094544"}],"wp:term":[{"taxonomy":"product_brand","embeddable":true,"href":"https:\/\/www.claret.cat\/es\/wp-json\/wp\/v2\/product_brand?post=1094544"},{"taxonomy":"product_cat","embeddable":true,"href":"https:\/\/www.claret.cat\/es\/wp-json\/wp\/v2\/product_cat?post=1094544"},{"taxonomy":"product_tag","embeddable":true,"href":"https:\/\/www.claret.cat\/es\/wp-json\/wp\/v2\/product_tag?post=1094544"}],"curies":[{"name":"wp","href":"https:\/\/api.w.org\/{rel}","templated":true}]}}

<p>Nueva edición de una obra maestra de la literatura inglesa y victoriana, con introducción de Virginia Woolf<br /> y posfacio de Ángeles Caso.<br /> En una gélida noche de tormenta, un hombre busca refugio en Cumbres Borrascosas. Allí, en la casa que corona los páramos de Yorkshire, conocerá los tumultuosos acontecimientos que desolaron el lugar años atrás: una trágica historia de amor y venganza entre Heathcliff y Catherine Earnshaw, dos seres indómitos, pero incapaces de rehuir la naturaleza destructiva del amor.<br /> Publicada en 1847, obtuvo de inmediato el favor del público lector, aunque la crítica la consideró entonces una novela «inadecuada». Pero fueron el tiempo y la mirada feminista quienes realzaron aún más el majestuoso trabajo de Emily Brontë, consolidado hoy como un clásico de la literatura inglesa y universal. Magistral en la construcción de la trama narrativa, en la singularidad y fuerza de los personajes, Cumbres Borrascosas es una epopeya de ecos góticos y dramatismo shakesperiano, que explora los aspectos más oscuros y apasionados del ser humano.<br /> La presente edición incluye, a modo de Posfacio, una invitación a su lectura a cargo de la novelista<br /> Ángeles Caso. Gran experta en literatura inglesa del siglo xix, sus esclarecedoras reflexiones nos ayudan<br /> a comprender las circunstancias inauditas que hicieron posible la creación de Cumbres Borrascosas, así como las claves de su profundísima modernidad.</p>

<p>BRONTË, EMILY</p>

BRONTË, EMILY

Rústica
