{"id":1094556,"date":"2026-04-02T17:30:38","date_gmt":"2026-04-02T15:30:38","guid":{"rendered":"https:\/\/www.claret.cat\/llibre\/dos-anos-de-vacaciones-9788410983199\/"},"modified":"2026-04-07T19:25:46","modified_gmt":"2026-04-07T17:25:46","slug":"dos-anos-de-vacaciones-9788410983199","status":"publish","type":"product","link":"https:\/\/www.claret.cat\/es\/libro\/dos-anos-de-vacaciones-9788410983199\/","title":{"rendered":"DOS A\u00d1OS DE VACACIONES"},"content":{"rendered":"<p>En Auckland, Nueva Zelanda, un grupo de quince estudiantes con edades comprendidas entre los ocho y los catorce a\u00f1os se embarcan en la goleta Sloughi para iniciar unas vacaciones de seis semanas en el mar. Mientras toda la tripulaci\u00f3n se encuentra en tierra, el barco, que por alguna extra\u00f1a raz\u00f3n no est\u00e1 bien amarrado, comienza a navegar a la deriva empujado por un viento tempestuoso. Sin saber c\u00f3mo controlar la nave, los chicos pasar\u00e1n varias semanas en el oc\u00e9ano, hasta que encallar\u00e1n en una isla desierta. Sin embargo, sus aventuras no habr\u00e1n hecho m\u00e1s que comenzar&#8230;Una edici\u00f3n ilustrada inspirada en la original del siglo XIX de Pierre-Jules Hetzel.La edici\u00f3n m\u00e1s bella del mundo de la obra de Julio Verne.<\/p>\n","protected":false},"excerpt":{"rendered":"<p>JULIO VERNE<\/p>\n","protected":false},"featured_media":1095484,"template":"","meta":{"_acf_changed":false,"om_disable_all_campaigns":false,"rs_blank_template":"","rs_page_bg_color":"","slide_template_v7":"","inline_featured_image":false,"_monsterinsights_skip_tracking":false,"_monsterinsights_sitenote_active":false,"_monsterinsights_sitenote_note":"","_monsterinsights_sitenote_category":0},"product_brand":[],"product_cat":[354,123],"product_tag":[],"class_list":{"0":"post-1094556","1":"product","2":"type-product","3":"status-publish","4":"has-post-thumbnail","6":"product_cat-clasica","7":"product_cat-classica","9":"first","10":"instock","11":"taxable","12":"shipping-taxable","13":"purchasable","14":"product-type-simple"},"acf":{"autor":"JULIO VERNE","codart":"841098319","libros-coleccion":"","ediciones":"1","encuadernacion":"Carton\u00e9","fecha_de_publicacion":"01\/04\/2026","novedad":"1","paginas":"256","subtitulo":"","orden":"0","portada":"0","idioma":"spa","booktrailer":"","resenas":"","editorial":[{"ID":148737,"post_author":"3","post_date":"2022-10-14 12:00:35","post_date_gmt":"2022-10-14 10:00:35","post_content":"","post_title":"RBA Libros","post_excerpt":"","post_status":"publish","comment_status":"closed","ping_status":"closed","post_password":"","post_name":"rba-libros","to_ping":"","pinged":"","post_modified":"2022-10-14 12:00:35","post_modified_gmt":"2022-10-14 10:00:35","post_content_filtered":"","post_parent":0,"guid":"http:\/\/dev.claret.cat\/editorial\/rba-libros\/","menu_order":0,"post_type":"editorial","post_mime_type":"","comment_count":"0","filter":"raw"}]},"aioseo_notices":[],"_links":{"self":[{"href":"https:\/\/www.claret.cat\/es\/wp-json\/wp\/v2\/product\/1094556","targetHints":{"allow":["GET"]}}],"collection":[{"href":"https:\/\/www.claret.cat\/es\/wp-json\/wp\/v2\/product"}],"about":[{"href":"https:\/\/www.claret.cat\/es\/wp-json\/wp\/v2\/types\/product"}],"wp:featuredmedia":[{"embeddable":true,"href":"https:\/\/www.claret.cat\/es\/wp-json\/wp\/v2\/media\/1095484"}],"wp:attachment":[{"href":"https:\/\/www.claret.cat\/es\/wp-json\/wp\/v2\/media?parent=1094556"}],"wp:term":[{"taxonomy":"product_brand","embeddable":true,"href":"https:\/\/www.claret.cat\/es\/wp-json\/wp\/v2\/product_brand?post=1094556"},{"taxonomy":"product_cat","embeddable":true,"href":"https:\/\/www.claret.cat\/es\/wp-json\/wp\/v2\/product_cat?post=1094556"},{"taxonomy":"product_tag","embeddable":true,"href":"https:\/\/www.claret.cat\/es\/wp-json\/wp\/v2\/product_tag?post=1094556"}],"curies":[{"name":"wp","href":"https:\/\/api.w.org\/{rel}","templated":true}]}}

DOS AÑOS DE VACACIONES

<p>En Auckland, Nueva Zelanda, un grupo de quince estudiantes con edades comprendidas entre los ocho y los catorce años se embarcan en la goleta Sloughi para iniciar unas vacaciones de seis semanas en el mar. Mientras toda la tripulación se encuentra en tierra, el barco, que por alguna extraña razón no está bien amarrado, comienza a navegar a la deriva empujado por un viento tempestuoso. Sin saber cómo controlar la nave, los chicos pasarán varias semanas en el océano, hasta que encallarán en una isla desierta. Sin embargo, sus aventuras no habrán hecho más que comenzar&#8230;Una edición ilustrada inspirada en la original del siglo XIX de Pierre-Jules Hetzel.La edición más bella del mundo de la obra de Julio Verne.</p>

Cartoné
