{"id":1094574,"date":"2026-04-02T17:40:02","date_gmt":"2026-04-02T15:40:02","guid":{"rendered":"https:\/\/www.claret.cat\/llibre\/el-volum-del-temps-iii-9788433949400\/"},"modified":"2026-04-07T13:27:05","modified_gmt":"2026-04-07T11:27:05","slug":"el-volum-del-temps-iii-9788433949400","status":"publish","type":"product","link":"https:\/\/www.claret.cat\/es\/libro\/el-volum-del-temps-iii-9788433949400\/","title":{"rendered":"EL VOLUM DEL TEMPS III"},"content":{"rendered":"<p>Una exploraci\u00f3 fascinant del temps i la condici\u00f3 humana.\u00a0 La Tara Selter ja no est\u00e0 sola. Despr\u00e9s de viure m\u00e9s de mil cops el mateix 18 de novembre, que es repeteix una vegada i una altra en un bucle temporal, per fi passa alguna cosa. El color de la camisa que porta un home varia. Passa del verd al blau.L\u2019home es diu Henry Dale, i la Tara no trigar\u00e0 gaire a descobrir que ell tamb\u00e9 \u00e9s conscient del que estan vivint. Ara tots dos poden compartir el desconcert, encara que cada un visqui la situaci\u00f3 d\u2019una manera molt diferent. Haver trobat aquesta persona obre la porta a la possibilitat que pugui haver-n\u2019hi m\u00e9s\u2026Aquest llibre \u00e9s la tercera entrega \u2013d\u2019un total de set\u2013 de l\u2019agosarada i innovadora proposta narrativa de Solvej Balle. Si les dues primeres se centraven en l\u2019experi\u00e8ncia de la soledat, en aquesta entra en escena la pres\u00e8ncia de l\u2019altre, l\u2019experi\u00e8ncia compartida. El que es considerava permanent s\u2019ha comen\u00e7at a moure a partir d\u2019un petit canvi, al qual potser en seguiran d\u2019altres.L\u2019autora danesa col\u00b7loca una pe\u00e7a nova en el seu mosaic literari. A trav\u00e9s de la ci\u00e8ncia-ficci\u00f3 ens planteja preguntes profundament humanes sobre la nostra relaci\u00f3 amb el temps, amb la soledat i amb els nostres semblants, sobre la por i l\u2019amor, sobre els anhels i les inquietuds que actuen com a motors vitals. El resultat s\u00f3n uns llibres tan enigm\u00e0tics com fascinants.<\/p>\n","protected":false},"excerpt":{"rendered":"<p>SOLVEJ BALLE<\/p>\n","protected":false},"featured_media":1095024,"template":"","meta":{"_acf_changed":false,"om_disable_all_campaigns":false,"rs_blank_template":"","rs_page_bg_color":"","slide_template_v7":"","inline_featured_image":false,"_monsterinsights_skip_tracking":false,"_monsterinsights_sitenote_active":false,"_monsterinsights_sitenote_note":"","_monsterinsights_sitenote_category":0},"product_brand":[],"product_cat":[127,357],"product_tag":[],"class_list":{"0":"post-1094574","1":"product","2":"type-product","3":"status-publish","4":"has-post-thumbnail","6":"product_cat-novella-contemporania","7":"product_cat-novela-contemporanea","9":"first","10":"instock","11":"taxable","12":"shipping-taxable","13":"purchasable","14":"product-type-simple"},"acf":{"autor":"SOLVEJ BALLE","codart":"843394940","libros-coleccion":"","ediciones":"1","encuadernacion":"R\u00fastica","fecha_de_publicacion":"01\/04\/2026","novedad":"1","paginas":"196","subtitulo":"","orden":"0","portada":"0","idioma":"cat","booktrailer":"","resenas":"","editorial":[{"ID":147428,"post_author":"3","post_date":"2022-10-14 11:50:30","post_date_gmt":"2022-10-14 09:50:30","post_content":"","post_title":"ANAGRAMA","post_excerpt":"","post_status":"publish","comment_status":"closed","ping_status":"closed","post_password":"","post_name":"anagrama","to_ping":"","pinged":"","post_modified":"2022-10-14 11:50:30","post_modified_gmt":"2022-10-14 09:50:30","post_content_filtered":"","post_parent":0,"guid":"http:\/\/dev.claret.cat\/editorial\/anagrama\/","menu_order":0,"post_type":"editorial","post_mime_type":"","comment_count":"0","filter":"raw"}]},"aioseo_notices":[],"_links":{"self":[{"href":"https:\/\/www.claret.cat\/es\/wp-json\/wp\/v2\/product\/1094574","targetHints":{"allow":["GET"]}}],"collection":[{"href":"https:\/\/www.claret.cat\/es\/wp-json\/wp\/v2\/product"}],"about":[{"href":"https:\/\/www.claret.cat\/es\/wp-json\/wp\/v2\/types\/product"}],"wp:featuredmedia":[{"embeddable":true,"href":"https:\/\/www.claret.cat\/es\/wp-json\/wp\/v2\/media\/1095024"}],"wp:attachment":[{"href":"https:\/\/www.claret.cat\/es\/wp-json\/wp\/v2\/media?parent=1094574"}],"wp:term":[{"taxonomy":"product_brand","embeddable":true,"href":"https:\/\/www.claret.cat\/es\/wp-json\/wp\/v2\/product_brand?post=1094574"},{"taxonomy":"product_cat","embeddable":true,"href":"https:\/\/www.claret.cat\/es\/wp-json\/wp\/v2\/product_cat?post=1094574"},{"taxonomy":"product_tag","embeddable":true,"href":"https:\/\/www.claret.cat\/es\/wp-json\/wp\/v2\/product_tag?post=1094574"}],"curies":[{"name":"wp","href":"https:\/\/api.w.org\/{rel}","templated":true}]}}

<p>Una exploració fascinant del temps i la condició humana.  La Tara Selter ja no està sola. Després de viure més de mil cops el mateix 18 de novembre, que es repeteix una vegada i una altra en un bucle temporal, per fi passa alguna cosa. El color de la camisa que porta un home varia. Passa del verd al blau.L’home es diu Henry Dale, i la Tara no trigarà gaire a descobrir que ell també és conscient del que estan vivint. Ara tots dos poden compartir el desconcert, encara que cada un visqui la situació d’una manera molt diferent. Haver trobat aquesta persona obre la porta a la possibilitat que pugui haver-n’hi més…Aquest llibre és la tercera entrega –d’un total de set– de l’agosarada i innovadora proposta narrativa de Solvej Balle. Si les dues primeres se centraven en l’experiència de la soledat, en aquesta entra en escena la presència de l’altre, l’experiència compartida. El que es considerava permanent s’ha començat a moure a partir d’un petit canvi, al qual potser en seguiran d’altres.L’autora danesa col·loca una peça nova en el seu mosaic literari. A través de la ciència-ficció ens planteja preguntes profundament humanes sobre la nostra relació amb el temps, amb la soledat i amb els nostres semblants, sobre la por i l’amor, sobre els anhels i les inquietuds que actuen com a motors vitals. El resultat són uns llibres tan enigmàtics com fascinants.</p>

Rústica
