{"id":1094577,"date":"2026-04-02T17:40:16","date_gmt":"2026-04-02T15:40:16","guid":{"rendered":"https:\/\/www.claret.cat\/llibre\/el-volumen-del-tiempo-iii-9788433949424\/"},"modified":"2026-04-07T13:25:38","modified_gmt":"2026-04-07T11:25:38","slug":"el-volumen-del-tiempo-iii-9788433949424","status":"publish","type":"product","link":"https:\/\/www.claret.cat\/es\/libro\/el-volumen-del-tiempo-iii-9788433949424\/","title":{"rendered":"EL VOLUMEN DEL TIEMPO III"},"content":{"rendered":"<p>Una fascinante exploraci\u00f3n del tiempo y la condici\u00f3n humana. Tara Selter ya no est\u00e1 sola. Despu\u00e9s de vivir m\u00e1s de mil veces el mismo dieciocho de noviembre, que se repite una y otra vez en un bucle temporal del que no parece haber salida y del que solo ella parece ser consciente, por fin sucede algo. Una anomal\u00eda. Un peque\u00f1o cambio que, sin embargo, puede suponer un gran salto: el color de la camisa que viste un hombre var\u00eda. Pasa del verde al azul. Ese hombre se llama Henry Dale, y Tara no tardar\u00e1 en descubrir que tambi\u00e9n \u00e9l est\u00e1 atrapado en un eterno presente: que tambi\u00e9n \u00e9l recuerda. Ambos pueden compartir ahora la experiencia y el desconcierto, aunque su forma de afrontar la situaci\u00f3n sea muy distinta. Y, adem\u00e1s, su encuentro abre la puerta a otra posibilidad: la de que haya otros como ellos.Esta es la tercera entrega \u2013de un total de siete\u2013 del osado e innovador proyecto narrativo de Solvej Balle. Si las dos primeras se centraban en la experiencia de la soledad de Tara, aqu\u00ed entra en escena la presencia del otro, la vivencia compartida de un d\u00eda de oto\u00f1o que se repite ad infinitum, y con ella, una nueva perspectiva. Lo que parec\u00eda inamovible empieza a revelar grietas por las que tal vez se vislumbre cierta esperanza. En esta nueva pieza de su mosaico literario, Balle sigue sirvi\u00e9ndose de la ciencia ficci\u00f3n para plantearnos preguntas profundamente humanas sobre nuestra relaci\u00f3n con el tiempo, con la soledad y con nuestros semejantes, sobre el miedo y el amor, sobre los anhelos y las inquietudes que act\u00faan como motores de nuestra existencia. El resultado es una saga tan enigm\u00e1tica como fascinante.<\/p>\n","protected":false},"excerpt":{"rendered":"<p>SOLVEJ BALLE<\/p>\n","protected":false},"featured_media":1095016,"template":"","meta":{"_acf_changed":false,"om_disable_all_campaigns":false,"rs_blank_template":"","rs_page_bg_color":"","slide_template_v7":"","inline_featured_image":false,"_monsterinsights_skip_tracking":false,"_monsterinsights_sitenote_active":false,"_monsterinsights_sitenote_note":"","_monsterinsights_sitenote_category":0},"product_brand":[],"product_cat":[127,357],"product_tag":[],"class_list":{"0":"post-1094577","1":"product","2":"type-product","3":"status-publish","4":"has-post-thumbnail","6":"product_cat-novella-contemporania","7":"product_cat-novela-contemporanea","9":"first","10":"instock","11":"taxable","12":"shipping-taxable","13":"purchasable","14":"product-type-simple"},"acf":{"autor":"SOLVEJ BALLE","codart":"843394942","libros-coleccion":"","ediciones":"1","encuadernacion":"R\u00fastica","fecha_de_publicacion":"01\/04\/2026","novedad":"1","paginas":"196","subtitulo":"","orden":"0","portada":"0","idioma":"spa","booktrailer":"","resenas":"","editorial":[{"ID":147428,"post_author":"3","post_date":"2022-10-14 11:50:30","post_date_gmt":"2022-10-14 09:50:30","post_content":"","post_title":"ANAGRAMA","post_excerpt":"","post_status":"publish","comment_status":"closed","ping_status":"closed","post_password":"","post_name":"anagrama","to_ping":"","pinged":"","post_modified":"2022-10-14 11:50:30","post_modified_gmt":"2022-10-14 09:50:30","post_content_filtered":"","post_parent":0,"guid":"http:\/\/dev.claret.cat\/editorial\/anagrama\/","menu_order":0,"post_type":"editorial","post_mime_type":"","comment_count":"0","filter":"raw"}]},"aioseo_notices":[],"_links":{"self":[{"href":"https:\/\/www.claret.cat\/es\/wp-json\/wp\/v2\/product\/1094577","targetHints":{"allow":["GET"]}}],"collection":[{"href":"https:\/\/www.claret.cat\/es\/wp-json\/wp\/v2\/product"}],"about":[{"href":"https:\/\/www.claret.cat\/es\/wp-json\/wp\/v2\/types\/product"}],"wp:featuredmedia":[{"embeddable":true,"href":"https:\/\/www.claret.cat\/es\/wp-json\/wp\/v2\/media\/1095016"}],"wp:attachment":[{"href":"https:\/\/www.claret.cat\/es\/wp-json\/wp\/v2\/media?parent=1094577"}],"wp:term":[{"taxonomy":"product_brand","embeddable":true,"href":"https:\/\/www.claret.cat\/es\/wp-json\/wp\/v2\/product_brand?post=1094577"},{"taxonomy":"product_cat","embeddable":true,"href":"https:\/\/www.claret.cat\/es\/wp-json\/wp\/v2\/product_cat?post=1094577"},{"taxonomy":"product_tag","embeddable":true,"href":"https:\/\/www.claret.cat\/es\/wp-json\/wp\/v2\/product_tag?post=1094577"}],"curies":[{"name":"wp","href":"https:\/\/api.w.org\/{rel}","templated":true}]}}

<p>Una fascinante exploración del tiempo y la condición humana. Tara Selter ya no está sola. Después de vivir más de mil veces el mismo dieciocho de noviembre, que se repite una y otra vez en un bucle temporal del que no parece haber salida y del que solo ella parece ser consciente, por fin sucede algo. Una anomalía. Un pequeño cambio que, sin embargo, puede suponer un gran salto: el color de la camisa que viste un hombre varía. Pasa del verde al azul. Ese hombre se llama Henry Dale, y Tara no tardará en descubrir que también él está atrapado en un eterno presente: que también él recuerda. Ambos pueden compartir ahora la experiencia y el desconcierto, aunque su forma de afrontar la situación sea muy distinta. Y, además, su encuentro abre la puerta a otra posibilidad: la de que haya otros como ellos.Esta es la tercera entrega –de un total de siete– del osado e innovador proyecto narrativo de Solvej Balle. Si las dos primeras se centraban en la experiencia de la soledad de Tara, aquí entra en escena la presencia del otro, la vivencia compartida de un día de otoño que se repite ad infinitum, y con ella, una nueva perspectiva. Lo que parecía inamovible empieza a revelar grietas por las que tal vez se vislumbre cierta esperanza. En esta nueva pieza de su mosaico literario, Balle sigue sirviéndose de la ciencia ficción para plantearnos preguntas profundamente humanas sobre nuestra relación con el tiempo, con la soledad y con nuestros semejantes, sobre el miedo y el amor, sobre los anhelos y las inquietudes que actúan como motores de nuestra existencia. El resultado es una saga tan enigmática como fascinante.</p>

Rústica
