{"id":1094694,"date":"2026-04-02T19:36:23","date_gmt":"2026-04-02T17:36:23","guid":{"rendered":"https:\/\/www.claret.cat\/llibre\/la-llotja-de-la-seda-9788410256583\/"},"modified":"2026-04-29T18:00:37","modified_gmt":"2026-04-29T16:00:37","slug":"la-llotja-de-la-seda-9788410256583","status":"publish","type":"product","link":"https:\/\/www.claret.cat\/es\/libro\/la-llotja-de-la-seda-9788410256583\/","title":{"rendered":"LA LLOTJA DE LA SEDA"},"content":{"rendered":"<p>Un edifici que desafia D\u00e9u per enaltir l&#8221;home. Una ciutat destinada a governar el Mediterrani. La gran saga hist\u00f2rica sobre la Val\u00e8ncia del segle XV. &#8216;Ferr\u00e1ndiz tra\u00e7a vincles amb Ken Follett i Ildefonso Falcones&#8217;.<br \/>La Vanguardia Amb una narrativa magistral i un proc\u00e9s de documentaci\u00f3 impecable, Juan Francisco Ferr\u00e1ndiz tra\u00e7a, en aquesta novel\u00b7la, un retrat hist\u00f2ric enlluernador i fa un homenatge a un edifici que amaga entre les seves pedres la gran hist\u00f2ria d&#8221;una ciutat, d&#8221;un poble i d&#8221;una revoluci\u00f3.  Segle XV. Val\u00e8ncia s&#8221;ha convertit en la ciutat m\u00e9s pr\u00f2spera del Mediterrani gr\u00e0cies als mercaders que hi desembarquen provinents d&#8221;arreu del m\u00f3n. \u00c9s per a ells que s&#8221;idea una de les obres arquitect\u00f2niques m\u00e9s espectaculars que s&#8221;hagi vist mai: la Llotja de la Seda. UNA CIUTAT EN LA SEVA \u00c8POCA DAURADA Malgrat aix\u00f2, no tothom est\u00e0 d&#8221;acord en aixecar un temple per als mercaders, i no per a honorar D\u00e9u. La construcci\u00f3 es complica des de l&#8221;inici en un relat ple de misteri, corrupci\u00f3 i, fins i tot, assassinats: una perillosa confrontaci\u00f3 entre aquells que accepten que la societat est\u00e0 canviant i aquells que volen que tot continu\u00ef igual. UNA FAM\u00cdLIA DESTINADA A MARCAR LA HIST\u00d2RIA El jove pedrer Joan Ibarra, que dirigir\u00e0 les obres, i la seva dona Francesca que posseeix un do peculiar, hauran d&#8221;enfrontar-se als seus fantasmes del passat mentre protagonitzen un relat de venjan\u00e7a, passi\u00f3 i lluita de classes.<\/p>\n","protected":false},"excerpt":{"rendered":"<p>JUAN FRANCISCO FERR\u00c1NDIZ<\/p>\n","protected":false},"featured_media":1095045,"template":"","meta":{"_acf_changed":false,"om_disable_all_campaigns":false,"rs_blank_template":"","rs_page_bg_color":"","slide_template_v7":"","inline_featured_image":false,"_monsterinsights_skip_tracking":false,"_monsterinsights_sitenote_active":false,"_monsterinsights_sitenote_note":"","_monsterinsights_sitenote_category":0},"product_brand":[],"product_cat":[130,360],"product_tag":[],"class_list":{"0":"post-1094694","1":"product","2":"type-product","3":"status-publish","4":"has-post-thumbnail","6":"product_cat-novella-historica-i-ficcio","7":"product_cat-novela-historica-y-ficcion","9":"first","10":"instock","11":"taxable","12":"shipping-taxable","13":"purchasable","14":"product-type-simple"},"acf":{"autor":"JUAN FRANCISCO FERR\u00c1NDIZ","codart":"841025658","libros-coleccion":"","ediciones":"1","encuadernacion":"R\u00fastica","fecha_de_publicacion":"01\/04\/2026","novedad":"1","paginas":"638","subtitulo":"","orden":"0","portada":"0","idioma":"cat","booktrailer":"","resenas":"","editorial":[{"ID":6350,"post_author":"3","post_date":"2022-07-28 17:50:18","post_date_gmt":"2022-07-28 15:50:18","post_content":"","post_title":"ROSA DELS VENTS","post_excerpt":"","post_status":"publish","comment_status":"closed","ping_status":"closed","post_password":"","post_name":"rosa-dels-vents","to_ping":"","pinged":"","post_modified":"2022-07-28 17:50:18","post_modified_gmt":"2022-07-28 15:50:18","post_content_filtered":"","post_parent":0,"guid":"http:\/\/dev.claret.cat\/editorial\/rosa-dels-vents\/","menu_order":0,"post_type":"editorial","post_mime_type":"","comment_count":"0","filter":"raw"}]},"aioseo_notices":[],"_links":{"self":[{"href":"https:\/\/www.claret.cat\/es\/wp-json\/wp\/v2\/product\/1094694","targetHints":{"allow":["GET"]}}],"collection":[{"href":"https:\/\/www.claret.cat\/es\/wp-json\/wp\/v2\/product"}],"about":[{"href":"https:\/\/www.claret.cat\/es\/wp-json\/wp\/v2\/types\/product"}],"wp:featuredmedia":[{"embeddable":true,"href":"https:\/\/www.claret.cat\/es\/wp-json\/wp\/v2\/media\/1095045"}],"wp:attachment":[{"href":"https:\/\/www.claret.cat\/es\/wp-json\/wp\/v2\/media?parent=1094694"}],"wp:term":[{"taxonomy":"product_brand","embeddable":true,"href":"https:\/\/www.claret.cat\/es\/wp-json\/wp\/v2\/product_brand?post=1094694"},{"taxonomy":"product_cat","embeddable":true,"href":"https:\/\/www.claret.cat\/es\/wp-json\/wp\/v2\/product_cat?post=1094694"},{"taxonomy":"product_tag","embeddable":true,"href":"https:\/\/www.claret.cat\/es\/wp-json\/wp\/v2\/product_tag?post=1094694"}],"curies":[{"name":"wp","href":"https:\/\/api.w.org\/{rel}","templated":true}]}}

<p>Un edifici que desafia Déu per enaltir l&#8221;home. Una ciutat destinada a governar el Mediterrani. La gran saga històrica sobre la València del segle XV. &#8216;Ferrándiz traça vincles amb Ken Follett i Ildefonso Falcones&#8217;.<br />La Vanguardia Amb una narrativa magistral i un procés de documentació impecable, Juan Francisco Ferrándiz traça, en aquesta novel·la, un retrat històric enlluernador i fa un homenatge a un edifici que amaga entre les seves pedres la gran història d&#8221;una ciutat, d&#8221;un poble i d&#8221;una revolució.  Segle XV. València s&#8221;ha convertit en la ciutat més pròspera del Mediterrani gràcies als mercaders que hi desembarquen provinents d&#8221;arreu del món. És per a ells que s&#8221;idea una de les obres arquitectòniques més espectaculars que s&#8221;hagi vist mai: la Llotja de la Seda. UNA CIUTAT EN LA SEVA ÈPOCA DAURADA Malgrat això, no tothom està d&#8221;acord en aixecar un temple per als mercaders, i no per a honorar Déu. La construcció es complica des de l&#8221;inici en un relat ple de misteri, corrupció i, fins i tot, assassinats: una perillosa confrontació entre aquells que accepten que la societat està canviant i aquells que volen que tot continuï igual. UNA FAMÍLIA DESTINADA A MARCAR LA HISTÒRIA El jove pedrer Joan Ibarra, que dirigirà les obres, i la seva dona Francesca que posseeix un do peculiar, hauran d&#8221;enfrontar-se als seus fantasmes del passat mentre protagonitzen un relat de venjança, passió i lluita de classes.</p>

<p>JUAN FRANCISCO FERRÁNDIZ</p>

JUAN FRANCISCO FERRÁNDIZ

Rústica
