{"id":1094697,"date":"2026-04-02T19:40:02","date_gmt":"2026-04-02T17:40:02","guid":{"rendered":"https:\/\/www.claret.cat\/llibre\/dieciocho-veranos-9788419910394\/"},"modified":"2026-04-07T14:30:26","modified_gmt":"2026-04-07T12:30:26","slug":"dieciocho-veranos-9788419910394","status":"publish","type":"product","link":"https:\/\/www.claret.cat\/es\/libro\/dieciocho-veranos-9788419910394\/","title":{"rendered":"DIECIOCHO VERANOS"},"content":{"rendered":"<p>Un cuento rimado sobre el amor m\u00e1s tierno, perfecto para regalar en el D\u00eda de la Madre o para dar la bienvenida a un nuevo miembro de la familia. Dieciocho veranos es un \u00e1lbum ilustrado que suena como una nana y que captura con belleza el v\u00ednculo eterno entre una madre y su hijo o hija. Una oda al amor m\u00e1s tierno, \u00fanico y universal. Con el texto rimado de Penny Harrison y las maravillosas ilustraciones de Leila Rudge, llega una historia que enternece todos los corazones, un c\u00e1lido abrazo desde el inicio de la infancia hasta el comienzo de la adultez. \u00bfQu\u00e9 encontrar\u00e1s en este libro? * Las vivencias de una madre con su hija, desde el d\u00eda que nace y el paso por su infancia hasta que se hace mayor. Dieciocho veranos juntas, y muchos m\u00e1s.<br \/>* Preciosas ilustraciones a todo color llenas de emoci\u00f3n y cari\u00f1o maternal.<br \/>* Una historia universal, llena de detalles con los que cada familia se sentir\u00e1 reconocida.<br \/>* Un libro perfecto para regalar y disfrutar en familia.<\/p>\n","protected":false},"excerpt":{"rendered":"<p>PENNY HARRISON<\/p>\n","protected":false},"featured_media":1095062,"template":"","meta":{"_acf_changed":false,"om_disable_all_campaigns":false,"rs_blank_template":"","rs_page_bg_color":"","slide_template_v7":"","inline_featured_image":false,"_monsterinsights_skip_tracking":false,"_monsterinsights_sitenote_active":false,"_monsterinsights_sitenote_note":"","_monsterinsights_sitenote_category":0},"product_brand":[],"product_cat":[132,362],"product_tag":[],"class_list":{"0":"post-1094697","1":"product","2":"type-product","3":"status-publish","4":"has-post-thumbnail","6":"product_cat-lectures-per-preadolescents-6-12-anys","7":"product_cat-libros-preadolescentes-6-12-anos","9":"first","10":"instock","11":"taxable","12":"shipping-taxable","13":"purchasable","14":"product-type-simple"},"acf":{"autor":"PENNY HARRISON","codart":"841991039","libros-coleccion":"","ediciones":"1","encuadernacion":"Carton\u00e9","fecha_de_publicacion":"01\/04\/2026","novedad":"1","paginas":"32","subtitulo":"EL TIEMPO VUELA, EL AMOR ES PARA SIEMPRE","orden":"0","portada":"0","idioma":"spa","booktrailer":"","resenas":"","editorial":[{"ID":294535,"post_author":"3","post_date":"2022-12-12 12:50:10","post_date_gmt":"2022-12-12 11:50:10","post_content":"","post_title":"B de Blok","post_excerpt":"","post_status":"publish","comment_status":"closed","ping_status":"closed","post_password":"","post_name":"b-de-blok","to_ping":"","pinged":"","post_modified":"2022-12-12 12:50:10","post_modified_gmt":"2022-12-12 11:50:10","post_content_filtered":"","post_parent":0,"guid":"http:\/\/dev.claret.cat\/editorial\/b-de-blok\/","menu_order":0,"post_type":"editorial","post_mime_type":"","comment_count":"0","filter":"raw"}]},"aioseo_notices":[],"_links":{"self":[{"href":"https:\/\/www.claret.cat\/es\/wp-json\/wp\/v2\/product\/1094697","targetHints":{"allow":["GET"]}}],"collection":[{"href":"https:\/\/www.claret.cat\/es\/wp-json\/wp\/v2\/product"}],"about":[{"href":"https:\/\/www.claret.cat\/es\/wp-json\/wp\/v2\/types\/product"}],"wp:featuredmedia":[{"embeddable":true,"href":"https:\/\/www.claret.cat\/es\/wp-json\/wp\/v2\/media\/1095062"}],"wp:attachment":[{"href":"https:\/\/www.claret.cat\/es\/wp-json\/wp\/v2\/media?parent=1094697"}],"wp:term":[{"taxonomy":"product_brand","embeddable":true,"href":"https:\/\/www.claret.cat\/es\/wp-json\/wp\/v2\/product_brand?post=1094697"},{"taxonomy":"product_cat","embeddable":true,"href":"https:\/\/www.claret.cat\/es\/wp-json\/wp\/v2\/product_cat?post=1094697"},{"taxonomy":"product_tag","embeddable":true,"href":"https:\/\/www.claret.cat\/es\/wp-json\/wp\/v2\/product_tag?post=1094697"}],"curies":[{"name":"wp","href":"https:\/\/api.w.org\/{rel}","templated":true}]}}

<p>Un cuento rimado sobre el amor más tierno, perfecto para regalar en el Día de la Madre o para dar la bienvenida a un nuevo miembro de la familia. Dieciocho veranos es un álbum ilustrado que suena como una nana y que captura con belleza el vínculo eterno entre una madre y su hijo o hija. Una oda al amor más tierno, único y universal. Con el texto rimado de Penny Harrison y las maravillosas ilustraciones de Leila Rudge, llega una historia que enternece todos los corazones, un cálido abrazo desde el inicio de la infancia hasta el comienzo de la adultez. ¿Qué encontrarás en este libro? * Las vivencias de una madre con su hija, desde el día que nace y el paso por su infancia hasta que se hace mayor. Dieciocho veranos juntas, y muchos más.<br />* Preciosas ilustraciones a todo color llenas de emoción y cariño maternal.<br />* Una historia universal, llena de detalles con los que cada familia se sentirá reconocida.<br />* Un libro perfecto para regalar y disfrutar en familia.</p>

Cartoné
