{"id":1094774,"date":"2026-04-07T10:11:12","date_gmt":"2026-04-07T08:11:12","guid":{"rendered":"https:\/\/www.claret.cat\/llibre\/de-gran-vull-ser-felic-4-9788448872847\/"},"modified":"2026-04-07T10:56:18","modified_gmt":"2026-04-07T08:56:18","slug":"de-gran-vull-ser-felic-4-9788448872847","status":"publish","type":"product","link":"https:\/\/www.claret.cat\/es\/libro\/de-gran-vull-ser-felic-4-9788448872847\/","title":{"rendered":"DE GRAN VULL SER&#8230; FELI\u00c7 4"},"content":{"rendered":"<p>Anna Morat\u00f3 torna a la seva s\u00e8rie de m\u00e9s \u00e8xit amb l\u2019esperad\u00edssim quart volum de la col\u00b7lecci\u00f3 De gran vull ser&#8230; feli\u00e7. Sis nous contes amb nous aprenentatges sobre la felicitat que ens acompanyaran tota la vida. Abans d&#8221;adonar-nos, els nostres fills i filles creixen i comencen a construir el seu propi cam\u00ed. I ho fan en un m\u00f3n ple de missatges que prometen la felicitat a trav\u00e9s de coses, assoliments i expectatives externes. Com acompanyar-los perqu\u00e8 aprenguin a orientar-se entre tantes veus?<br \/> En els primers t\u00edtols de la col\u00b7lecci\u00f3, Anna Morat\u00f3 acostava als m\u00e9s petits, mitjan\u00e7ant contes breus una idea essencial: la felicitat no est\u00e0 fora, sin\u00f3 dins d&#8221;un mateix. En aquest nou volum, fa un pas m\u00e9s enll\u00e0 i s&#8221;endinsa en aquest m\u00f3n interior, ajudant els nens a recon\u00e8ixer-lo, escoltar-lo i cuidar-lnecesso. Un aprenentatge clau perqu\u00e8, tant en l&#8221;adolesc\u00e8ncia com en la vida adulta, puguin construir una felicitat m\u00e9s conscient i duradora.<br \/> De gran vull ser&#8230; feli\u00e7 4 ofereix sis nous contes ideals per a llegir amb nens i nenes d&#8221;entre 4 i 8 anys, que aprofundeixen en els sis conceptes clau per a parlar de felicitat: <br \/>*El marcador \u00e9s un conte que convida a reflexionar sobre la mandra i la motivaci\u00f3, mostrant com cada dia podem decidir quina actitud deixem guanyar.<br \/> *La detectiva \u00e9s una hist\u00f2ria que ajuda a comprendre que, moltes vegades, qui fereix tamb\u00e9 est\u00e0 ferit, i que darrere d&#8221;unes certes conductes sempre hi ha una emoci\u00f3 que necessita ser escoltada.<br \/> *Els senyals \u00e9s un conte per a aprendre a posar l\u00edmits amb respecte i a expressar-se amb claredat, desenvolupant l&#8221;assertivitat des de l&#8221;empatia.<br \/> *Qu\u00e8 pescar\u00e0s avui? \u00c9s un conte sobre el poder de l&#8221;agra\u00efment i la mirada positiva, que ens recorda la import\u00e0ncia de valorar el que tenim cada dia.<br \/> *Ping Pong \u00e9s un conte que anima a deixar enrere les excuses i assumir la responsabilitat de les nostres pr\u00f2pies accions.<br \/> *A quin costat est\u00e0s? \u00c9s una invitaci\u00f3 a prendre consci\u00e8ncia de les petites decisions quotidianes que, a poc a poc, construeixen la nostra manera d&#8221;estar en el m\u00f3n.<\/p>\n<p>En cada conte es treballen diversos conceptes amb l&#8221;objectiu d&#8221;aprendre a usar-los perqu\u00e8 sumin i encaixin entre si.<br \/> Treballar valors en la inf\u00e0ncia \u00e9s clau perqu\u00e8 els m\u00e9s petits se sentin b\u00e9, i sentir-se b\u00e9 \u00e9s el primer pas perqu\u00e8 de majors puguin ser&#8230; FELI\u00c7OS<\/p>\n","protected":false},"excerpt":{"rendered":"<p>ANNA MORAT\u00d3 GARC\u00cdA<\/p>\n","protected":false},"featured_media":1094775,"template":"","meta":{"_acf_changed":false,"om_disable_all_campaigns":false,"rs_blank_template":"","rs_page_bg_color":"","slide_template_v7":"","inline_featured_image":false,"_monsterinsights_skip_tracking":false,"_monsterinsights_sitenote_active":false,"_monsterinsights_sitenote_note":"","_monsterinsights_sitenote_category":0},"product_brand":[],"product_cat":[131,361],"product_tag":[],"class_list":{"0":"post-1094774","1":"product","2":"type-product","3":"status-publish","4":"has-post-thumbnail","6":"product_cat-contes-per-infants-0-6-anys","7":"product_cat-cuentos-para-ninos-0-6-anos","9":"first","10":"instock","11":"taxable","12":"shipping-taxable","13":"purchasable","14":"product-type-simple"},"acf":{"autor":"ANNA MORAT\u00d3 GARC\u00cdA","codart":"844887284","libros-coleccion":"","ediciones":"1","encuadernacion":"Carton\u00e9","fecha_de_publicacion":"01\/04\/2026","novedad":"1","paginas":"0","subtitulo":"6 CONTES PER POTENCIAR LA POSITIVITAT I L''AUTOESTIMA DELS NENS","orden":"0","portada":"0","idioma":"cat","booktrailer":"","resenas":"","editorial":[{"ID":6141,"post_author":"3","post_date":"2022-07-28 17:45:46","post_date_gmt":"2022-07-28 15:45:46","post_content":"","post_title":"BEASCOA","post_excerpt":"","post_status":"publish","comment_status":"closed","ping_status":"closed","post_password":"","post_name":"beascoa","to_ping":"","pinged":"","post_modified":"2022-07-28 17:45:46","post_modified_gmt":"2022-07-28 15:45:46","post_content_filtered":"","post_parent":0,"guid":"http:\/\/dev.claret.cat\/editorial\/beascoa\/","menu_order":0,"post_type":"editorial","post_mime_type":"","comment_count":"0","filter":"raw"}]},"aioseo_notices":[],"_links":{"self":[{"href":"https:\/\/www.claret.cat\/es\/wp-json\/wp\/v2\/product\/1094774","targetHints":{"allow":["GET"]}}],"collection":[{"href":"https:\/\/www.claret.cat\/es\/wp-json\/wp\/v2\/product"}],"about":[{"href":"https:\/\/www.claret.cat\/es\/wp-json\/wp\/v2\/types\/product"}],"wp:featuredmedia":[{"embeddable":true,"href":"https:\/\/www.claret.cat\/es\/wp-json\/wp\/v2\/media\/1094775"}],"wp:attachment":[{"href":"https:\/\/www.claret.cat\/es\/wp-json\/wp\/v2\/media?parent=1094774"}],"wp:term":[{"taxonomy":"product_brand","embeddable":true,"href":"https:\/\/www.claret.cat\/es\/wp-json\/wp\/v2\/product_brand?post=1094774"},{"taxonomy":"product_cat","embeddable":true,"href":"https:\/\/www.claret.cat\/es\/wp-json\/wp\/v2\/product_cat?post=1094774"},{"taxonomy":"product_tag","embeddable":true,"href":"https:\/\/www.claret.cat\/es\/wp-json\/wp\/v2\/product_tag?post=1094774"}],"curies":[{"name":"wp","href":"https:\/\/api.w.org\/{rel}","templated":true}]}}

DE GRAN VULL SER&#8230; FELIÇ 4

<p>Anna Morató torna a la seva sèrie de més èxit amb l’esperadíssim quart volum de la col·lecció De gran vull ser&#8230; feliç. Sis nous contes amb nous aprenentatges sobre la felicitat que ens acompanyaran tota la vida. Abans d&#8221;adonar-nos, els nostres fills i filles creixen i comencen a construir el seu propi camí. I ho fan en un món ple de missatges que prometen la felicitat a través de coses, assoliments i expectatives externes. Com acompanyar-los perquè aprenguin a orientar-se entre tantes veus?<br /> En els primers títols de la col·lecció, Anna Morató acostava als més petits, mitjançant contes breus una idea essencial: la felicitat no està fora, sinó dins d&#8221;un mateix. En aquest nou volum, fa un pas més enllà i s&#8221;endinsa en aquest món interior, ajudant els nens a reconèixer-lo, escoltar-lo i cuidar-lnecesso. Un aprenentatge clau perquè, tant en l&#8221;adolescència com en la vida adulta, puguin construir una felicitat més conscient i duradora.<br /> De gran vull ser&#8230; feliç 4 ofereix sis nous contes ideals per a llegir amb nens i nenes d&#8221;entre 4 i 8 anys, que aprofundeixen en els sis conceptes clau per a parlar de felicitat: <br />*El marcador és un conte que convida a reflexionar sobre la mandra i la motivació, mostrant com cada dia podem decidir quina actitud deixem guanyar.<br /> *La detectiva és una història que ajuda a comprendre que, moltes vegades, qui fereix també està ferit, i que darrere d&#8221;unes certes conductes sempre hi ha una emoció que necessita ser escoltada.<br /> *Els senyals és un conte per a aprendre a posar límits amb respecte i a expressar-se amb claredat, desenvolupant l&#8221;assertivitat des de l&#8221;empatia.<br /> *Què pescaràs avui? És un conte sobre el poder de l&#8221;agraïment i la mirada positiva, que ens recorda la importància de valorar el que tenim cada dia.<br /> *Ping Pong és un conte que anima a deixar enrere les excuses i assumir la responsabilitat de les nostres pròpies accions.<br /> *A quin costat estàs? És una invitació a prendre consciència de les petites decisions quotidianes que, a poc a poc, construeixen la nostra manera d&#8221;estar en el món.</p>
<p>En cada conte es treballen diversos conceptes amb l&#8221;objectiu d&#8221;aprendre a usar-los perquè sumin i encaixin entre si.<br /> Treballar valors en la infància és clau perquè els més petits se sentin bé, i sentir-se bé és el primer pas perquè de majors puguin ser&#8230; FELIÇOS</p>

<p>ANNA MORATÓ GARCÍA</p>

ANNA MORATÓ GARCÍA

Cartoné
