{"id":1094787,"date":"2026-04-07T10:15:03","date_gmt":"2026-04-07T08:15:03","guid":{"rendered":"https:\/\/www.claret.cat\/llibre\/el-diario-de-wiska-1-mi-vida-en-el-cole-9791387741310\/"},"modified":"2026-04-07T10:52:54","modified_gmt":"2026-04-07T08:52:54","slug":"el-diario-de-wiska-1-mi-vida-en-el-cole-9791387741310","status":"publish","type":"product","link":"https:\/\/www.claret.cat\/es\/libro\/el-diario-de-wiska-1-mi-vida-en-el-cole-9791387741310\/","title":{"rendered":"EL DIARIO DE WISKA 1 &#8211; MI VIDA EN EL COLE"},"content":{"rendered":"<p>Grandes secretos y algo de magia diminuta te esperan en El diario de Wiska, la nueva serie de la autora de Isadora Moon. \u00a1Hola! Me llamo Wiska y\u2026 \u00a1soy diminuta! Mi familia y yo nos hemos mudado a la otra punta del Bosque de Wiskling. Lo mejor es que he podido decorar mi nueva habitaci\u00f3n. \u00a1Incluso he personalizado el uniforme de mi nuevo cole! Ojal\u00e1 mi mejor amiga Luna estuviese aqu\u00ed. Al menos he hecho dos nuevas amigas en clase: Cloe y Prim. Las dos son muy guays y les encanta la moda. Aunque a veces dicen cosas que no me gustan\u2026 \u00a1Te lo cuento todo en mi diario! Vive la magia y un mont\u00f3n de l\u00edos con la nueva serie de primeras lecturas m\u00e1s especial: &#8211; Cap\u00edtulos cortos y textos f\u00e1ciles de leer. Ideal para ni\u00f1as a partir de 7 a\u00f1os. &#8211; Detalles m\u00e1gicos y preciosas ilustraciones en cada p\u00e1gina. \u00a1Y a todo color! &#8211; De Harriet Muncaster, creadora de Isadora Moon, serie bestseller con m\u00e1s de 2 millones de libros vendidos en Espa\u00f1a. &#8211; Historias preciosas llenas de fantas\u00eda pero tambi\u00e9n de valores como la amistad y el respeto. \u00a1Entra en el maravilloso mundo de Wiska!<\/p>\n","protected":false},"excerpt":{"rendered":"<p>HARRIET MUNCASTER<\/p>\n","protected":false},"featured_media":1094788,"template":"","meta":{"_acf_changed":false,"om_disable_all_campaigns":false,"rs_blank_template":"","rs_page_bg_color":"","slide_template_v7":"","inline_featured_image":false,"_monsterinsights_skip_tracking":false,"_monsterinsights_sitenote_active":false,"_monsterinsights_sitenote_note":"","_monsterinsights_sitenote_category":0},"product_brand":[],"product_cat":[131,361],"product_tag":[],"class_list":{"0":"post-1094787","1":"product","2":"type-product","3":"status-publish","4":"has-post-thumbnail","6":"product_cat-contes-per-infants-0-6-anys","7":"product_cat-cuentos-para-ninos-0-6-anos","9":"first","10":"instock","11":"taxable","12":"shipping-taxable","13":"purchasable","14":"product-type-simple"},"acf":{"autor":"HARRIET MUNCASTER","codart":"138774131","libros-coleccion":"","ediciones":"1","encuadernacion":"R\u00fastica","fecha_de_publicacion":"01\/04\/2026","novedad":"1","paginas":"0","subtitulo":"","orden":"0","portada":"0","idioma":"spa","booktrailer":"","resenas":"","editorial":[{"ID":6118,"post_author":"3","post_date":"2022-07-28 17:45:17","post_date_gmt":"2022-07-28 15:45:17","post_content":"","post_title":"ALFAGUARA","post_excerpt":"","post_status":"publish","comment_status":"closed","ping_status":"closed","post_password":"","post_name":"alfaguara","to_ping":"","pinged":"","post_modified":"2022-07-28 17:45:17","post_modified_gmt":"2022-07-28 15:45:17","post_content_filtered":"","post_parent":0,"guid":"http:\/\/dev.claret.cat\/editorial\/alfaguara\/","menu_order":0,"post_type":"editorial","post_mime_type":"","comment_count":"0","filter":"raw"}]},"aioseo_notices":[],"_links":{"self":[{"href":"https:\/\/www.claret.cat\/es\/wp-json\/wp\/v2\/product\/1094787","targetHints":{"allow":["GET"]}}],"collection":[{"href":"https:\/\/www.claret.cat\/es\/wp-json\/wp\/v2\/product"}],"about":[{"href":"https:\/\/www.claret.cat\/es\/wp-json\/wp\/v2\/types\/product"}],"wp:featuredmedia":[{"embeddable":true,"href":"https:\/\/www.claret.cat\/es\/wp-json\/wp\/v2\/media\/1094788"}],"wp:attachment":[{"href":"https:\/\/www.claret.cat\/es\/wp-json\/wp\/v2\/media?parent=1094787"}],"wp:term":[{"taxonomy":"product_brand","embeddable":true,"href":"https:\/\/www.claret.cat\/es\/wp-json\/wp\/v2\/product_brand?post=1094787"},{"taxonomy":"product_cat","embeddable":true,"href":"https:\/\/www.claret.cat\/es\/wp-json\/wp\/v2\/product_cat?post=1094787"},{"taxonomy":"product_tag","embeddable":true,"href":"https:\/\/www.claret.cat\/es\/wp-json\/wp\/v2\/product_tag?post=1094787"}],"curies":[{"name":"wp","href":"https:\/\/api.w.org\/{rel}","templated":true}]}}

<p>Grandes secretos y algo de magia diminuta te esperan en El diario de Wiska, la nueva serie de la autora de Isadora Moon. ¡Hola! Me llamo Wiska y… ¡soy diminuta! Mi familia y yo nos hemos mudado a la otra punta del Bosque de Wiskling. Lo mejor es que he podido decorar mi nueva habitación. ¡Incluso he personalizado el uniforme de mi nuevo cole! Ojalá mi mejor amiga Luna estuviese aquí. Al menos he hecho dos nuevas amigas en clase: Cloe y Prim. Las dos son muy guays y les encanta la moda. Aunque a veces dicen cosas que no me gustan… ¡Te lo cuento todo en mi diario! Vive la magia y un montón de líos con la nueva serie de primeras lecturas más especial: &#8211; Capítulos cortos y textos fáciles de leer. Ideal para niñas a partir de 7 años. &#8211; Detalles mágicos y preciosas ilustraciones en cada página. ¡Y a todo color! &#8211; De Harriet Muncaster, creadora de Isadora Moon, serie bestseller con más de 2 millones de libros vendidos en España. &#8211; Historias preciosas llenas de fantasía pero también de valores como la amistad y el respeto. ¡Entra en el maravilloso mundo de Wiska!</p>

Rústica
