{"id":1094813,"date":"2026-04-07T10:20:48","date_gmt":"2026-04-07T08:20:48","guid":{"rendered":"https:\/\/www.claret.cat\/llibre\/kpop-demon-hunters-mi-diario-golden-9791387973377\/"},"modified":"2026-04-24T16:50:38","modified_gmt":"2026-04-24T14:50:38","slug":"kpop-demon-hunters-mi-diario-golden-9791387973377","status":"publish","type":"product","link":"https:\/\/www.claret.cat\/es\/libro\/kpop-demon-hunters-mi-diario-golden-9791387973377\/","title":{"rendered":"KPOP DEMON HUNTERS: MI DIARIO GOLDEN"},"content":{"rendered":"<p>Sum\u00e9rgete en un diario de actividades protagonizado por los inolvidables personajes de la pel\u00edcula animada de \u00e9xito de Netflix KPop Demon Hunters: diversi\u00f3n e inspiraci\u00f3n aseguradas para fans de todas las edades. Escribe, dibuja y da rienda suelta a tu creatividad en este diario protagonizado por tus \u00eddolos favoritos del k-pop de KPop Demon Hunters. \u00a1Descubre otros libros del universo KPop Demon Hunters! \u00bfQUE TIENE KPOP DEMON HUNTERS? \u2022 M\u00e1s de 325 millones de visualizaciones en 90 d\u00edas, convirti\u00e9ndose en el estreno m\u00e1s visto en la historia de Netflix. \u2022 10 semanas consecutivas en el puesto #1 global de la plataforma. \u2022 La banda sonora acumula m\u00e1s de 100 millones de oyentes mensuales, convirti\u00e9ndose en el segundo disco m\u00e1s escuchado de 2025. \u2022 La canci\u00f3n &#8216;Golden&#8217; ha superado los 1350 millones de reproducciones en Spotify. \u2022 Globo de oro a la mejor pel\u00edcula de animaci\u00f3n y a la mejor canci\u00f3n original.<\/p>\n","protected":false},"excerpt":{"rendered":"<p>NETFLIX<\/p>\n","protected":false},"featured_media":1094814,"template":"","meta":{"_acf_changed":false,"om_disable_all_campaigns":false,"rs_blank_template":"","rs_page_bg_color":"","slide_template_v7":"","inline_featured_image":false,"_monsterinsights_skip_tracking":false,"_monsterinsights_sitenote_active":false,"_monsterinsights_sitenote_note":"","_monsterinsights_sitenote_category":0},"product_brand":[],"product_cat":[132,362],"product_tag":[],"class_list":{"0":"post-1094813","1":"product","2":"type-product","3":"status-publish","4":"has-post-thumbnail","6":"product_cat-lectures-per-preadolescents-6-12-anys","7":"product_cat-libros-preadolescentes-6-12-anos","9":"first","10":"instock","11":"taxable","12":"shipping-taxable","13":"purchasable","14":"product-type-simple"},"acf":{"autor":"NETFLIX","codart":"138797337","libros-coleccion":"","ediciones":"1","encuadernacion":"Carton\u00e9","fecha_de_publicacion":"01\/04\/2026","novedad":"1","paginas":"0","subtitulo":"DIARIO OFICIAL","orden":"0","portada":"0","idioma":"spa","booktrailer":"","resenas":"","editorial":[{"ID":6310,"post_author":"3","post_date":"2022-07-28 17:49:26","post_date_gmt":"2022-07-28 15:49:26","post_content":"","post_title":"MONTENA","post_excerpt":"","post_status":"publish","comment_status":"closed","ping_status":"closed","post_password":"","post_name":"montena","to_ping":"","pinged":"","post_modified":"2022-07-28 17:49:26","post_modified_gmt":"2022-07-28 15:49:26","post_content_filtered":"","post_parent":0,"guid":"http:\/\/dev.claret.cat\/editorial\/montena\/","menu_order":0,"post_type":"editorial","post_mime_type":"","comment_count":"0","filter":"raw"}]},"aioseo_notices":[],"_links":{"self":[{"href":"https:\/\/www.claret.cat\/es\/wp-json\/wp\/v2\/product\/1094813","targetHints":{"allow":["GET"]}}],"collection":[{"href":"https:\/\/www.claret.cat\/es\/wp-json\/wp\/v2\/product"}],"about":[{"href":"https:\/\/www.claret.cat\/es\/wp-json\/wp\/v2\/types\/product"}],"wp:featuredmedia":[{"embeddable":true,"href":"https:\/\/www.claret.cat\/es\/wp-json\/wp\/v2\/media\/1094814"}],"wp:attachment":[{"href":"https:\/\/www.claret.cat\/es\/wp-json\/wp\/v2\/media?parent=1094813"}],"wp:term":[{"taxonomy":"product_brand","embeddable":true,"href":"https:\/\/www.claret.cat\/es\/wp-json\/wp\/v2\/product_brand?post=1094813"},{"taxonomy":"product_cat","embeddable":true,"href":"https:\/\/www.claret.cat\/es\/wp-json\/wp\/v2\/product_cat?post=1094813"},{"taxonomy":"product_tag","embeddable":true,"href":"https:\/\/www.claret.cat\/es\/wp-json\/wp\/v2\/product_tag?post=1094813"}],"curies":[{"name":"wp","href":"https:\/\/api.w.org\/{rel}","templated":true}]}}

<p>Sumérgete en un diario de actividades protagonizado por los inolvidables personajes de la película animada de éxito de Netflix KPop Demon Hunters: diversión e inspiración aseguradas para fans de todas las edades. Escribe, dibuja y da rienda suelta a tu creatividad en este diario protagonizado por tus ídolos favoritos del k-pop de KPop Demon Hunters. ¡Descubre otros libros del universo KPop Demon Hunters! ¿QUE TIENE KPOP DEMON HUNTERS? • Más de 325 millones de visualizaciones en 90 días, convirtiéndose en el estreno más visto en la historia de Netflix. • 10 semanas consecutivas en el puesto #1 global de la plataforma. • La banda sonora acumula más de 100 millones de oyentes mensuales, convirtiéndose en el segundo disco más escuchado de 2025. • La canción &#8216;Golden&#8217; ha superado los 1350 millones de reproducciones en Spotify. • Globo de oro a la mejor película de animación y a la mejor canción original.</p>

Cartoné
