{"id":1094823,"date":"2026-04-07T10:25:16","date_gmt":"2026-04-07T08:25:16","guid":{"rendered":"https:\/\/www.claret.cat\/llibre\/lerugueta-golafre-la-meva-primera-enciclopedia-de-locea-9780241788509\/"},"modified":"2026-04-07T15:45:17","modified_gmt":"2026-04-07T13:45:17","slug":"lerugueta-golafre-la-meva-primera-enciclopedia-de-locea-9780241788509","status":"publish","type":"product","link":"https:\/\/www.claret.cat\/es\/libro\/lerugueta-golafre-la-meva-primera-enciclopedia-de-locea-9780241788509\/","title":{"rendered":"L&#8217;ERUGUETA GOLAFRE: LA MEVA PRIMERA ENCICLOP\u00c8DIA DE L&#8221;OCE\u00c0"},"content":{"rendered":"<p>Capbussa\u2019t en un viatge incre\u00efble amb l\u2019erugueta goluda i descobreix les meravelles que s\u2019amaguen a les profunditats dels oceans Amb les il\u00b7lustracions caracter\u00edstiques del m\u00f3n d&#8221;Eric Carle, centenars de fotografies espectaculars i diagrames i textos amens i f\u00e0cils d\u2019entendre, els nens aprendran tot de dades i curiositats sorprenents sobre els oceans i els animals que hi habiten. Descobriran tota mena de criatures marines, des d\u2019enormes taurons fins a esculls de corall, i entendran com funcionen les marees i els corrents marins. A m\u00e9s, aprendran els efectes de la contaminaci\u00f3 i la import\u00e0ncia de tenir cura dels oceans del nostre planeta. Un llibre imprescindible per als fans m\u00e9s menuts de l\u2019erugueta golafre.<\/p>\n","protected":false},"excerpt":{"rendered":"<p>DK<\/p>\n","protected":false},"featured_media":1095082,"template":"","meta":{"_acf_changed":false,"om_disable_all_campaigns":false,"rs_blank_template":"","rs_page_bg_color":"","slide_template_v7":"","inline_featured_image":false,"_monsterinsights_skip_tracking":false,"_monsterinsights_sitenote_active":false,"_monsterinsights_sitenote_note":"","_monsterinsights_sitenote_category":0},"product_brand":[],"product_cat":[131,361],"product_tag":[],"class_list":{"0":"post-1094823","1":"product","2":"type-product","3":"status-publish","4":"has-post-thumbnail","6":"product_cat-contes-per-infants-0-6-anys","7":"product_cat-cuentos-para-ninos-0-6-anos","9":"first","10":"instock","11":"taxable","12":"shipping-taxable","13":"purchasable","14":"product-type-simple"},"acf":{"autor":"DK","codart":"024178850","libros-coleccion":"","ediciones":"1","encuadernacion":"Carton\u00e9","fecha_de_publicacion":"01\/04\/2026","novedad":"1","paginas":"224","subtitulo":"DESCOBREIX TOT EL QUE VOLS SABER... I MOLT M\u00c9S!","orden":"0","portada":"0","idioma":"cat","booktrailer":"","resenas":"","editorial":[{"ID":6186,"post_author":"3","post_date":"2022-07-28 17:46:45","post_date_gmt":"2022-07-28 15:46:45","post_content":"","post_title":"DK","post_excerpt":"","post_status":"publish","comment_status":"closed","ping_status":"closed","post_password":"","post_name":"dk","to_ping":"","pinged":"","post_modified":"2022-07-28 17:46:45","post_modified_gmt":"2022-07-28 15:46:45","post_content_filtered":"","post_parent":0,"guid":"http:\/\/dev.claret.cat\/editorial\/dk\/","menu_order":0,"post_type":"editorial","post_mime_type":"","comment_count":"0","filter":"raw"}]},"aioseo_notices":[],"_links":{"self":[{"href":"https:\/\/www.claret.cat\/es\/wp-json\/wp\/v2\/product\/1094823","targetHints":{"allow":["GET"]}}],"collection":[{"href":"https:\/\/www.claret.cat\/es\/wp-json\/wp\/v2\/product"}],"about":[{"href":"https:\/\/www.claret.cat\/es\/wp-json\/wp\/v2\/types\/product"}],"wp:featuredmedia":[{"embeddable":true,"href":"https:\/\/www.claret.cat\/es\/wp-json\/wp\/v2\/media\/1095082"}],"wp:attachment":[{"href":"https:\/\/www.claret.cat\/es\/wp-json\/wp\/v2\/media?parent=1094823"}],"wp:term":[{"taxonomy":"product_brand","embeddable":true,"href":"https:\/\/www.claret.cat\/es\/wp-json\/wp\/v2\/product_brand?post=1094823"},{"taxonomy":"product_cat","embeddable":true,"href":"https:\/\/www.claret.cat\/es\/wp-json\/wp\/v2\/product_cat?post=1094823"},{"taxonomy":"product_tag","embeddable":true,"href":"https:\/\/www.claret.cat\/es\/wp-json\/wp\/v2\/product_tag?post=1094823"}],"curies":[{"name":"wp","href":"https:\/\/api.w.org\/{rel}","templated":true}]}}

L&#8217;ERUGUETA GOLAFRE: LA MEVA PRIMERA ENCICLOPÈDIA DE L&#8221;OCEÀ

<p>Capbussa’t en un viatge increïble amb l’erugueta goluda i descobreix les meravelles que s’amaguen a les profunditats dels oceans Amb les il·lustracions característiques del món d&#8221;Eric Carle, centenars de fotografies espectaculars i diagrames i textos amens i fàcils d’entendre, els nens aprendran tot de dades i curiositats sorprenents sobre els oceans i els animals que hi habiten. Descobriran tota mena de criatures marines, des d’enormes taurons fins a esculls de corall, i entendran com funcionen les marees i els corrents marins. A més, aprendran els efectes de la contaminació i la importància de tenir cura dels oceans del nostre planeta. Un llibre imprescindible per als fans més menuts de l’erugueta golafre.</p>

Cartoné

DESCOBREIX TOT EL QUE VOLS SABER... I MOLT MÉS!
