{"id":1094860,"date":"2026-04-07T10:35:59","date_gmt":"2026-04-07T08:35:59","guid":{"rendered":"https:\/\/www.claret.cat\/llibre\/la-obra-9788403526457\/"},"modified":"2026-04-07T10:53:55","modified_gmt":"2026-04-07T08:53:55","slug":"la-obra-9788403526457","status":"publish","type":"product","link":"https:\/\/www.claret.cat\/es\/libro\/la-obra-9788403526457\/","title":{"rendered":"LA OBRA"},"content":{"rendered":"<p>Un libro que rompe el silencio. Una voz narrativa \u00fanica que describe desde dentro y con iron\u00eda las din\u00e1micas de poder de esta organizaci\u00f3n. Marina tiene un papel asignado desde la Eternidad: hacerse santa seg\u00fan las directrices del Opus Dei y entregarse totalmente a la instituci\u00f3n. Sin embargo, para esta joven no es f\u00e1cil compatibilizar el celibato y las estrictas exigencias de su vocaci\u00f3n divina con los problemas de cualquier otra milenial: la crisis de la adolescencia, la precariedad laboral y una necesidad imperiosa de conseguir el corte de pelo exacto de Meg Ryan. Nacida en una familia vinculada a la organizaci\u00f3n, la protagonista de La Obra descubre el mundo que la rodea desde una mirada inocente, pero, a medida que crece y se intensifican los choques entre el mundo exterior y sus creencias, su personalidad va disoci\u00e1ndose entre su yo real y su yo Opus, oblig\u00e1ndola a vivir entre dos mundos irreconciliables. En este relato inici\u00e1tico de no ficci\u00f3n narrativa la autora retrata en primera persona c\u00f3mo funciona el Opus Dei desde dentro a trav\u00e9s de episodios cotidianos y muestra con iron\u00eda la manipulaci\u00f3n, el abuso psicol\u00f3gico y las consecuencias de su experiencia de veinticinco a\u00f1os inmersa en el ecosistema de este grupo ultracat\u00f3lico. *** \u00abLa numeraria te anima a que animes a que tus amigas vayan al club y te anima a rezar m\u00e1s, luchar m\u00e1s, esforzarte m\u00e1s y apuntar tus pecados de ni\u00f1a en una libreta. (&#8230;) Mi agendita de los diez u once a\u00f1os tiene a Winnie The Pooh con su famoso tarro de miel en la portada. (&#8230;) Cuando pap\u00e1 trae miel de Ahedo del Butr\u00f3n, el pueblo de Burgos donde pasamos los veranos, me relamo como Winnie. Luego, hago el examen de conciencia de la noche sentada en mi cama y anoto que &#8216;he tenido gula&#8217; porque me he comido tres panes con miel para merendar, en lugar de los dos que hab\u00eda prometido a Jes\u00fas. No solo me voy a poner gorda, que no es tan importante (al fin y al cabo, eso ser\u00eda vanidad), sino que he fallado a Dios en esa peque\u00f1a, tan peque\u00f1a mortificaci\u00f3n que podr\u00eda hacer a mis diez a\u00f1os para colaborar con la redenci\u00f3n. Las numerarias del club no eran terror\u00edficas, ni mucho menos. Eran chicas de entre veinte y treinta a\u00f1os, c\u00e9libes y pizpiretas, que dedicaban sus tardes a hacer planes para nosotras: eran lo que yo aspiraba a ser, eran lo que Dios les hab\u00eda pedido que fueran, y aunque hab\u00edan entregado su vida a Dios no se parec\u00edan a las monjas, sino que su estilo era m\u00e1s parecido al de Mar\u00eda Pombo\u00bb.<\/p>\n","protected":false},"excerpt":{"rendered":"<p>MARINA PEREDA<\/p>\n","protected":false},"featured_media":1094861,"template":"","meta":{"_acf_changed":false,"om_disable_all_campaigns":false,"rs_blank_template":"","rs_page_bg_color":"","slide_template_v7":"","inline_featured_image":false,"_monsterinsights_skip_tracking":false,"_monsterinsights_sitenote_active":false,"_monsterinsights_sitenote_note":"","_monsterinsights_sitenote_category":0},"product_brand":[],"product_cat":[90,540],"product_tag":[],"class_list":{"0":"post-1094860","1":"product","2":"type-product","3":"status-publish","4":"has-post-thumbnail","6":"product_cat-altres","7":"product_cat-otros","9":"first","10":"instock","11":"taxable","12":"shipping-taxable","13":"purchasable","14":"product-type-simple"},"acf":{"autor":"MARINA PEREDA","codart":"840352645","libros-coleccion":"","ediciones":"1","encuadernacion":"R\u00fastica","fecha_de_publicacion":"01\/04\/2026","novedad":"1","paginas":"0","subtitulo":"MEMORIAS DIVINAS Y HUMANAS DE UNA CHICA EN EL OPUS DEI","orden":"0","portada":"0","idioma":"spa","booktrailer":"","resenas":"","editorial":[{"ID":6113,"post_author":"3","post_date":"2022-07-28 17:45:10","post_date_gmt":"2022-07-28 15:45:10","post_content":"","post_title":"AGUILAR","post_excerpt":"","post_status":"publish","comment_status":"closed","ping_status":"closed","post_password":"","post_name":"aguilar","to_ping":"","pinged":"","post_modified":"2022-07-28 17:45:10","post_modified_gmt":"2022-07-28 15:45:10","post_content_filtered":"","post_parent":0,"guid":"http:\/\/dev.claret.cat\/editorial\/aguilar\/","menu_order":0,"post_type":"editorial","post_mime_type":"","comment_count":"0","filter":"raw"}]},"aioseo_notices":[],"_links":{"self":[{"href":"https:\/\/www.claret.cat\/es\/wp-json\/wp\/v2\/product\/1094860","targetHints":{"allow":["GET"]}}],"collection":[{"href":"https:\/\/www.claret.cat\/es\/wp-json\/wp\/v2\/product"}],"about":[{"href":"https:\/\/www.claret.cat\/es\/wp-json\/wp\/v2\/types\/product"}],"wp:featuredmedia":[{"embeddable":true,"href":"https:\/\/www.claret.cat\/es\/wp-json\/wp\/v2\/media\/1094861"}],"wp:attachment":[{"href":"https:\/\/www.claret.cat\/es\/wp-json\/wp\/v2\/media?parent=1094860"}],"wp:term":[{"taxonomy":"product_brand","embeddable":true,"href":"https:\/\/www.claret.cat\/es\/wp-json\/wp\/v2\/product_brand?post=1094860"},{"taxonomy":"product_cat","embeddable":true,"href":"https:\/\/www.claret.cat\/es\/wp-json\/wp\/v2\/product_cat?post=1094860"},{"taxonomy":"product_tag","embeddable":true,"href":"https:\/\/www.claret.cat\/es\/wp-json\/wp\/v2\/product_tag?post=1094860"}],"curies":[{"name":"wp","href":"https:\/\/api.w.org\/{rel}","templated":true}]}}

<p>Un libro que rompe el silencio. Una voz narrativa única que describe desde dentro y con ironía las dinámicas de poder de esta organización. Marina tiene un papel asignado desde la Eternidad: hacerse santa según las directrices del Opus Dei y entregarse totalmente a la institución. Sin embargo, para esta joven no es fácil compatibilizar el celibato y las estrictas exigencias de su vocación divina con los problemas de cualquier otra milenial: la crisis de la adolescencia, la precariedad laboral y una necesidad imperiosa de conseguir el corte de pelo exacto de Meg Ryan. Nacida en una familia vinculada a la organización, la protagonista de La Obra descubre el mundo que la rodea desde una mirada inocente, pero, a medida que crece y se intensifican los choques entre el mundo exterior y sus creencias, su personalidad va disociándose entre su yo real y su yo Opus, obligándola a vivir entre dos mundos irreconciliables. En este relato iniciático de no ficción narrativa la autora retrata en primera persona cómo funciona el Opus Dei desde dentro a través de episodios cotidianos y muestra con ironía la manipulación, el abuso psicológico y las consecuencias de su experiencia de veinticinco años inmersa en el ecosistema de este grupo ultracatólico. *** «La numeraria te anima a que animes a que tus amigas vayan al club y te anima a rezar más, luchar más, esforzarte más y apuntar tus pecados de niña en una libreta. (&#8230;) Mi agendita de los diez u once años tiene a Winnie The Pooh con su famoso tarro de miel en la portada. (&#8230;) Cuando papá trae miel de Ahedo del Butrón, el pueblo de Burgos donde pasamos los veranos, me relamo como Winnie. Luego, hago el examen de conciencia de la noche sentada en mi cama y anoto que &#8216;he tenido gula&#8217; porque me he comido tres panes con miel para merendar, en lugar de los dos que había prometido a Jesús. No solo me voy a poner gorda, que no es tan importante (al fin y al cabo, eso sería vanidad), sino que he fallado a Dios en esa pequeña, tan pequeña mortificación que podría hacer a mis diez años para colaborar con la redención. Las numerarias del club no eran terroríficas, ni mucho menos. Eran chicas de entre veinte y treinta años, célibes y pizpiretas, que dedicaban sus tardes a hacer planes para nosotras: eran lo que yo aspiraba a ser, eran lo que Dios les había pedido que fueran, y aunque habían entregado su vida a Dios no se parecían a las monjas, sino que su estilo era más parecido al de María Pombo».</p>

Rústica
