{"id":1094967,"date":"2026-04-07T11:55:02","date_gmt":"2026-04-07T09:55:02","guid":{"rendered":"https:\/\/www.claret.cat\/llibre\/mai-mes-sera-dimecres-9788410009943\/"},"modified":"2026-04-07T12:28:33","modified_gmt":"2026-04-07T10:28:33","slug":"mai-mes-sera-dimecres-9788410009943","status":"publish","type":"product","link":"https:\/\/www.claret.cat\/es\/libro\/mai-mes-sera-dimecres-9788410009943\/","title":{"rendered":"MAI M\u00c9S SER\u00c0 DIMECRES"},"content":{"rendered":"<p>Una novel\u00b7la sobre el dol, la necessitat d&#8221;entendre els altres -i a un mateix- i el veritable significat d&#8221;estimar Tres germans. Tres maneres de viure, de callar, de retreure. Ja adults, davant del notari, escolten el testament del pare: el pis de Gr\u00e0cia repartit a parts iguals i l&#8221;Aur\u00e8lia com a \u00fanica hereva de la casa familiar a Guimer\u00e0. Amb aquest llegat inesperat a les mans, l&#8221;Aur\u00e8lia es pregunta quin \u00e9s el veritable sentit de ser una fam\u00edlia: acceptar la ranc\u00fania de la Gisela i la indifer\u00e8ncia d&#8221;en Guillem?, conviure amb la veu absent de la mare? Potser la fam\u00edlia \u00e9s sobretot el pare que ella ha cuidat i la filla que ha engendrat. Mai m\u00e9s ser\u00e0 dimecres desplega el passat i el present de l&#8221;Aur\u00e8lia Alzina Amat en cap\u00edtols concisos que fan aflorar contradiccions i flaqueses i ens parlen dels vincles familiars i de la recerca de la pr\u00f2pia identitat.<\/p>\n","protected":false},"excerpt":{"rendered":"<p>M\u00d2 BERTRAN<\/p>\n","protected":false},"featured_media":1094968,"template":"","meta":{"_acf_changed":false,"om_disable_all_campaigns":false,"rs_blank_template":"","rs_page_bg_color":"","slide_template_v7":"","inline_featured_image":false,"_monsterinsights_skip_tracking":false,"_monsterinsights_sitenote_active":false,"_monsterinsights_sitenote_note":"","_monsterinsights_sitenote_category":0},"product_brand":[],"product_cat":[127,357],"product_tag":[],"class_list":{"0":"post-1094967","1":"product","2":"type-product","3":"status-publish","4":"has-post-thumbnail","6":"product_cat-novella-contemporania","7":"product_cat-novela-contemporanea","9":"first","10":"instock","11":"taxable","12":"shipping-taxable","13":"purchasable","14":"product-type-simple"},"acf":{"autor":"M\u00d2 BERTRAN","codart":"841000994","libros-coleccion":"LES ALES ESTESES","ediciones":"1","encuadernacion":"R\u00fastica","fecha_de_publicacion":"01\/02\/2026","novedad":"1","paginas":"208","subtitulo":"","orden":"0","portada":"0","idioma":"cat","booktrailer":"","resenas":"","editorial":[{"ID":6278,"post_author":"3","post_date":"2022-07-28 17:48:46","post_date_gmt":"2022-07-28 15:48:46","post_content":"","post_title":"La Magrana","post_excerpt":"","post_status":"publish","comment_status":"closed","ping_status":"closed","post_password":"","post_name":"la-magrana","to_ping":"","pinged":"","post_modified":"2022-07-28 17:48:46","post_modified_gmt":"2022-07-28 15:48:46","post_content_filtered":"","post_parent":0,"guid":"http:\/\/dev.claret.cat\/editorial\/la-magrana\/","menu_order":0,"post_type":"editorial","post_mime_type":"","comment_count":"0","filter":"raw"}]},"aioseo_notices":[],"_links":{"self":[{"href":"https:\/\/www.claret.cat\/es\/wp-json\/wp\/v2\/product\/1094967","targetHints":{"allow":["GET"]}}],"collection":[{"href":"https:\/\/www.claret.cat\/es\/wp-json\/wp\/v2\/product"}],"about":[{"href":"https:\/\/www.claret.cat\/es\/wp-json\/wp\/v2\/types\/product"}],"wp:featuredmedia":[{"embeddable":true,"href":"https:\/\/www.claret.cat\/es\/wp-json\/wp\/v2\/media\/1094968"}],"wp:attachment":[{"href":"https:\/\/www.claret.cat\/es\/wp-json\/wp\/v2\/media?parent=1094967"}],"wp:term":[{"taxonomy":"product_brand","embeddable":true,"href":"https:\/\/www.claret.cat\/es\/wp-json\/wp\/v2\/product_brand?post=1094967"},{"taxonomy":"product_cat","embeddable":true,"href":"https:\/\/www.claret.cat\/es\/wp-json\/wp\/v2\/product_cat?post=1094967"},{"taxonomy":"product_tag","embeddable":true,"href":"https:\/\/www.claret.cat\/es\/wp-json\/wp\/v2\/product_tag?post=1094967"}],"curies":[{"name":"wp","href":"https:\/\/api.w.org\/{rel}","templated":true}]}}

MAI MÉS SERÀ DIMECRES

<p>Una novel·la sobre el dol, la necessitat d&#8221;entendre els altres -i a un mateix- i el veritable significat d&#8221;estimar Tres germans. Tres maneres de viure, de callar, de retreure. Ja adults, davant del notari, escolten el testament del pare: el pis de Gràcia repartit a parts iguals i l&#8221;Aurèlia com a única hereva de la casa familiar a Guimerà. Amb aquest llegat inesperat a les mans, l&#8221;Aurèlia es pregunta quin és el veritable sentit de ser una família: acceptar la rancúnia de la Gisela i la indiferència d&#8221;en Guillem?, conviure amb la veu absent de la mare? Potser la família és sobretot el pare que ella ha cuidat i la filla que ha engendrat. Mai més serà dimecres desplega el passat i el present de l&#8221;Aurèlia Alzina Amat en capítols concisos que fan aflorar contradiccions i flaqueses i ens parlen dels vincles familiars i de la recerca de la pròpia identitat.</p>

<p>MÒ BERTRAN</p>

MÒ BERTRAN

Rústica
