{"id":1094990,"date":"2026-04-07T12:45:51","date_gmt":"2026-04-07T10:45:51","guid":{"rendered":"https:\/\/www.claret.cat\/llibre\/els-secrets-de-la-musica-a-barcelona-9788412882391\/"},"modified":"2026-04-29T13:50:07","modified_gmt":"2026-04-29T11:50:07","slug":"els-secrets-de-la-musica-a-barcelona-9788412882391","status":"publish","type":"product","link":"https:\/\/www.claret.cat\/es\/libro\/els-secrets-de-la-musica-a-barcelona-9788412882391\/","title":{"rendered":"ELS SECRETS DE LA M\u00daSICA A BARCELONA"},"content":{"rendered":"<p>Relats sorprenents sobre compositors, instruments musicals, edificis, auditoris amb passat turbulent i tradicions populars perseguides.<br \/>Barcelona no nom\u00e9s es mira: s\u2019escolta. Darrere fa\u00e7anes, teatres, places i carrers s\u2019hi amaguen hist\u00f2ries musicals extraordin\u00e0ries que gaireb\u00e9 ning\u00fa no coneix. Sabies que la Novena de Beethoven es va cantar en catal\u00e0? Que Stravinsky va prometre escriure una sardana? Que Pau Casals va descobrir Bach en una botiga del carrer Ample? O que una \u00f2pera barcelonina no es va estrenar per culpa d\u2019una bomba al Liceu?<\/p>\n<p>Aquest llibre \u00e9s un viatge ple d\u2019an\u00e8cdotes, secrets, personatges il\u00b7lustres i episodis sorprenents que revelen la veritable banda sonora de la ciutat. De la m\u00fasica cl\u00e0ssica a la popular, dels grans auditoris als instruments m\u00e9s ins\u00f2lits, cada cap\u00edtol \u00e9s una descoberta. Rigor\u00f3s, \u00e0gil i ple de curiositats, \u00e9s una lectura irresistible per a mel\u00f2mans, barcelonins i lectors amb ganes de sorprendre\u2019s.<\/p>\n<p>Barcelona com no l\u2019has escoltada mai: Un recorregut per la cara oculta i sonora de la ciutat, ple d\u2019hist\u00f2ries sorprenents.<br \/>An\u00e8cdotes reals que semblen ficci\u00f3: Segrests musicals, bombes al Liceu, promeses de Stravinsky i descobertes decisives de Pau Casals.<br \/>Grans noms, connexions inesperades: Beethoven, Bach, Stravinsky, Mompou i molts altres vinculats a episodis barcelonins poc coneguts.<br \/>De la m\u00fasica cl\u00e0ssica al carrer: \u00d2pera, sardanes, bandes, campanes, cobles i instruments extraordinaris en un sol mapa narratiu.<br \/>Barcelona \u00e9s una ciutat amb una hist\u00f2ria musical tan rica com desconeguda. M\u00e9s enll\u00e0 dels grans concerts i dels noms famosos, hi ha un univers d\u2019episodis sorprenents, coincid\u00e8ncies improbables, estrenes accidentades, rivalitats, prohibicions, descobertes i petites grans revolucions sonores. Aquest llibre convida el lector a entrar-hi com qui obre una porta secreta: cap\u00edtol a cap\u00edtol, hist\u00f2ria a hist\u00f2ria.<\/p>\n<p>Hi trobarem compositors universals passant per la ciutat, m\u00fasics barcelonins que van triomfar arreu del m\u00f3n, instruments extraordinaris amagats en edificis inesperats, auditoris amb passat turbulent i tradicions populars que van ser perseguides o convertides en s\u00edmbol. Sabrem per qu\u00e8 Barcelona va cantar Beethoven en catal\u00e0, com es van viure les grans batalles oper\u00edstiques, quin paper van tenir les campanes en la formaci\u00f3 sonora d\u2019un compositor, o com una simple botiga de partitures va canviar la hist\u00f2ria de la interpretaci\u00f3 musical.<\/p>\n<p>El relat combina documentaci\u00f3 s\u00f2lida, mirada divulgativa i sentit narratiu. Cada pe\u00e7a est\u00e0 explicada amb claredat i tensi\u00f3 dram\u00e0tica, pensada perqu\u00e8 el lector aprengui i gaudeixi alhora. \u00c9s un llibre per llegir seguit o a glops, ideal tant per a experts com per a curiosos, tant per a m\u00fasics com per a lectors que simplement estimen Barcelona i volen descobrir-ne una dimensi\u00f3 nova.<\/p>\n","protected":false},"excerpt":{"rendered":"<p>PUERTAS ESTEVE, DAVID<\/p>\n","protected":false},"featured_media":1094991,"template":"","meta":{"_acf_changed":false,"om_disable_all_campaigns":false,"rs_blank_template":"","rs_page_bg_color":"","slide_template_v7":"","inline_featured_image":false,"_monsterinsights_skip_tracking":false,"_monsterinsights_sitenote_active":false,"_monsterinsights_sitenote_note":"","_monsterinsights_sitenote_category":0},"product_brand":[],"product_cat":[430,153,111,332],"product_tag":[],"class_list":{"0":"post-1094990","1":"product","2":"type-product","3":"status-publish","4":"has-post-thumbnail","6":"product_cat-cataluna","7":"product_cat-catalunya","8":"product_cat-musica","9":"product_cat-musica-4_escolar-spa","11":"first","12":"instock","13":"taxable","14":"shipping-taxable","15":"purchasable","16":"product-type-simple"},"acf":{"autor":"PUERTAS ESTEVE, DAVID","codart":"841288239","libros-coleccion":"","ediciones":"1","encuadernacion":"R\u00fastica","fecha_de_publicacion":"07\/04\/2026","novedad":"1","paginas":"154","subtitulo":"","orden":"0","portada":"0","idioma":"cat","booktrailer":"","resenas":"","editorial":[{"ID":148395,"post_author":"3","post_date":"2022-10-14 11:57:54","post_date_gmt":"2022-10-14 09:57:54","post_content":"","post_title":"L'ARCA","post_excerpt":"","post_status":"publish","comment_status":"closed","ping_status":"closed","post_password":"","post_name":"larca","to_ping":"","pinged":"","post_modified":"2022-10-14 11:57:54","post_modified_gmt":"2022-10-14 09:57:54","post_content_filtered":"","post_parent":0,"guid":"http:\/\/dev.claret.cat\/editorial\/larca\/","menu_order":0,"post_type":"editorial","post_mime_type":"","comment_count":"0","filter":"raw"}]},"aioseo_notices":[],"_links":{"self":[{"href":"https:\/\/www.claret.cat\/es\/wp-json\/wp\/v2\/product\/1094990","targetHints":{"allow":["GET"]}}],"collection":[{"href":"https:\/\/www.claret.cat\/es\/wp-json\/wp\/v2\/product"}],"about":[{"href":"https:\/\/www.claret.cat\/es\/wp-json\/wp\/v2\/types\/product"}],"wp:featuredmedia":[{"embeddable":true,"href":"https:\/\/www.claret.cat\/es\/wp-json\/wp\/v2\/media\/1094991"}],"wp:attachment":[{"href":"https:\/\/www.claret.cat\/es\/wp-json\/wp\/v2\/media?parent=1094990"}],"wp:term":[{"taxonomy":"product_brand","embeddable":true,"href":"https:\/\/www.claret.cat\/es\/wp-json\/wp\/v2\/product_brand?post=1094990"},{"taxonomy":"product_cat","embeddable":true,"href":"https:\/\/www.claret.cat\/es\/wp-json\/wp\/v2\/product_cat?post=1094990"},{"taxonomy":"product_tag","embeddable":true,"href":"https:\/\/www.claret.cat\/es\/wp-json\/wp\/v2\/product_tag?post=1094990"}],"curies":[{"name":"wp","href":"https:\/\/api.w.org\/{rel}","templated":true}]}}

ELS SECRETS DE LA MÚSICA A BARCELONA

<p>Relats sorprenents sobre compositors, instruments musicals, edificis, auditoris amb passat turbulent i tradicions populars perseguides.<br />Barcelona no només es mira: s’escolta. Darrere façanes, teatres, places i carrers s’hi amaguen històries musicals extraordinàries que gairebé ningú no coneix. Sabies que la Novena de Beethoven es va cantar en català? Que Stravinsky va prometre escriure una sardana? Que Pau Casals va descobrir Bach en una botiga del carrer Ample? O que una òpera barcelonina no es va estrenar per culpa d’una bomba al Liceu?</p>
<p>Aquest llibre és un viatge ple d’anècdotes, secrets, personatges il·lustres i episodis sorprenents que revelen la veritable banda sonora de la ciutat. De la música clàssica a la popular, dels grans auditoris als instruments més insòlits, cada capítol és una descoberta. Rigorós, àgil i ple de curiositats, és una lectura irresistible per a melòmans, barcelonins i lectors amb ganes de sorprendre’s.</p>
<p>Barcelona com no l’has escoltada mai: Un recorregut per la cara oculta i sonora de la ciutat, ple d’històries sorprenents.<br />Anècdotes reals que semblen ficció: Segrests musicals, bombes al Liceu, promeses de Stravinsky i descobertes decisives de Pau Casals.<br />Grans noms, connexions inesperades: Beethoven, Bach, Stravinsky, Mompou i molts altres vinculats a episodis barcelonins poc coneguts.<br />De la música clàssica al carrer: Òpera, sardanes, bandes, campanes, cobles i instruments extraordinaris en un sol mapa narratiu.<br />Barcelona és una ciutat amb una història musical tan rica com desconeguda. Més enllà dels grans concerts i dels noms famosos, hi ha un univers d’episodis sorprenents, coincidències improbables, estrenes accidentades, rivalitats, prohibicions, descobertes i petites grans revolucions sonores. Aquest llibre convida el lector a entrar-hi com qui obre una porta secreta: capítol a capítol, història a història.</p>
<p>Hi trobarem compositors universals passant per la ciutat, músics barcelonins que van triomfar arreu del món, instruments extraordinaris amagats en edificis inesperats, auditoris amb passat turbulent i tradicions populars que van ser perseguides o convertides en símbol. Sabrem per què Barcelona va cantar Beethoven en català, com es van viure les grans batalles operístiques, quin paper van tenir les campanes en la formació sonora d’un compositor, o com una simple botiga de partitures va canviar la història de la interpretació musical.</p>
<p>El relat combina documentació sòlida, mirada divulgativa i sentit narratiu. Cada peça està explicada amb claredat i tensió dramàtica, pensada perquè el lector aprengui i gaudeixi alhora. És un llibre per llegir seguit o a glops, ideal tant per a experts com per a curiosos, tant per a músics com per a lectors que simplement estimen Barcelona i volen descobrir-ne una dimensió nova.</p>

Rústica
