{"id":1095225,"date":"2026-04-07T16:55:38","date_gmt":"2026-04-07T14:55:38","guid":{"rendered":"https:\/\/www.claret.cat\/llibre\/reina-esther-9788429783476\/"},"modified":"2026-04-23T18:36:03","modified_gmt":"2026-04-23T16:36:03","slug":"reina-esther-9788429783476","status":"publish","type":"product","link":"https:\/\/www.claret.cat\/es\/libro\/reina-esther-9788429783476\/","title":{"rendered":"REINA ESTHER"},"content":{"rendered":"<p>Superviv\u00e8ncia, identitat i l\u2019impacte de la hist\u00f2ria en les nostres vides. <strong>L\u2019Esther Nacht<\/strong>, protagonista d\u2019aquesta obra, <strong>\u00e9s \u00f2rfena i jueva<\/strong>. Nascuda a Viena el 1905, es va traslladar amb els pares a Maine, i arran de la seva mort <strong>va ingressar a l\u2019orfenat de St. Cloud.<\/strong> <strong>L\u2019antisemitisme ha marcat la seva curta vida <\/strong>per\u00f2 quan est\u00e0 a punt de passar a ser tutelada per l\u2019Estat, el&nbsp;doctor Larch coneix <strong>una fam\u00edlia liberal filantr\u00f2pica que l\u2019adopta<\/strong>. La hist\u00f2ria del patriarca <strong>Thomas Winslow,<\/strong> dels seus fills i nets, intricada amb la de l\u2019Esther i la del <strong>seu fill Jimmy<\/strong>, durant la segona meitat del segle XX \u2014<strong>de Maine a Viena i, finalment, a Jerusalem<\/strong>\u2014 constitueix el nucli de la <em>novel\u00b7la.<\/em><\/p>\n<p><em>Reina Esther<\/em> \u00e9s <strong>una novel\u00b7la hist\u00f2rica amb un tema pol\u00edtic i comprom\u00e8s <\/strong>(com ho era La casa de les normes de la sidra, escenari que ara revisita), testimoni de la capacitat de <strong>John Irving <\/strong>per teixir personatges i <strong>narratives que desafien i captiven<\/strong>.<\/p>\n<p><\/p>\n","protected":false},"excerpt":{"rendered":"<p>JOHN IRVING<\/p>\n","protected":false},"featured_media":1095641,"template":"","meta":{"_acf_changed":false,"om_disable_all_campaigns":false,"rs_blank_template":"","rs_page_bg_color":"","slide_template_v7":"","inline_featured_image":false,"_monsterinsights_skip_tracking":false,"_monsterinsights_sitenote_active":false,"_monsterinsights_sitenote_note":"","_monsterinsights_sitenote_category":0},"product_brand":[],"product_cat":[127,357],"product_tag":[],"class_list":{"0":"post-1095225","1":"product","2":"type-product","3":"status-publish","4":"has-post-thumbnail","6":"product_cat-novella-contemporania","7":"product_cat-novela-contemporanea","9":"first","10":"instock","11":"taxable","12":"shipping-taxable","13":"purchasable","14":"product-type-simple"},"acf":{"autor":"JOHN IRVING","codart":"842978347","libros-coleccion":"","ediciones":"1","encuadernacion":"R\u00fastica","fecha_de_publicacion":"01\/04\/2026","novedad":"1","paginas":"495","subtitulo":"","orden":"0","portada":"0","idioma":"cat","booktrailer":"","resenas":"","editorial":[{"ID":6210,"post_author":"3","post_date":"2022-07-28 17:47:13","post_date_gmt":"2022-07-28 15:47:13","post_content":"","post_title":"Edicions 62","post_excerpt":"","post_status":"publish","comment_status":"closed","ping_status":"closed","post_password":"","post_name":"edicions-62","to_ping":"","pinged":"","post_modified":"2022-07-28 17:47:13","post_modified_gmt":"2022-07-28 15:47:13","post_content_filtered":"","post_parent":0,"guid":"http:\/\/dev.claret.cat\/editorial\/edicions-62\/","menu_order":0,"post_type":"editorial","post_mime_type":"","comment_count":"0","filter":"raw"}]},"aioseo_notices":[],"_links":{"self":[{"href":"https:\/\/www.claret.cat\/es\/wp-json\/wp\/v2\/product\/1095225","targetHints":{"allow":["GET"]}}],"collection":[{"href":"https:\/\/www.claret.cat\/es\/wp-json\/wp\/v2\/product"}],"about":[{"href":"https:\/\/www.claret.cat\/es\/wp-json\/wp\/v2\/types\/product"}],"wp:featuredmedia":[{"embeddable":true,"href":"https:\/\/www.claret.cat\/es\/wp-json\/wp\/v2\/media\/1095641"}],"wp:attachment":[{"href":"https:\/\/www.claret.cat\/es\/wp-json\/wp\/v2\/media?parent=1095225"}],"wp:term":[{"taxonomy":"product_brand","embeddable":true,"href":"https:\/\/www.claret.cat\/es\/wp-json\/wp\/v2\/product_brand?post=1095225"},{"taxonomy":"product_cat","embeddable":true,"href":"https:\/\/www.claret.cat\/es\/wp-json\/wp\/v2\/product_cat?post=1095225"},{"taxonomy":"product_tag","embeddable":true,"href":"https:\/\/www.claret.cat\/es\/wp-json\/wp\/v2\/product_tag?post=1095225"}],"curies":[{"name":"wp","href":"https:\/\/api.w.org\/{rel}","templated":true}]}}

<p>Supervivència, identitat i l’impacte de la història en les nostres vides. <strong>L’Esther Nacht</strong>, protagonista d’aquesta obra, <strong>és òrfena i jueva</strong>. Nascuda a Viena el 1905, es va traslladar amb els pares a Maine, i arran de la seva mort <strong>va ingressar a l’orfenat de St. Cloud.</strong> <strong>L’antisemitisme ha marcat la seva curta vida </strong>però quan està a punt de passar a ser tutelada per l’Estat, el&nbsp;doctor Larch coneix <strong>una família liberal filantròpica que l’adopta</strong>. La història del patriarca <strong>Thomas Winslow,</strong> dels seus fills i nets, intricada amb la de l’Esther i la del <strong>seu fill Jimmy</strong>, durant la segona meitat del segle XX —<strong>de Maine a Viena i, finalment, a Jerusalem</strong>— constitueix el nucli de la <em>novel·la.</em></p>
<p><em>Reina Esther</em> és <strong>una novel·la històrica amb un tema polític i compromès </strong>(com ho era La casa de les normes de la sidra, escenari que ara revisita), testimoni de la capacitat de <strong>John Irving </strong>per teixir personatges i <strong>narratives que desafien i captiven</strong>.</p>
<p></p>

Rústica
