{"id":1095231,"date":"2026-04-07T16:56:12","date_gmt":"2026-04-07T14:56:12","guid":{"rendered":"https:\/\/www.claret.cat\/llibre\/els-crims-del-bosc-rovellat-9788466434911\/"},"modified":"2026-04-23T14:20:06","modified_gmt":"2026-04-23T12:20:06","slug":"els-crims-del-bosc-rovellat-9788466434911","status":"publish","type":"product","link":"https:\/\/www.claret.cat\/es\/libro\/els-crims-del-bosc-rovellat-9788466434911\/","title":{"rendered":"ELS CRIMS DEL BOSC ROVELLAT"},"content":{"rendered":"<p><strong>Tornen la Leo Asker i en Martin Hill<\/strong> per enfrontar-se amb un nou misteri esborronador.<\/p>\n<p> <strong>Tercera entrega de l\u2019aclamada s\u00e8rie <em>Unitat de Casos Perduts<\/em><\/strong>. La Leo Asker ha comen\u00e7at a posar ordre a la Unitat de Casos Perduts i sembla que ben aviat <strong>li podrien donar un ascens<\/strong>. En Jonas Hellman est\u00e0 disposat a evitar-ho com sigui i la tempta amb un antic cas no resolt. <strong>Sap que la complexitat i les caracter\u00edstiques del cas<\/strong> faran que la Leo vulgui resoldre\u2019l costi el que costi, encara que <strong>aix\u00f2 impliqui trencar alguna norma i que el seu ascens s\u2019esfumi<\/strong>. Es tracta de l\u2019assassinat, fa una d\u00e8cada, d\u2019una dona en una f\u00e0brica de torba perduda enmig del bosc. <strong>La v\u00edctima va ser trobada morta, amb un dit tallat i una runa antiga gravada<\/strong> a terra just al seu costat, &nbsp;exactament igual que el cos <strong>d\u2019una m\u00f2mia m\u00edtica de la regi\u00f3, anomenada la Donzella Grisa, assassinada i enterrada al mateix bosc dos mil anys abans<\/strong>. Per\u00f2 quan en plena nit apareix una jove mig nua i desconcertada que sost\u00e9 el dit seccionat de la v\u00edctima, el cas es reobre. <\/p>\n<p> La Leo, amb l\u2019ajuda d\u2019en Martin Hill, far\u00e0 l\u2019impossible per resoldre l\u2019enigma, amb vincles aparentment mitol\u00f2gics que es remunten a l\u2019edat del ferro, i <strong>descobrir els secrets que s\u2019amaguen al Bosc Rovellat<\/strong>.<\/p>\n<p>&nbsp;<\/p>\n<p> \u00ab<strong>Anders de la Motte ha creat una protagonista magn\u00e8tica<\/strong>, la Leonore Asker, amb una vida interior fascinant i una ment brillant\u00bb. <strong>Stavanger Aftenblad<\/strong><\/p>\n","protected":false},"excerpt":{"rendered":"<p>ANDERS DE LA MOTTE<\/p>\n","protected":false},"featured_media":1095636,"template":"","meta":{"_acf_changed":false,"om_disable_all_campaigns":false,"rs_blank_template":"","rs_page_bg_color":"","slide_template_v7":"","inline_featured_image":false,"_monsterinsights_skip_tracking":false,"_monsterinsights_sitenote_active":false,"_monsterinsights_sitenote_note":"","_monsterinsights_sitenote_category":0},"product_brand":[],"product_cat":[127,357],"product_tag":[],"class_list":{"0":"post-1095231","1":"product","2":"type-product","3":"status-publish","4":"has-post-thumbnail","6":"product_cat-novella-contemporania","7":"product_cat-novela-contemporanea","9":"first","10":"instock","11":"taxable","12":"shipping-taxable","13":"purchasable","14":"product-type-simple"},"acf":{"autor":"ANDERS DE LA MOTTE","codart":"846643491","libros-coleccion":"","ediciones":"1","encuadernacion":"R\u00fastica","fecha_de_publicacion":"01\/04\/2026","novedad":"1","paginas":"614","subtitulo":"","orden":"0","portada":"0","idioma":"cat","booktrailer":"","resenas":"","editorial":[{"ID":6166,"post_author":"3","post_date":"2022-07-28 17:46:19","post_date_gmt":"2022-07-28 15:46:19","post_content":"","post_title":"Columna CAT","post_excerpt":"","post_status":"publish","comment_status":"closed","ping_status":"closed","post_password":"","post_name":"columna-cat","to_ping":"","pinged":"","post_modified":"2022-07-28 17:46:19","post_modified_gmt":"2022-07-28 15:46:19","post_content_filtered":"","post_parent":0,"guid":"http:\/\/dev.claret.cat\/editorial\/columna-cat\/","menu_order":0,"post_type":"editorial","post_mime_type":"","comment_count":"0","filter":"raw"}]},"aioseo_notices":[],"_links":{"self":[{"href":"https:\/\/www.claret.cat\/es\/wp-json\/wp\/v2\/product\/1095231","targetHints":{"allow":["GET"]}}],"collection":[{"href":"https:\/\/www.claret.cat\/es\/wp-json\/wp\/v2\/product"}],"about":[{"href":"https:\/\/www.claret.cat\/es\/wp-json\/wp\/v2\/types\/product"}],"wp:featuredmedia":[{"embeddable":true,"href":"https:\/\/www.claret.cat\/es\/wp-json\/wp\/v2\/media\/1095636"}],"wp:attachment":[{"href":"https:\/\/www.claret.cat\/es\/wp-json\/wp\/v2\/media?parent=1095231"}],"wp:term":[{"taxonomy":"product_brand","embeddable":true,"href":"https:\/\/www.claret.cat\/es\/wp-json\/wp\/v2\/product_brand?post=1095231"},{"taxonomy":"product_cat","embeddable":true,"href":"https:\/\/www.claret.cat\/es\/wp-json\/wp\/v2\/product_cat?post=1095231"},{"taxonomy":"product_tag","embeddable":true,"href":"https:\/\/www.claret.cat\/es\/wp-json\/wp\/v2\/product_tag?post=1095231"}],"curies":[{"name":"wp","href":"https:\/\/api.w.org\/{rel}","templated":true}]}}

<p><strong>Tornen la Leo Asker i en Martin Hill</strong> per enfrontar-se amb un nou misteri esborronador.</p>
<p> <strong>Tercera entrega de l’aclamada sèrie <em>Unitat de Casos Perduts</em></strong>. La Leo Asker ha començat a posar ordre a la Unitat de Casos Perduts i sembla que ben aviat <strong>li podrien donar un ascens</strong>. En Jonas Hellman està disposat a evitar-ho com sigui i la tempta amb un antic cas no resolt. <strong>Sap que la complexitat i les característiques del cas</strong> faran que la Leo vulgui resoldre’l costi el que costi, encara que <strong>això impliqui trencar alguna norma i que el seu ascens s’esfumi</strong>. Es tracta de l’assassinat, fa una dècada, d’una dona en una fàbrica de torba perduda enmig del bosc. <strong>La víctima va ser trobada morta, amb un dit tallat i una runa antiga gravada</strong> a terra just al seu costat, &nbsp;exactament igual que el cos <strong>d’una mòmia mítica de la regió, anomenada la Donzella Grisa, assassinada i enterrada al mateix bosc dos mil anys abans</strong>. Però quan en plena nit apareix una jove mig nua i desconcertada que sosté el dit seccionat de la víctima, el cas es reobre. </p>
<p> La Leo, amb l’ajuda d’en Martin Hill, farà l’impossible per resoldre l’enigma, amb vincles aparentment mitològics que es remunten a l’edat del ferro, i <strong>descobrir els secrets que s’amaguen al Bosc Rovellat</strong>.</p>
<p>&nbsp;</p>
<p> «<strong>Anders de la Motte ha creat una protagonista magnètica</strong>, la Leonore Asker, amb una vida interior fascinant i una ment brillant». <strong>Stavanger Aftenblad</strong></p>

Rústica
