{"id":1095246,"date":"2026-04-07T17:01:01","date_gmt":"2026-04-07T15:01:01","guid":{"rendered":"https:\/\/www.claret.cat\/llibre\/osset-siset-quin-embolic-a-la-granja-9791387903138\/"},"modified":"2026-04-07T17:12:11","modified_gmt":"2026-04-07T15:12:11","slug":"osset-siset-quin-embolic-a-la-granja-9791387903138","status":"publish","type":"product","link":"https:\/\/www.claret.cat\/es\/libro\/osset-siset-quin-embolic-a-la-granja-9791387903138\/","title":{"rendered":"OSSET SISET. QUIN EMBOLIC A LA GRANJA!"},"content":{"rendered":"<p>Creix amb l\u2019Osset Siset! El primer \u00e0lbum il\u00b7lustrat del nostre osset preferit.Quin dia tan mogut a Vila Siset! L\u2019Osset Siset ha vingut a donar un cop de m\u00e0 al granger Roger: cal donar menjar a les gallines i a les cabres, netejar el graner i saludar el cavall, el ruc i la vaca. Per\u00f2 quan el tractor queda atrapat al fang, tot es complica\u2026 i nom\u00e9s un bon pla, i molt treball en equip, podran salvar-los el dia.<br \/> En Siset no es rendeix mai: amb l\u2019ajuda de la granota Lota, la conilleta Cleta, l\u2019elefant Joan i la ratolina Fina, buscaran la millor manera d\u2019alliberar el tractor. Una aventura il\u00b7lustrada pel multipremiat Benji Davies, per llegir i rellegir en veu alta.<br \/> En aquest primer \u00e0lbum il\u00b7lustrat de l\u2019Osset Siset, els infants hi trobaran:<\/p>\n<p> Una hist\u00f2ria m\u00e9s llarga, amb m\u00e9s p\u00e0gines i m\u00e9s detalls per comentar, perqu\u00e8 els fans de l\u2019Osset Siset puguin cr\u00e9ixer amb ell.<br \/> Una granja plena d\u2019animals i vehicles: gallines, pollets, cabres, cavall, ruc, vaca, tractor, i molts altres elements per observar i anomenar.<br \/> Un joc de busca i troba a cada p\u00e0gina: un petit personatge s\u2019amaga a les escenes i convida a tornar-hi una vegada i una altra.<br \/> Valors com el treball en equip, la perseveran\u00e7a i el pensament creatiu, que ajuden els nens i les nenes a parlar de com se\u2019n surten dels petits embolics del dia a dia.<\/p>\n<p> Un \u00e0lbum ideal a partir de 3 anys, perfecte per fer el pas dels llibres interactius de cartr\u00f3 amb mecanismes a les primeres hist\u00f2ries il\u00b7lustrades, mantenint l\u2019Osset Siset com el personatge de confian\u00e7a que els acompanya mentre creixen.<\/p>\n","protected":false},"excerpt":{"rendered":"<p>BENJI DAVIES<\/p>\n","protected":false},"featured_media":1095265,"template":"","meta":{"_acf_changed":false,"om_disable_all_campaigns":false,"rs_blank_template":"","rs_page_bg_color":"","slide_template_v7":"","inline_featured_image":false,"_monsterinsights_skip_tracking":false,"_monsterinsights_sitenote_active":false,"_monsterinsights_sitenote_note":"","_monsterinsights_sitenote_category":0},"product_brand":[],"product_cat":[131,361],"product_tag":[],"class_list":{"0":"post-1095246","1":"product","2":"type-product","3":"status-publish","4":"has-post-thumbnail","6":"product_cat-contes-per-infants-0-6-anys","7":"product_cat-cuentos-para-ninos-0-6-anos","9":"first","10":"instock","11":"taxable","12":"shipping-taxable","13":"purchasable","14":"product-type-simple"},"acf":{"autor":"BENJI DAVIES","codart":"138790313","libros-coleccion":"","ediciones":"1","encuadernacion":"Carton\u00e9","fecha_de_publicacion":"01\/04\/2026","novedad":"1","paginas":"12","subtitulo":"UN CONTE DE L'OSSET SISET","orden":"0","portada":"0","idioma":"cat","booktrailer":"","resenas":"","editorial":[{"ID":6249,"post_author":"3","post_date":"2022-07-28 17:48:09","post_date_gmt":"2022-07-28 15:48:09","post_content":"","post_title":"Estrella Polar","post_excerpt":"","post_status":"publish","comment_status":"closed","ping_status":"closed","post_password":"","post_name":"estrella-polar","to_ping":"","pinged":"","post_modified":"2022-07-28 17:48:09","post_modified_gmt":"2022-07-28 15:48:09","post_content_filtered":"","post_parent":0,"guid":"http:\/\/dev.claret.cat\/editorial\/estrella-polar\/","menu_order":0,"post_type":"editorial","post_mime_type":"","comment_count":"0","filter":"raw"}]},"aioseo_notices":[],"_links":{"self":[{"href":"https:\/\/www.claret.cat\/es\/wp-json\/wp\/v2\/product\/1095246","targetHints":{"allow":["GET"]}}],"collection":[{"href":"https:\/\/www.claret.cat\/es\/wp-json\/wp\/v2\/product"}],"about":[{"href":"https:\/\/www.claret.cat\/es\/wp-json\/wp\/v2\/types\/product"}],"wp:featuredmedia":[{"embeddable":true,"href":"https:\/\/www.claret.cat\/es\/wp-json\/wp\/v2\/media\/1095265"}],"wp:attachment":[{"href":"https:\/\/www.claret.cat\/es\/wp-json\/wp\/v2\/media?parent=1095246"}],"wp:term":[{"taxonomy":"product_brand","embeddable":true,"href":"https:\/\/www.claret.cat\/es\/wp-json\/wp\/v2\/product_brand?post=1095246"},{"taxonomy":"product_cat","embeddable":true,"href":"https:\/\/www.claret.cat\/es\/wp-json\/wp\/v2\/product_cat?post=1095246"},{"taxonomy":"product_tag","embeddable":true,"href":"https:\/\/www.claret.cat\/es\/wp-json\/wp\/v2\/product_tag?post=1095246"}],"curies":[{"name":"wp","href":"https:\/\/api.w.org\/{rel}","templated":true}]}}

<p>Creix amb l’Osset Siset! El primer àlbum il·lustrat del nostre osset preferit.Quin dia tan mogut a Vila Siset! L’Osset Siset ha vingut a donar un cop de mà al granger Roger: cal donar menjar a les gallines i a les cabres, netejar el graner i saludar el cavall, el ruc i la vaca. Però quan el tractor queda atrapat al fang, tot es complica… i només un bon pla, i molt treball en equip, podran salvar-los el dia.<br /> En Siset no es rendeix mai: amb l’ajuda de la granota Lota, la conilleta Cleta, l’elefant Joan i la ratolina Fina, buscaran la millor manera d’alliberar el tractor. Una aventura il·lustrada pel multipremiat Benji Davies, per llegir i rellegir en veu alta.<br /> En aquest primer àlbum il·lustrat de l’Osset Siset, els infants hi trobaran:</p>
<p> Una història més llarga, amb més pàgines i més detalls per comentar, perquè els fans de l’Osset Siset puguin créixer amb ell.<br /> Una granja plena d’animals i vehicles: gallines, pollets, cabres, cavall, ruc, vaca, tractor, i molts altres elements per observar i anomenar.<br /> Un joc de busca i troba a cada pàgina: un petit personatge s’amaga a les escenes i convida a tornar-hi una vegada i una altra.<br /> Valors com el treball en equip, la perseverança i el pensament creatiu, que ajuden els nens i les nenes a parlar de com se’n surten dels petits embolics del dia a dia.</p>
<p> Un àlbum ideal a partir de 3 anys, perfecte per fer el pas dels llibres interactius de cartró amb mecanismes a les primeres històries il·lustrades, mantenint l’Osset Siset com el personatge de confiança que els acompanya mentre creixen.</p>

Cartoné
