{"id":1095278,"date":"2026-04-07T17:21:07","date_gmt":"2026-04-07T15:21:07","guid":{"rendered":"https:\/\/www.claret.cat\/llibre\/osito-tito-vaya-lio-en-la-granja-9788408311706\/"},"modified":"2026-04-07T17:50:52","modified_gmt":"2026-04-07T15:50:52","slug":"osito-tito-vaya-lio-en-la-granja-9788408311706","status":"publish","type":"product","link":"https:\/\/www.claret.cat\/es\/libro\/osito-tito-vaya-lio-en-la-granja-9788408311706\/","title":{"rendered":"OSITO TITO. \u00a1VAYA L\u00cdO EN LA GRANJA!"},"content":{"rendered":"<p>\u00a1Crece con Osito Tito! El primer \u00e1lbum ilustrado de nuestro osito preferido.\u00a1Qu\u00e9 d\u00eda tan movido en Villa Tito! Osito Tito ha venido a echar una pata al granjero Homero: hay que dar de comer a las gallinas y a las cabras, limpiar el granero y saludar al caballo, al burro y a la vaca. Pero cuando el tractor se queda atrapado en el barro, todo se complica\u2026 y solo un buen plan, y mucho trabajo en equipo, podr\u00e1n salvar el d\u00eda.<br \/> Tito nunca se rinde: con la ayuda de Rana Juana, el Conejo Alejo, el Elefante Dante y la Ratona Simona, buscar\u00e1n la mejor manera de liberar el tractor. Una aventura ilustrada por el multipremiado Benji Davies, para leer y releer en voz alta.<br \/> En este primer \u00e1lbum ilustrado de Osito Tito, los ni\u00f1os y ni\u00f1as encontrar\u00e1n:<\/p>\n<p> Una historia m\u00e1s larga, con m\u00e1s p\u00e1ginas y m\u00e1s detalles que comentar, para que los fans de Osito Tito puedan crecer con \u00e9l.<br \/> Una granja llena de animales y veh\u00edculos: gallinas, pollitos, cabras, caballo, burro, vaca, tractor\u2026 y muchos otros elementos para observar y nombrar.<br \/> Un juego de busca y encuentra en cada p\u00e1gina: un peque\u00f1o personaje se esconde en las escenas e invita a volver una y otra vez al cuento.<br \/> Valores como el trabajo en equipo, la perseverancia y el pensamiento creativo, que ayudan a hablar de c\u00f3mo salimos de los peque\u00f1os l\u00edos del d\u00eda a d\u00eda.<\/p>\n<p> Un \u00e1lbum ideal a partir de 3 a\u00f1os, perfecto para dar el salto de los libros interactivos de cart\u00f3n con mecanismos a las primeras historias ilustradas, manteniendo a Osito Tito como el personaje de confianza que los acompa\u00f1a mientras crecen.<\/p>\n","protected":false},"excerpt":{"rendered":"<p>BENJI DAVIES<\/p>\n","protected":false},"featured_media":1095279,"template":"","meta":{"_acf_changed":false,"om_disable_all_campaigns":false,"rs_blank_template":"","rs_page_bg_color":"","slide_template_v7":"","inline_featured_image":false,"_monsterinsights_skip_tracking":false,"_monsterinsights_sitenote_active":false,"_monsterinsights_sitenote_note":"","_monsterinsights_sitenote_category":0},"product_brand":[],"product_cat":[131,361],"product_tag":[],"class_list":{"0":"post-1095278","1":"product","2":"type-product","3":"status-publish","4":"has-post-thumbnail","6":"product_cat-contes-per-infants-0-6-anys","7":"product_cat-cuentos-para-ninos-0-6-anos","9":"first","10":"instock","11":"taxable","12":"shipping-taxable","13":"purchasable","14":"product-type-simple"},"acf":{"autor":"BENJI DAVIES","codart":"840831170","libros-coleccion":"","ediciones":"1","encuadernacion":"Carton\u00e9","fecha_de_publicacion":"01\/04\/2026","novedad":"1","paginas":"12","subtitulo":"UN CUENTO DE OSITO TITO","orden":"0","portada":"0","idioma":"spa","booktrailer":"","resenas":"","editorial":[{"ID":6233,"post_author":"3","post_date":"2022-07-28 17:47:48","post_date_gmt":"2022-07-28 15:47:48","post_content":"","post_title":"EDITORIAL PLANETA","post_excerpt":"","post_status":"publish","comment_status":"closed","ping_status":"closed","post_password":"","post_name":"editorial-planeta","to_ping":"","pinged":"","post_modified":"2022-07-28 17:47:48","post_modified_gmt":"2022-07-28 15:47:48","post_content_filtered":"","post_parent":0,"guid":"http:\/\/dev.claret.cat\/editorial\/editorial-planeta\/","menu_order":0,"post_type":"editorial","post_mime_type":"","comment_count":"0","filter":"raw"}]},"aioseo_notices":[],"_links":{"self":[{"href":"https:\/\/www.claret.cat\/es\/wp-json\/wp\/v2\/product\/1095278","targetHints":{"allow":["GET"]}}],"collection":[{"href":"https:\/\/www.claret.cat\/es\/wp-json\/wp\/v2\/product"}],"about":[{"href":"https:\/\/www.claret.cat\/es\/wp-json\/wp\/v2\/types\/product"}],"wp:featuredmedia":[{"embeddable":true,"href":"https:\/\/www.claret.cat\/es\/wp-json\/wp\/v2\/media\/1095279"}],"wp:attachment":[{"href":"https:\/\/www.claret.cat\/es\/wp-json\/wp\/v2\/media?parent=1095278"}],"wp:term":[{"taxonomy":"product_brand","embeddable":true,"href":"https:\/\/www.claret.cat\/es\/wp-json\/wp\/v2\/product_brand?post=1095278"},{"taxonomy":"product_cat","embeddable":true,"href":"https:\/\/www.claret.cat\/es\/wp-json\/wp\/v2\/product_cat?post=1095278"},{"taxonomy":"product_tag","embeddable":true,"href":"https:\/\/www.claret.cat\/es\/wp-json\/wp\/v2\/product_tag?post=1095278"}],"curies":[{"name":"wp","href":"https:\/\/api.w.org\/{rel}","templated":true}]}}

OSITO TITO. ¡VAYA LÍO EN LA GRANJA!

<p>¡Crece con Osito Tito! El primer álbum ilustrado de nuestro osito preferido.¡Qué día tan movido en Villa Tito! Osito Tito ha venido a echar una pata al granjero Homero: hay que dar de comer a las gallinas y a las cabras, limpiar el granero y saludar al caballo, al burro y a la vaca. Pero cuando el tractor se queda atrapado en el barro, todo se complica… y solo un buen plan, y mucho trabajo en equipo, podrán salvar el día.<br /> Tito nunca se rinde: con la ayuda de Rana Juana, el Conejo Alejo, el Elefante Dante y la Ratona Simona, buscarán la mejor manera de liberar el tractor. Una aventura ilustrada por el multipremiado Benji Davies, para leer y releer en voz alta.<br /> En este primer álbum ilustrado de Osito Tito, los niños y niñas encontrarán:</p>
<p> Una historia más larga, con más páginas y más detalles que comentar, para que los fans de Osito Tito puedan crecer con él.<br /> Una granja llena de animales y vehículos: gallinas, pollitos, cabras, caballo, burro, vaca, tractor… y muchos otros elementos para observar y nombrar.<br /> Un juego de busca y encuentra en cada página: un pequeño personaje se esconde en las escenas e invita a volver una y otra vez al cuento.<br /> Valores como el trabajo en equipo, la perseverancia y el pensamiento creativo, que ayudan a hablar de cómo salimos de los pequeños líos del día a día.</p>
<p> Un álbum ideal a partir de 3 años, perfecto para dar el salto de los libros interactivos de cartón con mecanismos a las primeras historias ilustradas, manteniendo a Osito Tito como el personaje de confianza que los acompaña mientras crecen.</p>

Cartoné
