{"id":1095301,"date":"2026-04-07T17:26:44","date_gmt":"2026-04-07T15:26:44","guid":{"rendered":"https:\/\/www.claret.cat\/llibre\/la-sombra-del-viento-edicion-con-cantos-tintados-9788408318323\/"},"modified":"2026-04-24T16:10:45","modified_gmt":"2026-04-24T14:10:45","slug":"la-sombra-del-viento-edicion-con-cantos-tintados-9788408318323","status":"publish","type":"product","link":"https:\/\/www.claret.cat\/es\/libro\/la-sombra-del-viento-edicion-con-cantos-tintados-9788408318323\/","title":{"rendered":"LA SOMBRA DEL VIENTO (EDICI\u00d3N CON CANTOS TINTADOS)"},"content":{"rendered":"<p>DESCUBRIR\u00c1S POR QU\u00c9 TE GUSTA LEER.<br \/> Una edici\u00f3n de La Sombra del Viento\u00a0para quienes la van a vivir por primera vez.<br \/> ***EDICI\u00d3N EN TAPA DURA CON ACABADOS METALIZADOS Y CANTOS DECORADOS***<br \/> Un amanecer de 1945, un muchacho es conducido por su padre a un misterioso lugar oculto en el coraz\u00f3n de la ciudad vieja: el Cementerio de los Libros Olvidados. All\u00ed, Daniel Sempere encuentra un libro maldito que cambia el rumbo de su vida y lo arrastra a un laberinto de intrigas y secretos enterrados en el alma oscura de la ciudad.<br \/> Una tr\u00e1gica historia de amor, cuyo eco se proyecta a trav\u00e9s del tiempo, un inolvidable relato sobre las sombras del pasado y el embrujo de los libros.<br \/> \u00abLa Sombra del Viento es maravillosa. Si alguien pensaba que la aut\u00e9ntica novela g\u00f3tica hab\u00eda muerto en el siglo XIX, este libro le har\u00e1 cambiar de opini\u00f3n. Tienes que ser un verdadero rom\u00e1ntico para apreciarlo por completo, pero si lo eres, esta es una lectura incre\u00edble\u00bb. Stephen King<\/p>\n","protected":false},"excerpt":{"rendered":"<p>CARLOS RUIZ ZAF\u00d3N<\/p>\n","protected":false},"featured_media":1095448,"template":"","meta":{"_acf_changed":false,"om_disable_all_campaigns":false,"rs_blank_template":"","rs_page_bg_color":"","slide_template_v7":"","inline_featured_image":false,"_monsterinsights_skip_tracking":false,"_monsterinsights_sitenote_active":false,"_monsterinsights_sitenote_note":"","_monsterinsights_sitenote_category":0},"product_brand":[],"product_cat":[127,357],"product_tag":[],"class_list":{"0":"post-1095301","1":"product","2":"type-product","3":"status-publish","4":"has-post-thumbnail","6":"product_cat-novella-contemporania","7":"product_cat-novela-contemporanea","9":"first","10":"instock","11":"taxable","12":"shipping-taxable","13":"purchasable","14":"product-type-simple"},"acf":{"autor":"CARLOS RUIZ ZAF\u00d3N","codart":"840831832","libros-coleccion":"","ediciones":"1","encuadernacion":"Carton\u00e9","fecha_de_publicacion":"01\/04\/2026","novedad":"1","paginas":"606","subtitulo":"EDICI\u00d3N POR EL 25\u00ba ANIVERSARIO","orden":"0","portada":"0","idioma":"spa","booktrailer":"","resenas":"","editorial":[{"ID":6233,"post_author":"3","post_date":"2022-07-28 17:47:48","post_date_gmt":"2022-07-28 15:47:48","post_content":"","post_title":"EDITORIAL PLANETA","post_excerpt":"","post_status":"publish","comment_status":"closed","ping_status":"closed","post_password":"","post_name":"editorial-planeta","to_ping":"","pinged":"","post_modified":"2022-07-28 17:47:48","post_modified_gmt":"2022-07-28 15:47:48","post_content_filtered":"","post_parent":0,"guid":"http:\/\/dev.claret.cat\/editorial\/editorial-planeta\/","menu_order":0,"post_type":"editorial","post_mime_type":"","comment_count":"0","filter":"raw"}]},"aioseo_notices":[],"_links":{"self":[{"href":"https:\/\/www.claret.cat\/es\/wp-json\/wp\/v2\/product\/1095301","targetHints":{"allow":["GET"]}}],"collection":[{"href":"https:\/\/www.claret.cat\/es\/wp-json\/wp\/v2\/product"}],"about":[{"href":"https:\/\/www.claret.cat\/es\/wp-json\/wp\/v2\/types\/product"}],"wp:featuredmedia":[{"embeddable":true,"href":"https:\/\/www.claret.cat\/es\/wp-json\/wp\/v2\/media\/1095448"}],"wp:attachment":[{"href":"https:\/\/www.claret.cat\/es\/wp-json\/wp\/v2\/media?parent=1095301"}],"wp:term":[{"taxonomy":"product_brand","embeddable":true,"href":"https:\/\/www.claret.cat\/es\/wp-json\/wp\/v2\/product_brand?post=1095301"},{"taxonomy":"product_cat","embeddable":true,"href":"https:\/\/www.claret.cat\/es\/wp-json\/wp\/v2\/product_cat?post=1095301"},{"taxonomy":"product_tag","embeddable":true,"href":"https:\/\/www.claret.cat\/es\/wp-json\/wp\/v2\/product_tag?post=1095301"}],"curies":[{"name":"wp","href":"https:\/\/api.w.org\/{rel}","templated":true}]}}

LA SOMBRA DEL VIENTO (EDICIÓN CON CANTOS TINTADOS)

<p>DESCUBRIRÁS POR QUÉ TE GUSTA LEER.<br /> Una edición de La Sombra del Viento para quienes la van a vivir por primera vez.<br /> ***EDICIÓN EN TAPA DURA CON ACABADOS METALIZADOS Y CANTOS DECORADOS***<br /> Un amanecer de 1945, un muchacho es conducido por su padre a un misterioso lugar oculto en el corazón de la ciudad vieja: el Cementerio de los Libros Olvidados. Allí, Daniel Sempere encuentra un libro maldito que cambia el rumbo de su vida y lo arrastra a un laberinto de intrigas y secretos enterrados en el alma oscura de la ciudad.<br /> Una trágica historia de amor, cuyo eco se proyecta a través del tiempo, un inolvidable relato sobre las sombras del pasado y el embrujo de los libros.<br /> «La Sombra del Viento es maravillosa. Si alguien pensaba que la auténtica novela gótica había muerto en el siglo XIX, este libro le hará cambiar de opinión. Tienes que ser un verdadero romántico para apreciarlo por completo, pero si lo eres, esta es una lectura increíble». Stephen King</p>

<p>CARLOS RUIZ ZAFÓN</p>

CARLOS RUIZ ZAFÓN

Cartoné

EDICIÓN POR EL 25º ANIVERSARIO
