{"id":1095351,"date":"2026-04-07T17:33:26","date_gmt":"2026-04-07T15:33:26","guid":{"rendered":"https:\/\/www.claret.cat\/llibre\/y-en-mi-caos-tu-9788427054653\/"},"modified":"2026-04-08T19:30:27","modified_gmt":"2026-04-08T17:30:27","slug":"y-en-mi-caos-tu-9788427054653","status":"publish","type":"product","link":"https:\/\/www.claret.cat\/es\/libro\/y-en-mi-caos-tu-9788427054653\/","title":{"rendered":"Y EN MI CAOS, T\u00da"},"content":{"rendered":"<p>Un drama rom\u00e1ntico en un peque\u00f1o pueblo de las monta\u00f1as de Wyoming.\u00c9l har\u00eda lo que fuera para protegerla.<br \/> Ella necesita a alguien dispuesto a escuchar lo que le aterra confesar.<br \/> Liam Moore odia su vida. Vive atrapado en los turbios negocios de su padre mientras trata de que su hermano Frankie no siga su mismo camino. Adem\u00e1s, no consigue olvidar a su gran amor y mejor amiga de la infancia que se march\u00f3 hace ya tantos a\u00f1os.<br \/> Violet Dallas lleva tiempo sintiendo que se ha olvidado de s\u00ed misma, atrapada en una relaci\u00f3n que parece estrangularla. Por eso, cuando su hermano Carson se lo pide, decide abandonar la universidad y volver al rancho Grisley, llena de esperanza pero con terror a los fantasmas del pasado.<br \/> Al reencontrarse, los sentimientos que cre\u00edan enterrados se niegan a desaparecer. Y el peligro tambi\u00e9n.<\/p>\n","protected":false},"excerpt":{"rendered":"<p>EVA L\u00d3PEZ<\/p>\n","protected":false},"featured_media":1095795,"template":"","meta":{"_acf_changed":false,"om_disable_all_campaigns":false,"rs_blank_template":"","rs_page_bg_color":"","slide_template_v7":"","inline_featured_image":false,"_monsterinsights_skip_tracking":false,"_monsterinsights_sitenote_active":false,"_monsterinsights_sitenote_note":"","_monsterinsights_sitenote_category":0},"product_brand":[],"product_cat":[127,357],"product_tag":[],"class_list":{"0":"post-1095351","1":"product","2":"type-product","3":"status-publish","4":"has-post-thumbnail","6":"product_cat-novella-contemporania","7":"product_cat-novela-contemporanea","9":"first","10":"instock","11":"taxable","12":"shipping-taxable","13":"purchasable","14":"product-type-simple"},"acf":{"autor":"EVA L\u00d3PEZ","codart":"842705465","libros-coleccion":"","ediciones":"1","encuadernacion":"R\u00fastica","fecha_de_publicacion":"01\/04\/2026","novedad":"1","paginas":"323","subtitulo":"","orden":"0","portada":"0","idioma":"spa","booktrailer":"","resenas":"","editorial":[{"ID":6303,"post_author":"3","post_date":"2022-07-28 17:49:17","post_date_gmt":"2022-07-28 15:49:17","post_content":"","post_title":"MARTINEZ ROCA","post_excerpt":"","post_status":"publish","comment_status":"closed","ping_status":"closed","post_password":"","post_name":"martinez-roca","to_ping":"","pinged":"","post_modified":"2022-07-28 17:49:17","post_modified_gmt":"2022-07-28 15:49:17","post_content_filtered":"","post_parent":0,"guid":"http:\/\/dev.claret.cat\/editorial\/martinez-roca\/","menu_order":0,"post_type":"editorial","post_mime_type":"","comment_count":"0","filter":"raw"}]},"aioseo_notices":[],"_links":{"self":[{"href":"https:\/\/www.claret.cat\/es\/wp-json\/wp\/v2\/product\/1095351","targetHints":{"allow":["GET"]}}],"collection":[{"href":"https:\/\/www.claret.cat\/es\/wp-json\/wp\/v2\/product"}],"about":[{"href":"https:\/\/www.claret.cat\/es\/wp-json\/wp\/v2\/types\/product"}],"wp:featuredmedia":[{"embeddable":true,"href":"https:\/\/www.claret.cat\/es\/wp-json\/wp\/v2\/media\/1095795"}],"wp:attachment":[{"href":"https:\/\/www.claret.cat\/es\/wp-json\/wp\/v2\/media?parent=1095351"}],"wp:term":[{"taxonomy":"product_brand","embeddable":true,"href":"https:\/\/www.claret.cat\/es\/wp-json\/wp\/v2\/product_brand?post=1095351"},{"taxonomy":"product_cat","embeddable":true,"href":"https:\/\/www.claret.cat\/es\/wp-json\/wp\/v2\/product_cat?post=1095351"},{"taxonomy":"product_tag","embeddable":true,"href":"https:\/\/www.claret.cat\/es\/wp-json\/wp\/v2\/product_tag?post=1095351"}],"curies":[{"name":"wp","href":"https:\/\/api.w.org\/{rel}","templated":true}]}}

Y EN MI CAOS, TÚ

<p>Un drama romántico en un pequeño pueblo de las montañas de Wyoming.Él haría lo que fuera para protegerla.<br /> Ella necesita a alguien dispuesto a escuchar lo que le aterra confesar.<br /> Liam Moore odia su vida. Vive atrapado en los turbios negocios de su padre mientras trata de que su hermano Frankie no siga su mismo camino. Además, no consigue olvidar a su gran amor y mejor amiga de la infancia que se marchó hace ya tantos años.<br /> Violet Dallas lleva tiempo sintiendo que se ha olvidado de sí misma, atrapada en una relación que parece estrangularla. Por eso, cuando su hermano Carson se lo pide, decide abandonar la universidad y volver al rancho Grisley, llena de esperanza pero con terror a los fantasmas del pasado.<br /> Al reencontrarse, los sentimientos que creían enterrados se niegan a desaparecer. Y el peligro también.</p>

<p>EVA LÓPEZ</p>

EVA LÓPEZ

Rústica
