{"id":1095536,"date":"2026-04-08T10:56:58","date_gmt":"2026-04-08T08:56:58","guid":{"rendered":"https:\/\/www.claret.cat\/llibre\/mi-primer-atlas-9788428568753\/"},"modified":"2026-04-08T15:55:42","modified_gmt":"2026-04-08T13:55:42","slug":"mi-primer-atlas-9788428568753","status":"publish","type":"product","link":"https:\/\/www.claret.cat\/es\/libro\/mi-primer-atlas-9788428568753\/","title":{"rendered":"MI PRIMER ATLAS"},"content":{"rendered":"<p><span>Este atlas, gracias a su innovador formato, incluye un globo terr\u00e1queo giratorio, completamente desplegable, lleno de detalles y a todo color. Sus resistentes p\u00e1ginas de cart\u00f3n y sus simp\u00e1ticas y detalladas ilustraciones conseguir\u00e1n que los ni\u00f1os est\u00e9n deseando conocer el planeta Tierra y las peculiaridades m\u00e1s destacadas de cada continente. Un libro especialmente dise\u00f1ado para empezar a aprender y a disfrutar del mundo en el que viven.<\/span><\/p>\n","protected":false},"excerpt":{"rendered":"<p>HAWCOCK, DAVID<\/p>\n","protected":false},"featured_media":1095646,"template":"","meta":{"_acf_changed":false,"om_disable_all_campaigns":false,"rs_blank_template":"","rs_page_bg_color":"","slide_template_v7":"","inline_featured_image":false,"_monsterinsights_skip_tracking":false,"_monsterinsights_sitenote_active":false,"_monsterinsights_sitenote_note":"","_monsterinsights_sitenote_category":0},"product_brand":[],"product_cat":[131,361],"product_tag":[],"class_list":{"0":"post-1095536","1":"product","2":"type-product","3":"status-publish","4":"has-post-thumbnail","6":"product_cat-contes-per-infants-0-6-anys","7":"product_cat-cuentos-para-ninos-0-6-anos","9":"first","10":"instock","11":"taxable","12":"shipping-taxable","13":"purchasable","14":"product-type-simple"},"acf":{"autor":"HAWCOCK, DAVID","codart":"842856875","libros-coleccion":"APRENDER, JUGAR Y DESCUBRIR","ediciones":"1","encuadernacion":"Carton\u00e9","fecha_de_publicacion":"07\/04\/2026","novedad":"1","paginas":"20","subtitulo":"","orden":"0","portada":"0","idioma":"spa","booktrailer":"","resenas":"","editorial":[{"ID":6356,"post_author":"3","post_date":"2022-07-28 17:50:26","post_date_gmt":"2022-07-28 15:50:26","post_content":"","post_title":"SAN PABLO COMUNICACI\u00d3N","post_excerpt":"","post_status":"publish","comment_status":"closed","ping_status":"closed","post_password":"","post_name":"san-pablo-comunicacion","to_ping":"","pinged":"","post_modified":"2022-07-28 17:50:26","post_modified_gmt":"2022-07-28 15:50:26","post_content_filtered":"","post_parent":0,"guid":"http:\/\/dev.claret.cat\/editorial\/san-pablo-comunicacion\/","menu_order":0,"post_type":"editorial","post_mime_type":"","comment_count":"0","filter":"raw"}]},"aioseo_notices":[],"_links":{"self":[{"href":"https:\/\/www.claret.cat\/es\/wp-json\/wp\/v2\/product\/1095536","targetHints":{"allow":["GET"]}}],"collection":[{"href":"https:\/\/www.claret.cat\/es\/wp-json\/wp\/v2\/product"}],"about":[{"href":"https:\/\/www.claret.cat\/es\/wp-json\/wp\/v2\/types\/product"}],"wp:featuredmedia":[{"embeddable":true,"href":"https:\/\/www.claret.cat\/es\/wp-json\/wp\/v2\/media\/1095646"}],"wp:attachment":[{"href":"https:\/\/www.claret.cat\/es\/wp-json\/wp\/v2\/media?parent=1095536"}],"wp:term":[{"taxonomy":"product_brand","embeddable":true,"href":"https:\/\/www.claret.cat\/es\/wp-json\/wp\/v2\/product_brand?post=1095536"},{"taxonomy":"product_cat","embeddable":true,"href":"https:\/\/www.claret.cat\/es\/wp-json\/wp\/v2\/product_cat?post=1095536"},{"taxonomy":"product_tag","embeddable":true,"href":"https:\/\/www.claret.cat\/es\/wp-json\/wp\/v2\/product_tag?post=1095536"}],"curies":[{"name":"wp","href":"https:\/\/api.w.org\/{rel}","templated":true}]}}

<p><span>Este atlas, gracias a su innovador formato, incluye un globo terráqueo giratorio, completamente desplegable, lleno de detalles y a todo color. Sus resistentes páginas de cartón y sus simpáticas y detalladas ilustraciones conseguirán que los niños estén deseando conocer el planeta Tierra y las peculiaridades más destacadas de cada continente. Un libro especialmente diseñado para empezar a aprender y a disfrutar del mundo en el que viven.</span></p>

Cartoné

SAN PABLO COMUNICACIÓN
