{"id":1095539,"date":"2026-04-08T10:57:11","date_gmt":"2026-04-08T08:57:11","guid":{"rendered":"https:\/\/www.claret.cat\/llibre\/mi-primer-atlas-de-lugares-misteriosos-9788428573917\/"},"modified":"2026-04-08T15:56:09","modified_gmt":"2026-04-08T13:56:09","slug":"mi-primer-atlas-de-lugares-misteriosos-9788428573917","status":"publish","type":"product","link":"https:\/\/www.claret.cat\/es\/libro\/mi-primer-atlas-de-lugares-misteriosos-9788428573917\/","title":{"rendered":"MI PRIMER ATLAS DE LUGARES MISTERIOSOS"},"content":{"rendered":"<p><span>\u00a1Explora los misterios y maravillas del mundo en este incre\u00edble atlas! Viaja por cada continente y descubre lugares fascinantes como la exuberante selva amaz\u00f3nica en Am\u00e9rica del Sur, las antiguas ruinas de Machu Picchu en los Andes, las impresionantes formaciones rocosas de Capadocia en Asia, y las majestuosas pir\u00e1mides de Giza en \u00c1frica. Conoce tambi\u00e9n a los sorprendentes animales que habitan los polos y otros ecosistemas \u00fanicos alrededor del planeta.<\/span><\/p>\n<p><span>El libro incluye un globo terr\u00e1queo pop-up giratorio que convierte la exploraci\u00f3n en una experiencia interactiva y \u00fanica. Con ilustraciones vibrantes y datos fascinantes, este libro es el compa\u00f1ero perfecto para despertar la curiosidad y el esp\u00edritu aventurero de los ni\u00f1os.<\/span><\/p>\n","protected":false},"excerpt":{"rendered":"<p>HAWCOCK, DAVID; TOMASINELLI, FRANCESCO<\/p>\n","protected":false},"featured_media":1095650,"template":"","meta":{"_acf_changed":false,"om_disable_all_campaigns":false,"rs_blank_template":"","rs_page_bg_color":"","slide_template_v7":"","inline_featured_image":false,"_monsterinsights_skip_tracking":false,"_monsterinsights_sitenote_active":false,"_monsterinsights_sitenote_note":"","_monsterinsights_sitenote_category":0},"product_brand":[],"product_cat":[131,361],"product_tag":[],"class_list":{"0":"post-1095539","1":"product","2":"type-product","3":"status-publish","4":"has-post-thumbnail","6":"product_cat-contes-per-infants-0-6-anys","7":"product_cat-cuentos-para-ninos-0-6-anos","9":"first","10":"instock","11":"taxable","12":"shipping-taxable","13":"purchasable","14":"product-type-simple"},"acf":{"autor":"HAWCOCK, DAVID; TOMASINELLI, FRANCESCO","codart":"842857391","libros-coleccion":"APRENDER, JUGAR Y DESCUBRIR","ediciones":"1","encuadernacion":"Carton\u00e9","fecha_de_publicacion":"07\/04\/2026","novedad":"1","paginas":"20","subtitulo":"\u00a1CON UN GRAN GLOBO TERR\u00c1QUEO POP UP GIRATORIO!","orden":"0","portada":"0","idioma":"spa","booktrailer":"","resenas":"","editorial":[{"ID":6356,"post_author":"3","post_date":"2022-07-28 17:50:26","post_date_gmt":"2022-07-28 15:50:26","post_content":"","post_title":"SAN PABLO COMUNICACI\u00d3N","post_excerpt":"","post_status":"publish","comment_status":"closed","ping_status":"closed","post_password":"","post_name":"san-pablo-comunicacion","to_ping":"","pinged":"","post_modified":"2022-07-28 17:50:26","post_modified_gmt":"2022-07-28 15:50:26","post_content_filtered":"","post_parent":0,"guid":"http:\/\/dev.claret.cat\/editorial\/san-pablo-comunicacion\/","menu_order":0,"post_type":"editorial","post_mime_type":"","comment_count":"0","filter":"raw"}]},"aioseo_notices":[],"_links":{"self":[{"href":"https:\/\/www.claret.cat\/es\/wp-json\/wp\/v2\/product\/1095539","targetHints":{"allow":["GET"]}}],"collection":[{"href":"https:\/\/www.claret.cat\/es\/wp-json\/wp\/v2\/product"}],"about":[{"href":"https:\/\/www.claret.cat\/es\/wp-json\/wp\/v2\/types\/product"}],"wp:featuredmedia":[{"embeddable":true,"href":"https:\/\/www.claret.cat\/es\/wp-json\/wp\/v2\/media\/1095650"}],"wp:attachment":[{"href":"https:\/\/www.claret.cat\/es\/wp-json\/wp\/v2\/media?parent=1095539"}],"wp:term":[{"taxonomy":"product_brand","embeddable":true,"href":"https:\/\/www.claret.cat\/es\/wp-json\/wp\/v2\/product_brand?post=1095539"},{"taxonomy":"product_cat","embeddable":true,"href":"https:\/\/www.claret.cat\/es\/wp-json\/wp\/v2\/product_cat?post=1095539"},{"taxonomy":"product_tag","embeddable":true,"href":"https:\/\/www.claret.cat\/es\/wp-json\/wp\/v2\/product_tag?post=1095539"}],"curies":[{"name":"wp","href":"https:\/\/api.w.org\/{rel}","templated":true}]}}

<p><span>¡Explora los misterios y maravillas del mundo en este increíble atlas! Viaja por cada continente y descubre lugares fascinantes como la exuberante selva amazónica en América del Sur, las antiguas ruinas de Machu Picchu en los Andes, las impresionantes formaciones rocosas de Capadocia en Asia, y las majestuosas pirámides de Giza en África. Conoce también a los sorprendentes animales que habitan los polos y otros ecosistemas únicos alrededor del planeta.</span></p>
<p><span>El libro incluye un globo terráqueo pop-up giratorio que convierte la exploración en una experiencia interactiva y única. Con ilustraciones vibrantes y datos fascinantes, este libro es el compañero perfecto para despertar la curiosidad y el espíritu aventurero de los niños.</span></p>

Cartoné

¡CON UN GRAN GLOBO TERRÁQUEO POP UP GIRATORIO!

SAN PABLO COMUNICACIÓN
