{"id":1095548,"date":"2026-04-08T11:05:40","date_gmt":"2026-04-08T09:05:40","guid":{"rendered":"https:\/\/www.claret.cat\/llibre\/yo-voy-conmigo-9791388132483\/"},"modified":"2026-04-08T13:05:30","modified_gmt":"2026-04-08T11:05:30","slug":"yo-voy-conmigo-9791388132483","status":"publish","type":"product","link":"https:\/\/www.claret.cat\/es\/libro\/yo-voy-conmigo-9791388132483\/","title":{"rendered":"YO VOY CONMIGO"},"content":{"rendered":"<p>A nuestra protagonista le gusta Mart\u00edn. Pero Luc\u00eda le ha dicho que a \u00e9l quiz\u00e1s no le gusten las coletas, Ana piensa que el problema quiz\u00e1s sean las gafas, y Luis ha pensado que a lo mejor a Mart\u00edn no le gustan las cancioncillas que siempre tararea. <\/p>\n<p> NubeOcho publica Yo voy conmigo, un libro con m\u00e1s de 75.000 lector@s, que ha sido adaptado en un cortometraje con 10 premios internacionales y 130 selecciones. Un libro indispensable para hablar de autoestima e identidad.<\/p>\n","protected":false},"excerpt":{"rendered":"<p>RAQUEL D\u00cdAZ REGUERA<\/p>\n","protected":false},"featured_media":1095627,"template":"","meta":{"_acf_changed":false,"om_disable_all_campaigns":false,"rs_blank_template":"","rs_page_bg_color":"","slide_template_v7":"","inline_featured_image":false,"_monsterinsights_skip_tracking":false,"_monsterinsights_sitenote_active":false,"_monsterinsights_sitenote_note":"","_monsterinsights_sitenote_category":0},"product_brand":[],"product_cat":[131,361],"product_tag":[],"class_list":{"0":"post-1095548","1":"product","2":"type-product","3":"status-publish","4":"has-post-thumbnail","6":"product_cat-contes-per-infants-0-6-anys","7":"product_cat-cuentos-para-ninos-0-6-anos","9":"first","10":"instock","11":"taxable","12":"shipping-taxable","13":"purchasable","14":"product-type-simple"},"acf":{"autor":"RAQUEL D\u00cdAZ REGUERA","codart":"138813248","libros-coleccion":"","ediciones":"1","encuadernacion":"Carton\u00e9","fecha_de_publicacion":"01\/04\/2026","novedad":"1","paginas":"32","subtitulo":"","orden":"0","portada":"0","idioma":"spa","booktrailer":"","resenas":"","editorial":[{"ID":148592,"post_author":"3","post_date":"2022-10-14 11:59:27","post_date_gmt":"2022-10-14 09:59:27","post_content":"","post_title":"NUBEOCHO","post_excerpt":"","post_status":"publish","comment_status":"closed","ping_status":"closed","post_password":"","post_name":"nubeocho","to_ping":"","pinged":"","post_modified":"2022-10-14 11:59:27","post_modified_gmt":"2022-10-14 09:59:27","post_content_filtered":"","post_parent":0,"guid":"http:\/\/dev.claret.cat\/editorial\/nubeocho\/","menu_order":0,"post_type":"editorial","post_mime_type":"","comment_count":"0","filter":"raw"}]},"aioseo_notices":[],"_links":{"self":[{"href":"https:\/\/www.claret.cat\/es\/wp-json\/wp\/v2\/product\/1095548","targetHints":{"allow":["GET"]}}],"collection":[{"href":"https:\/\/www.claret.cat\/es\/wp-json\/wp\/v2\/product"}],"about":[{"href":"https:\/\/www.claret.cat\/es\/wp-json\/wp\/v2\/types\/product"}],"wp:featuredmedia":[{"embeddable":true,"href":"https:\/\/www.claret.cat\/es\/wp-json\/wp\/v2\/media\/1095627"}],"wp:attachment":[{"href":"https:\/\/www.claret.cat\/es\/wp-json\/wp\/v2\/media?parent=1095548"}],"wp:term":[{"taxonomy":"product_brand","embeddable":true,"href":"https:\/\/www.claret.cat\/es\/wp-json\/wp\/v2\/product_brand?post=1095548"},{"taxonomy":"product_cat","embeddable":true,"href":"https:\/\/www.claret.cat\/es\/wp-json\/wp\/v2\/product_cat?post=1095548"},{"taxonomy":"product_tag","embeddable":true,"href":"https:\/\/www.claret.cat\/es\/wp-json\/wp\/v2\/product_tag?post=1095548"}],"curies":[{"name":"wp","href":"https:\/\/api.w.org\/{rel}","templated":true}]}}

<p>A nuestra protagonista le gusta Martín. Pero Lucía le ha dicho que a él quizás no le gusten las coletas, Ana piensa que el problema quizás sean las gafas, y Luis ha pensado que a lo mejor a Martín no le gustan las cancioncillas que siempre tararea. </p>
<p> NubeOcho publica Yo voy conmigo, un libro con más de 75.000 lector@s, que ha sido adaptado en un cortometraje con 10 premios internacionales y 130 selecciones. Un libro indispensable para hablar de autoestima e identidad.</p>

<p>RAQUEL DÍAZ REGUERA</p>

RAQUEL DÍAZ REGUERA

Cartoné
