{"id":1095554,"date":"2026-04-08T11:06:26","date_gmt":"2026-04-08T09:06:26","guid":{"rendered":"https:\/\/www.claret.cat\/llibre\/vicente-un-camaleon-diferente-9791387834586\/"},"modified":"2026-04-08T13:05:46","modified_gmt":"2026-04-08T11:05:46","slug":"vicente-un-camaleon-diferente-9791387834586","status":"publish","type":"product","link":"https:\/\/www.claret.cat\/es\/libro\/vicente-un-camaleon-diferente-9791387834586\/","title":{"rendered":"VICENTE, UN CAMALE\u00d3N DIFERENTE"},"content":{"rendered":"<p>Vicente es diferente al resto de camaleones porque su piel no es de colores, sino blanca. \u00c9l quiere ser como los dem\u00e1s y est\u00e1 dispuesto a hacer lo que sea para conseguirlo: pintarse las escamas, agotarse cazando moscas\u2026 Pero nada funciona c\u00f3mo a \u00e9l le gustar\u00eda. \u00bfDescubrir\u00e1 qu\u00e9 le hace falta para gustar a los dem\u00e1s? \u00bfY de verdad es eso tan importante?<\/p>\n","protected":false},"excerpt":{"rendered":"<p>JAVIER RUESCAS<\/p>\n","protected":false},"featured_media":1095629,"template":"","meta":{"_acf_changed":false,"om_disable_all_campaigns":false,"rs_blank_template":"","rs_page_bg_color":"","slide_template_v7":"","inline_featured_image":false,"_monsterinsights_skip_tracking":false,"_monsterinsights_sitenote_active":false,"_monsterinsights_sitenote_note":"","_monsterinsights_sitenote_category":0},"product_brand":[],"product_cat":[131,361],"product_tag":[],"class_list":{"0":"post-1095554","1":"product","2":"type-product","3":"status-publish","4":"has-post-thumbnail","6":"product_cat-contes-per-infants-0-6-anys","7":"product_cat-cuentos-para-ninos-0-6-anos","9":"first","10":"instock","11":"taxable","12":"shipping-taxable","13":"purchasable","14":"product-type-simple"},"acf":{"autor":"JAVIER RUESCAS","codart":"138783458","libros-coleccion":"","ediciones":"1","encuadernacion":"Carton\u00e9","fecha_de_publicacion":"01\/03\/2026","novedad":"1","paginas":"40","subtitulo":"","orden":"0","portada":"0","idioma":"spa","booktrailer":"","resenas":"","editorial":[{"ID":148592,"post_author":"3","post_date":"2022-10-14 11:59:27","post_date_gmt":"2022-10-14 09:59:27","post_content":"","post_title":"NUBEOCHO","post_excerpt":"","post_status":"publish","comment_status":"closed","ping_status":"closed","post_password":"","post_name":"nubeocho","to_ping":"","pinged":"","post_modified":"2022-10-14 11:59:27","post_modified_gmt":"2022-10-14 09:59:27","post_content_filtered":"","post_parent":0,"guid":"http:\/\/dev.claret.cat\/editorial\/nubeocho\/","menu_order":0,"post_type":"editorial","post_mime_type":"","comment_count":"0","filter":"raw"}]},"aioseo_notices":[],"_links":{"self":[{"href":"https:\/\/www.claret.cat\/es\/wp-json\/wp\/v2\/product\/1095554","targetHints":{"allow":["GET"]}}],"collection":[{"href":"https:\/\/www.claret.cat\/es\/wp-json\/wp\/v2\/product"}],"about":[{"href":"https:\/\/www.claret.cat\/es\/wp-json\/wp\/v2\/types\/product"}],"wp:featuredmedia":[{"embeddable":true,"href":"https:\/\/www.claret.cat\/es\/wp-json\/wp\/v2\/media\/1095629"}],"wp:attachment":[{"href":"https:\/\/www.claret.cat\/es\/wp-json\/wp\/v2\/media?parent=1095554"}],"wp:term":[{"taxonomy":"product_brand","embeddable":true,"href":"https:\/\/www.claret.cat\/es\/wp-json\/wp\/v2\/product_brand?post=1095554"},{"taxonomy":"product_cat","embeddable":true,"href":"https:\/\/www.claret.cat\/es\/wp-json\/wp\/v2\/product_cat?post=1095554"},{"taxonomy":"product_tag","embeddable":true,"href":"https:\/\/www.claret.cat\/es\/wp-json\/wp\/v2\/product_tag?post=1095554"}],"curies":[{"name":"wp","href":"https:\/\/api.w.org\/{rel}","templated":true}]}}

VICENTE, UN CAMALEÓN DIFERENTE

<p>Vicente es diferente al resto de camaleones porque su piel no es de colores, sino blanca. Él quiere ser como los demás y está dispuesto a hacer lo que sea para conseguirlo: pintarse las escamas, agotarse cazando moscas… Pero nada funciona cómo a él le gustaría. ¿Descubrirá qué le hace falta para gustar a los demás? ¿Y de verdad es eso tan importante?</p>

Cartoné
