{"id":1095557,"date":"2026-04-08T11:10:23","date_gmt":"2026-04-08T09:10:23","guid":{"rendered":"https:\/\/www.claret.cat\/llibre\/belleza-dorada-9791387574956\/"},"modified":"2026-04-08T11:16:14","modified_gmt":"2026-04-08T09:16:14","slug":"belleza-dorada-9791387574956","status":"publish","type":"product","link":"https:\/\/www.claret.cat\/es\/libro\/belleza-dorada-9791387574956\/","title":{"rendered":"BELLEZA DORADA"},"content":{"rendered":"<p>La historia del cuadro que cambi\u00f3 el destino de dos mujeres<\/p>\n<p>\u00abUNA NOVELA APASIONANTE Y CAUTIVADORA.\u00bb GOODREADS<br \/>\u00abAlbanese sumerge al lector en un mundo de glamour, arte, intriga, poder y miedo\u2026 Para los lectores de Tracy Chevalier, as\u00ed como para quienes disfrutaron de la pel\u00edcula La dama de oro.\u00bb Library JournalA\u00f1o 1900. Adele Bloch-Bauer, una mujer casada de ascendencia jud\u00eda, hermosa, brillante y adinerada, conoce al pintor Gustav Klimt en una Viena que empieza a desprenderse de las caretas del decoro y del antisemitismo. Su embriagadora vulnerabilidad e intensidad alimentan un tri\u00e1ngulo amoroso que dar\u00e1 lugar a las mejores obras del artista. A\u00f1o 1938. Maria Altmann, reci\u00e9n casada y enamorada en la ciudad que la vio nacer, tiene que presenciar c\u00f3mo, de la noche a la ma\u00f1ana, su querida Viena se convierte en zona de guerra. Cuando arrestan a su marido y todo a su alrededor se desmorona, el legado de su t\u00eda Adele la mantendr\u00e1 en pie, un legado por el que tendr\u00e1 que enfrentarse a los nazis y al gobierno austr\u00edaco. Belleza dorada sigue el desarrollo de una extraordinaria historia real que se extiende a lo largo de m\u00e1s de un siglo y trav\u00e9s de las vidas de dos mujeres valientes. <br \/>Una novela resplandeciente y sensual, impregnada de todo el magnetismo que desprenden los cuadros de Gustav Klimt.\u00abUna obra de arte en s\u00ed misma.\u00bb The Wall Street Journal<br \/>\u00ab\u00c9pica.\u00bb Cosmopolitan<br \/>\u00abHipn\u00f3tica y sensual.\u00bb The New York Times<br \/>\u00abUna lectura extremadamente grata. Los amantes del suspense rom\u00e1ntico y del arte apreciar\u00e1n la recreaci\u00f3n de la saga familiar detr\u00e1s de la pintura conocida como la Mona Lisa de Viena.\u00bb Kirkus Reviews<br \/>\u00abAlbanese teje magistralmente la historia de Adele con la vida de Maria bajo el yugo nazi. Es dif\u00edcil leer Belleza dorada y no encontrar ecos en los titulares actuales. \u00bfEs que no hemos aprendido nada siete d\u00e9cadas despu\u00e9s de la segunda guerra mundial?\u00bb USA Today<br \/>\u00abCautivar\u00e1 a los fan\u00e1ticos de la ficci\u00f3n hist\u00f3rica.\u00bb\u00a0Booklist<\/p>\n","protected":false},"excerpt":{"rendered":"<p>LAURIE LICO ALBANESE<\/p>\n","protected":false},"featured_media":1095558,"template":"","meta":{"_acf_changed":false,"om_disable_all_campaigns":false,"rs_blank_template":"","rs_page_bg_color":"","slide_template_v7":"","inline_featured_image":false,"_monsterinsights_skip_tracking":false,"_monsterinsights_sitenote_active":false,"_monsterinsights_sitenote_note":"","_monsterinsights_sitenote_category":0},"product_brand":[],"product_cat":[127,357],"product_tag":[],"class_list":{"0":"post-1095557","1":"product","2":"type-product","3":"status-publish","4":"has-post-thumbnail","6":"product_cat-novella-contemporania","7":"product_cat-novela-contemporanea","9":"first","10":"instock","11":"taxable","12":"shipping-taxable","13":"purchasable","14":"product-type-simple"},"acf":{"autor":"LAURIE LICO ALBANESE","codart":"138757495","libros-coleccion":"","ediciones":"1","encuadernacion":"R\u00fastica","fecha_de_publicacion":"01\/04\/2026","novedad":"1","paginas":"420","subtitulo":"","orden":"0","portada":"0","idioma":"spa","booktrailer":"","resenas":"","editorial":[{"ID":6188,"post_author":"3","post_date":"2022-07-28 17:46:47","post_date_gmt":"2022-07-28 15:46:47","post_content":"","post_title":"Duomo ediciones","post_excerpt":"","post_status":"publish","comment_status":"closed","ping_status":"closed","post_password":"","post_name":"duomo-ediciones","to_ping":"","pinged":"","post_modified":"2022-07-28 17:46:47","post_modified_gmt":"2022-07-28 15:46:47","post_content_filtered":"","post_parent":0,"guid":"http:\/\/dev.claret.cat\/editorial\/duomo-ediciones\/","menu_order":0,"post_type":"editorial","post_mime_type":"","comment_count":"0","filter":"raw"}]},"aioseo_notices":[],"_links":{"self":[{"href":"https:\/\/www.claret.cat\/es\/wp-json\/wp\/v2\/product\/1095557","targetHints":{"allow":["GET"]}}],"collection":[{"href":"https:\/\/www.claret.cat\/es\/wp-json\/wp\/v2\/product"}],"about":[{"href":"https:\/\/www.claret.cat\/es\/wp-json\/wp\/v2\/types\/product"}],"wp:featuredmedia":[{"embeddable":true,"href":"https:\/\/www.claret.cat\/es\/wp-json\/wp\/v2\/media\/1095558"}],"wp:attachment":[{"href":"https:\/\/www.claret.cat\/es\/wp-json\/wp\/v2\/media?parent=1095557"}],"wp:term":[{"taxonomy":"product_brand","embeddable":true,"href":"https:\/\/www.claret.cat\/es\/wp-json\/wp\/v2\/product_brand?post=1095557"},{"taxonomy":"product_cat","embeddable":true,"href":"https:\/\/www.claret.cat\/es\/wp-json\/wp\/v2\/product_cat?post=1095557"},{"taxonomy":"product_tag","embeddable":true,"href":"https:\/\/www.claret.cat\/es\/wp-json\/wp\/v2\/product_tag?post=1095557"}],"curies":[{"name":"wp","href":"https:\/\/api.w.org\/{rel}","templated":true}]}}

<p>La historia del cuadro que cambió el destino de dos mujeres</p>
<p>«UNA NOVELA APASIONANTE Y CAUTIVADORA.» GOODREADS<br />«Albanese sumerge al lector en un mundo de glamour, arte, intriga, poder y miedo… Para los lectores de Tracy Chevalier, así como para quienes disfrutaron de la película La dama de oro.» Library JournalAño 1900. Adele Bloch-Bauer, una mujer casada de ascendencia judía, hermosa, brillante y adinerada, conoce al pintor Gustav Klimt en una Viena que empieza a desprenderse de las caretas del decoro y del antisemitismo. Su embriagadora vulnerabilidad e intensidad alimentan un triángulo amoroso que dará lugar a las mejores obras del artista. Año 1938. Maria Altmann, recién casada y enamorada en la ciudad que la vio nacer, tiene que presenciar cómo, de la noche a la mañana, su querida Viena se convierte en zona de guerra. Cuando arrestan a su marido y todo a su alrededor se desmorona, el legado de su tía Adele la mantendrá en pie, un legado por el que tendrá que enfrentarse a los nazis y al gobierno austríaco. Belleza dorada sigue el desarrollo de una extraordinaria historia real que se extiende a lo largo de más de un siglo y través de las vidas de dos mujeres valientes. <br />Una novela resplandeciente y sensual, impregnada de todo el magnetismo que desprenden los cuadros de Gustav Klimt.«Una obra de arte en sí misma.» The Wall Street Journal<br />«Épica.» Cosmopolitan<br />«Hipnótica y sensual.» The New York Times<br />«Una lectura extremadamente grata. Los amantes del suspense romántico y del arte apreciarán la recreación de la saga familiar detrás de la pintura conocida como la Mona Lisa de Viena.» Kirkus Reviews<br />«Albanese teje magistralmente la historia de Adele con la vida de Maria bajo el yugo nazi. Es difícil leer Belleza dorada y no encontrar ecos en los titulares actuales. ¿Es que no hemos aprendido nada siete décadas después de la segunda guerra mundial?» USA Today<br />«Cautivará a los fanáticos de la ficción histórica.» Booklist</p>

Rústica
