{"id":1095581,"date":"2026-04-08T11:45:17","date_gmt":"2026-04-08T09:45:17","guid":{"rendered":"https:\/\/www.claret.cat\/llibre\/el-libro-de-las-hojas-caidas-9791370092405\/"},"modified":"2026-04-20T18:25:56","modified_gmt":"2026-04-20T16:25:56","slug":"el-libro-de-las-hojas-caidas-9791370092405","status":"publish","type":"product","link":"https:\/\/www.claret.cat\/es\/libro\/el-libro-de-las-hojas-caidas-9791370092405\/","title":{"rendered":"EL LIBRO DE LAS HOJAS CA\u00cdDAS"},"content":{"rendered":"<p>Sen Hoshiakari es el pr\u00edncipe exiliado que lo perdi\u00f3 todo tras la fallida revoluci\u00f3n de su padre. Privado de su derecho de nacimiento, est\u00e1 decidido a restaurar las tierras y el honor de su familia a cualquier precio.Rui es una campesina que salv\u00f3 la vida de Sen la noche en la que ejecutaron a su familia. Pero ahora est\u00e1 a la deriva y buscando su lugar en el mundo, pues no sabe que los dioses mismos tienen planes para ella.Mientras la guerra civil hace que el imperio caiga en el caos y los demonios buscan vengarse de los vivos, Sen y Rui deber\u00e1n luchar tanto por su clan como por su futuro juntos.<\/p>\n","protected":false},"excerpt":{"rendered":"<p>A. S. TAMAKI<\/p>\n","protected":false},"featured_media":1095758,"template":"","meta":{"_acf_changed":false,"om_disable_all_campaigns":false,"rs_blank_template":"","rs_page_bg_color":"","slide_template_v7":"","inline_featured_image":false,"_monsterinsights_skip_tracking":false,"_monsterinsights_sitenote_active":false,"_monsterinsights_sitenote_note":"","_monsterinsights_sitenote_category":0},"product_brand":[],"product_cat":[127,357],"product_tag":[],"class_list":{"0":"post-1095581","1":"product","2":"type-product","3":"status-publish","4":"has-post-thumbnail","6":"product_cat-novella-contemporania","7":"product_cat-novela-contemporanea","9":"first","10":"instock","11":"taxable","12":"shipping-taxable","13":"purchasable","14":"product-type-simple"},"acf":{"autor":"A. S. TAMAKI","codart":"137009240","libros-coleccion":"","ediciones":"1","encuadernacion":"Carton\u00e9","fecha_de_publicacion":"01\/04\/2026","novedad":"1","paginas":"590","subtitulo":"PRIMER LIBRO DEL IMPERIO DEL OTO\u00d1O","orden":"0","portada":"0","idioma":"spa","booktrailer":"","resenas":"","editorial":[{"ID":6119,"post_author":"3","post_date":"2022-07-28 17:45:18","post_date_gmt":"2022-07-28 15:45:18","post_content":"","post_title":"Alianza Editorial","post_excerpt":"","post_status":"publish","comment_status":"closed","ping_status":"closed","post_password":"","post_name":"alianza-editorial","to_ping":"","pinged":"","post_modified":"2022-07-28 17:45:18","post_modified_gmt":"2022-07-28 15:45:18","post_content_filtered":"","post_parent":0,"guid":"http:\/\/dev.claret.cat\/editorial\/alianza-editorial\/","menu_order":0,"post_type":"editorial","post_mime_type":"","comment_count":"0","filter":"raw"}]},"aioseo_notices":[],"_links":{"self":[{"href":"https:\/\/www.claret.cat\/es\/wp-json\/wp\/v2\/product\/1095581","targetHints":{"allow":["GET"]}}],"collection":[{"href":"https:\/\/www.claret.cat\/es\/wp-json\/wp\/v2\/product"}],"about":[{"href":"https:\/\/www.claret.cat\/es\/wp-json\/wp\/v2\/types\/product"}],"wp:featuredmedia":[{"embeddable":true,"href":"https:\/\/www.claret.cat\/es\/wp-json\/wp\/v2\/media\/1095758"}],"wp:attachment":[{"href":"https:\/\/www.claret.cat\/es\/wp-json\/wp\/v2\/media?parent=1095581"}],"wp:term":[{"taxonomy":"product_brand","embeddable":true,"href":"https:\/\/www.claret.cat\/es\/wp-json\/wp\/v2\/product_brand?post=1095581"},{"taxonomy":"product_cat","embeddable":true,"href":"https:\/\/www.claret.cat\/es\/wp-json\/wp\/v2\/product_cat?post=1095581"},{"taxonomy":"product_tag","embeddable":true,"href":"https:\/\/www.claret.cat\/es\/wp-json\/wp\/v2\/product_tag?post=1095581"}],"curies":[{"name":"wp","href":"https:\/\/api.w.org\/{rel}","templated":true}]}}

EL LIBRO DE LAS HOJAS CAÍDAS

<p>Sen Hoshiakari es el príncipe exiliado que lo perdió todo tras la fallida revolución de su padre. Privado de su derecho de nacimiento, está decidido a restaurar las tierras y el honor de su familia a cualquier precio.Rui es una campesina que salvó la vida de Sen la noche en la que ejecutaron a su familia. Pero ahora está a la deriva y buscando su lugar en el mundo, pues no sabe que los dioses mismos tienen planes para ella.Mientras la guerra civil hace que el imperio caiga en el caos y los demonios buscan vengarse de los vivos, Sen y Rui deberán luchar tanto por su clan como por su futuro juntos.</p>

Cartoné

PRIMER LIBRO DEL IMPERIO DEL OTOÑO
