{"id":1095590,"date":"2026-04-08T11:50:17","date_gmt":"2026-04-08T09:50:17","guid":{"rendered":"https:\/\/www.claret.cat\/llibre\/la-septima-vida-de-los-gatos-9791387775315\/"},"modified":"2026-04-08T11:51:09","modified_gmt":"2026-04-08T09:51:09","slug":"la-septima-vida-de-los-gatos-9791387775315","status":"publish","type":"product","link":"https:\/\/www.claret.cat\/es\/libro\/la-septima-vida-de-los-gatos-9791387775315\/","title":{"rendered":"LA S\u00c9PTIMA VIDA DE LOS GATOS"},"content":{"rendered":"<p>Hasta hace poco los gatos segu\u00edan la disciplina rockera del live fast die young, y es verdad que si pienso en los felinos arrabaleros, de noches de tejado, camadas infinitas y platos vac\u00edos, me parecen aut\u00e9nticas rock stars. La inocencia les dura poco, la comida se acaba r\u00e1pido y los peligros acechan a cada esquina. La esperanza de vida en esas condiciones, ya te lo imaginas, es poco optimista.Nuestros gatos viven r\u00e1pido, en comparaci\u00f3n a las personas, pero ya no mueren j\u00f3venes. La mayor\u00eda ya mueren de viejos, habiendo disfrutado largos a\u00f1os repletos de mimos y latitas. Esto abre un campo ampl\u00edsimo, y del que poco se habla, en el cuidado de nuestros gatos mayores.Este libro va dedicado a los gatos s\u00e9nior y &#8221;supersenior&#8221;, de 11 a\u00f1os al infinito, infinito porque cuando ya no est\u00e9n seguir\u00e1n ronroneando dentro de nosotras. Este libro va dirigido a ti, que necesitas saber qu\u00e9 cambios son normales y c\u00f3mo detectar los que nos preocupan, para que puedas cuidar desde el conocimiento, la empat\u00eda y el respeto. Para que al final tomes la decisi\u00f3n correcta sabiendo que es el momento adecuado. Para que abraces este camino bell\u00edsimo que es vivir la vejez de nuestros gatos.<\/p>\n","protected":false},"excerpt":{"rendered":"<p>ALICIA GOS\u00c1LBEZ SANZ<\/p>\n","protected":false},"featured_media":1095591,"template":"","meta":{"_acf_changed":false,"om_disable_all_campaigns":false,"rs_blank_template":"","rs_page_bg_color":"","slide_template_v7":"","inline_featured_image":false,"_monsterinsights_skip_tracking":false,"_monsterinsights_sitenote_active":false,"_monsterinsights_sitenote_note":"","_monsterinsights_sitenote_category":0},"product_brand":[],"product_cat":[90,540],"product_tag":[],"class_list":{"0":"post-1095590","1":"product","2":"type-product","3":"status-publish","4":"has-post-thumbnail","6":"product_cat-altres","7":"product_cat-otros","9":"first","10":"instock","11":"taxable","12":"shipping-taxable","13":"purchasable","14":"product-type-simple"},"acf":{"autor":"ALICIA GOS\u00c1LBEZ SANZ","codart":"138777531","libros-coleccion":"","ediciones":"1","encuadernacion":"R\u00fastica","fecha_de_publicacion":"01\/04\/2026","novedad":"1","paginas":"182","subtitulo":"C\u00d3MO CUIDARLOS CUANDO SE HACEN MAYORES","orden":"0","portada":"0","idioma":"spa","booktrailer":"","resenas":"","editorial":[{"ID":148600,"post_author":"3","post_date":"2022-10-14 11:59:30","post_date_gmt":"2022-10-14 09:59:30","post_content":"","post_title":"OBERON","post_excerpt":"","post_status":"publish","comment_status":"closed","ping_status":"closed","post_password":"","post_name":"oberon","to_ping":"","pinged":"","post_modified":"2022-10-14 11:59:30","post_modified_gmt":"2022-10-14 09:59:30","post_content_filtered":"","post_parent":0,"guid":"http:\/\/dev.claret.cat\/editorial\/oberon\/","menu_order":0,"post_type":"editorial","post_mime_type":"","comment_count":"0","filter":"raw"}]},"aioseo_notices":[],"_links":{"self":[{"href":"https:\/\/www.claret.cat\/es\/wp-json\/wp\/v2\/product\/1095590","targetHints":{"allow":["GET"]}}],"collection":[{"href":"https:\/\/www.claret.cat\/es\/wp-json\/wp\/v2\/product"}],"about":[{"href":"https:\/\/www.claret.cat\/es\/wp-json\/wp\/v2\/types\/product"}],"wp:featuredmedia":[{"embeddable":true,"href":"https:\/\/www.claret.cat\/es\/wp-json\/wp\/v2\/media\/1095591"}],"wp:attachment":[{"href":"https:\/\/www.claret.cat\/es\/wp-json\/wp\/v2\/media?parent=1095590"}],"wp:term":[{"taxonomy":"product_brand","embeddable":true,"href":"https:\/\/www.claret.cat\/es\/wp-json\/wp\/v2\/product_brand?post=1095590"},{"taxonomy":"product_cat","embeddable":true,"href":"https:\/\/www.claret.cat\/es\/wp-json\/wp\/v2\/product_cat?post=1095590"},{"taxonomy":"product_tag","embeddable":true,"href":"https:\/\/www.claret.cat\/es\/wp-json\/wp\/v2\/product_tag?post=1095590"}],"curies":[{"name":"wp","href":"https:\/\/api.w.org\/{rel}","templated":true}]}}

LA SÉPTIMA VIDA DE LOS GATOS

<p>Hasta hace poco los gatos seguían la disciplina rockera del live fast die young, y es verdad que si pienso en los felinos arrabaleros, de noches de tejado, camadas infinitas y platos vacíos, me parecen auténticas rock stars. La inocencia les dura poco, la comida se acaba rápido y los peligros acechan a cada esquina. La esperanza de vida en esas condiciones, ya te lo imaginas, es poco optimista.Nuestros gatos viven rápido, en comparación a las personas, pero ya no mueren jóvenes. La mayoría ya mueren de viejos, habiendo disfrutado largos años repletos de mimos y latitas. Esto abre un campo amplísimo, y del que poco se habla, en el cuidado de nuestros gatos mayores.Este libro va dedicado a los gatos sénior y &#8221;supersenior&#8221;, de 11 años al infinito, infinito porque cuando ya no estén seguirán ronroneando dentro de nosotras. Este libro va dirigido a ti, que necesitas saber qué cambios son normales y cómo detectar los que nos preocupan, para que puedas cuidar desde el conocimiento, la empatía y el respeto. Para que al final tomes la decisión correcta sabiendo que es el momento adecuado. Para que abraces este camino bellísimo que es vivir la vejez de nuestros gatos.</p>

<p>ALICIA GOSÁLBEZ SANZ</p>

ALICIA GOSÁLBEZ SANZ

Rústica

CÓMO CUIDARLOS CUANDO SE HACEN MAYORES
