{"id":1095658,"date":"2026-04-08T15:57:37","date_gmt":"2026-04-08T13:57:37","guid":{"rendered":"https:\/\/www.claret.cat\/llibre\/en-volamunt-9788447955732\/"},"modified":"2026-04-08T16:16:11","modified_gmt":"2026-04-08T14:16:11","slug":"en-volamunt-9788447955732","status":"publish","type":"product","link":"https:\/\/www.claret.cat\/es\/libro\/en-volamunt-9788447955732\/","title":{"rendered":"EN VOLAMUNT"},"content":{"rendered":"<p>En Volamunt \u00e9s l&#8221;\u00fanic superheroi de la seva ciutat, per\u00f2 t\u00e9 un problema gegant: la seva capa m\u00e0gica s&#8221;ha encongit a la rentadora! Mentre el lladregot Malape\u00e7a campa lliurament, el nostre heroi haur\u00e0 de buscar solucions desesperades, des d&#8221;agafar l&#8221;autob\u00fas fins a provar invents d&#8221;all\u00f2 m\u00e9s estranys. Se&#8221;n sortir\u00e0? Descobreix una aventura plena de supertrompades, amistats inesperades i una lli\u00e7\u00f3 fonamental: per ser un heroi de primera, de vegades nom\u00e9s cal una mica d&#8221;ajuda i molta imaginaci\u00f3.<\/p>\n","protected":false},"excerpt":{"rendered":"<p>N\u00daRIA FIGUERAS I ADELL<\/p>\n","protected":false},"featured_media":1095659,"template":"","meta":{"_acf_changed":false,"om_disable_all_campaigns":false,"rs_blank_template":"","rs_page_bg_color":"","slide_template_v7":"","inline_featured_image":false,"_monsterinsights_skip_tracking":false,"_monsterinsights_sitenote_active":false,"_monsterinsights_sitenote_note":"","_monsterinsights_sitenote_category":0},"product_brand":[],"product_cat":[132,362],"product_tag":[],"class_list":{"0":"post-1095658","1":"product","2":"type-product","3":"status-publish","4":"has-post-thumbnail","6":"product_cat-lectures-per-preadolescents-6-12-anys","7":"product_cat-libros-preadolescentes-6-12-anos","9":"first","10":"instock","11":"taxable","12":"shipping-taxable","13":"purchasable","14":"product-type-simple"},"acf":{"autor":"N\u00daRIA FIGUERAS I ADELL","codart":"844795573","libros-coleccion":"","ediciones":"1","encuadernacion":"R\u00fastica","fecha_de_publicacion":"01\/03\/2026","novedad":"1","paginas":"42","subtitulo":"UN SUPERHEROI DE PRIMERA","orden":"0","portada":"0","idioma":"cat","booktrailer":"","resenas":"","editorial":[{"ID":147536,"post_author":"3","post_date":"2022-10-14 11:51:19","post_date_gmt":"2022-10-14 09:51:19","post_content":"","post_title":"BAULA-EDELVIVES-VALENCIANO\/CATALAN-TXT-","post_excerpt":"","post_status":"publish","comment_status":"closed","ping_status":"closed","post_password":"","post_name":"baula-edelvives-valenciano-catalan-txt","to_ping":"","pinged":"","post_modified":"2022-10-14 11:51:19","post_modified_gmt":"2022-10-14 09:51:19","post_content_filtered":"","post_parent":0,"guid":"http:\/\/dev.claret.cat\/editorial\/baula-edelvives-valenciano-catalan-txt\/","menu_order":0,"post_type":"editorial","post_mime_type":"","comment_count":"0","filter":"raw"}]},"aioseo_notices":[],"_links":{"self":[{"href":"https:\/\/www.claret.cat\/es\/wp-json\/wp\/v2\/product\/1095658","targetHints":{"allow":["GET"]}}],"collection":[{"href":"https:\/\/www.claret.cat\/es\/wp-json\/wp\/v2\/product"}],"about":[{"href":"https:\/\/www.claret.cat\/es\/wp-json\/wp\/v2\/types\/product"}],"wp:featuredmedia":[{"embeddable":true,"href":"https:\/\/www.claret.cat\/es\/wp-json\/wp\/v2\/media\/1095659"}],"wp:attachment":[{"href":"https:\/\/www.claret.cat\/es\/wp-json\/wp\/v2\/media?parent=1095658"}],"wp:term":[{"taxonomy":"product_brand","embeddable":true,"href":"https:\/\/www.claret.cat\/es\/wp-json\/wp\/v2\/product_brand?post=1095658"},{"taxonomy":"product_cat","embeddable":true,"href":"https:\/\/www.claret.cat\/es\/wp-json\/wp\/v2\/product_cat?post=1095658"},{"taxonomy":"product_tag","embeddable":true,"href":"https:\/\/www.claret.cat\/es\/wp-json\/wp\/v2\/product_tag?post=1095658"}],"curies":[{"name":"wp","href":"https:\/\/api.w.org\/{rel}","templated":true}]}}

<p>En Volamunt és l&#8221;únic superheroi de la seva ciutat, però té un problema gegant: la seva capa màgica s&#8221;ha encongit a la rentadora! Mentre el lladregot Malapeça campa lliurament, el nostre heroi haurà de buscar solucions desesperades, des d&#8221;agafar l&#8221;autobús fins a provar invents d&#8221;allò més estranys. Se&#8221;n sortirà? Descobreix una aventura plena de supertrompades, amistats inesperades i una lliçó fonamental: per ser un heroi de primera, de vegades només cal una mica d&#8221;ajuda i molta imaginació.</p>

<p>NÚRIA FIGUERAS I ADELL</p>

NÚRIA FIGUERAS I ADELL

Rústica
