{"id":1095661,"date":"2026-04-08T15:57:59","date_gmt":"2026-04-08T13:57:59","guid":{"rendered":"https:\/\/www.claret.cat\/llibre\/la-nena-que-levitava-9788447955749\/"},"modified":"2026-04-08T16:16:17","modified_gmt":"2026-04-08T14:16:17","slug":"la-nena-que-levitava-9788447955749","status":"publish","type":"product","link":"https:\/\/www.claret.cat\/es\/libro\/la-nena-que-levitava-9788447955749\/","title":{"rendered":"LA NENA QUE LEVITAVA"},"content":{"rendered":"<p>La Martina \u00e9s una nena aparentment normal fins que, un mat\u00ed, es desperta surant a cinc cent\u00edmetres de terra. El que sembla una fantasia inexplicable resulta que \u00e9s l\u2019efecte d\u2019un accident extraterrestre: una alien\u00edgena s\u2019ha refugiat dins el seu cos durant un dia de pluja. Cada dia que passa, la Martina levita m\u00e9s amunt, fet que preocupa els seus peculiars pares i desconcerta tothom a l\u2019escola. Amb l\u2019objectiu d\u2019ajudar-la visiten metges, astrof\u00edsics i fins i tot gurus, mentre miren d\u2019evitar que la Martina acabi a l\u2019estratosfera. Quan l\u2019extraterrestre \u00e9s finalment rescatada, es deixa oblidat el seu traductor universal dins la Martina.<\/p>\n","protected":false},"excerpt":{"rendered":"<p>JORDI SIERRA I FABRA<\/p>\n","protected":false},"featured_media":1095662,"template":"","meta":{"_acf_changed":false,"om_disable_all_campaigns":false,"rs_blank_template":"","rs_page_bg_color":"","slide_template_v7":"","inline_featured_image":false,"_monsterinsights_skip_tracking":false,"_monsterinsights_sitenote_active":false,"_monsterinsights_sitenote_note":"","_monsterinsights_sitenote_category":0},"product_brand":[],"product_cat":[131,361],"product_tag":[],"class_list":{"0":"post-1095661","1":"product","2":"type-product","3":"status-publish","4":"has-post-thumbnail","6":"product_cat-contes-per-infants-0-6-anys","7":"product_cat-cuentos-para-ninos-0-6-anos","9":"first","10":"instock","11":"taxable","12":"shipping-taxable","13":"purchasable","14":"product-type-simple"},"acf":{"autor":"JORDI SIERRA I FABRA","codart":"844795574","libros-coleccion":"","ediciones":"1","encuadernacion":"R\u00fastica","fecha_de_publicacion":"01\/03\/2026","novedad":"1","paginas":"115","subtitulo":"","orden":"0","portada":"0","idioma":"cat","booktrailer":"","resenas":"","editorial":[{"ID":147536,"post_author":"3","post_date":"2022-10-14 11:51:19","post_date_gmt":"2022-10-14 09:51:19","post_content":"","post_title":"BAULA-EDELVIVES-VALENCIANO\/CATALAN-TXT-","post_excerpt":"","post_status":"publish","comment_status":"closed","ping_status":"closed","post_password":"","post_name":"baula-edelvives-valenciano-catalan-txt","to_ping":"","pinged":"","post_modified":"2022-10-14 11:51:19","post_modified_gmt":"2022-10-14 09:51:19","post_content_filtered":"","post_parent":0,"guid":"http:\/\/dev.claret.cat\/editorial\/baula-edelvives-valenciano-catalan-txt\/","menu_order":0,"post_type":"editorial","post_mime_type":"","comment_count":"0","filter":"raw"}]},"aioseo_notices":[],"_links":{"self":[{"href":"https:\/\/www.claret.cat\/es\/wp-json\/wp\/v2\/product\/1095661","targetHints":{"allow":["GET"]}}],"collection":[{"href":"https:\/\/www.claret.cat\/es\/wp-json\/wp\/v2\/product"}],"about":[{"href":"https:\/\/www.claret.cat\/es\/wp-json\/wp\/v2\/types\/product"}],"wp:featuredmedia":[{"embeddable":true,"href":"https:\/\/www.claret.cat\/es\/wp-json\/wp\/v2\/media\/1095662"}],"wp:attachment":[{"href":"https:\/\/www.claret.cat\/es\/wp-json\/wp\/v2\/media?parent=1095661"}],"wp:term":[{"taxonomy":"product_brand","embeddable":true,"href":"https:\/\/www.claret.cat\/es\/wp-json\/wp\/v2\/product_brand?post=1095661"},{"taxonomy":"product_cat","embeddable":true,"href":"https:\/\/www.claret.cat\/es\/wp-json\/wp\/v2\/product_cat?post=1095661"},{"taxonomy":"product_tag","embeddable":true,"href":"https:\/\/www.claret.cat\/es\/wp-json\/wp\/v2\/product_tag?post=1095661"}],"curies":[{"name":"wp","href":"https:\/\/api.w.org\/{rel}","templated":true}]}}

<p>La Martina és una nena aparentment normal fins que, un matí, es desperta surant a cinc centímetres de terra. El que sembla una fantasia inexplicable resulta que és l’efecte d’un accident extraterrestre: una alienígena s’ha refugiat dins el seu cos durant un dia de pluja. Cada dia que passa, la Martina levita més amunt, fet que preocupa els seus peculiars pares i desconcerta tothom a l’escola. Amb l’objectiu d’ajudar-la visiten metges, astrofísics i fins i tot gurus, mentre miren d’evitar que la Martina acabi a l’estratosfera. Quan l’extraterrestre és finalment rescatada, es deixa oblidat el seu traductor universal dins la Martina.</p>

Rústica
