{"id":1095682,"date":"2026-04-08T16:05:02","date_gmt":"2026-04-08T14:05:02","guid":{"rendered":"https:\/\/www.claret.cat\/llibre\/esternut-va-esternut-ve-un-drac-una-princesa-i-un-cavaller-9788447955862\/"},"modified":"2026-04-08T16:16:46","modified_gmt":"2026-04-08T14:16:46","slug":"esternut-va-esternut-ve-un-drac-una-princesa-i-un-cavaller-9788447955862","status":"publish","type":"product","link":"https:\/\/www.claret.cat\/es\/libro\/esternut-va-esternut-ve-un-drac-una-princesa-i-un-cavaller-9788447955862\/","title":{"rendered":"ESTERNUT VA, ESTERNUT VE: UN DRAC, UNA PRINCESA I UN CAVALLER"},"content":{"rendered":"<p>Al regne de Corvalent, un drac gegant\u00ed amaga un secret. Quan un imprevist primaveral el posa en perill, el pr\u00edncep Valent\u00ed (que no \u00e9s gaire valent) i la princesa Lluna (una mica despistada) hauran d\u2019ajudar-lo en una aventura plena de sorpreses. M\u00e9s valent \u00e9s qui vol ajudar que qui nom\u00e9s vol lluitar.<\/p>\n","protected":false},"excerpt":{"rendered":"<p>NAT\u00c0LIA MUI\u00d1A SIXTO<\/p>\n","protected":false},"featured_media":1095683,"template":"","meta":{"_acf_changed":false,"om_disable_all_campaigns":false,"rs_blank_template":"","rs_page_bg_color":"","slide_template_v7":"","inline_featured_image":false,"_monsterinsights_skip_tracking":false,"_monsterinsights_sitenote_active":false,"_monsterinsights_sitenote_note":"","_monsterinsights_sitenote_category":0},"product_brand":[],"product_cat":[131,361],"product_tag":[],"class_list":{"0":"post-1095682","1":"product","2":"type-product","3":"status-publish","4":"has-post-thumbnail","6":"product_cat-contes-per-infants-0-6-anys","7":"product_cat-cuentos-para-ninos-0-6-anos","9":"first","10":"instock","11":"taxable","12":"shipping-taxable","13":"purchasable","14":"product-type-simple"},"acf":{"autor":"NAT\u00c0LIA MUI\u00d1A SIXTO","codart":"844795586","libros-coleccion":"","ediciones":"1","encuadernacion":"R\u00fastica","fecha_de_publicacion":"01\/03\/2026","novedad":"1","paginas":"30","subtitulo":"","orden":"0","portada":"0","idioma":"cat","booktrailer":"","resenas":"","editorial":[{"ID":147536,"post_author":"3","post_date":"2022-10-14 11:51:19","post_date_gmt":"2022-10-14 09:51:19","post_content":"","post_title":"BAULA-EDELVIVES-VALENCIANO\/CATALAN-TXT-","post_excerpt":"","post_status":"publish","comment_status":"closed","ping_status":"closed","post_password":"","post_name":"baula-edelvives-valenciano-catalan-txt","to_ping":"","pinged":"","post_modified":"2022-10-14 11:51:19","post_modified_gmt":"2022-10-14 09:51:19","post_content_filtered":"","post_parent":0,"guid":"http:\/\/dev.claret.cat\/editorial\/baula-edelvives-valenciano-catalan-txt\/","menu_order":0,"post_type":"editorial","post_mime_type":"","comment_count":"0","filter":"raw"}]},"aioseo_notices":[],"_links":{"self":[{"href":"https:\/\/www.claret.cat\/es\/wp-json\/wp\/v2\/product\/1095682","targetHints":{"allow":["GET"]}}],"collection":[{"href":"https:\/\/www.claret.cat\/es\/wp-json\/wp\/v2\/product"}],"about":[{"href":"https:\/\/www.claret.cat\/es\/wp-json\/wp\/v2\/types\/product"}],"wp:featuredmedia":[{"embeddable":true,"href":"https:\/\/www.claret.cat\/es\/wp-json\/wp\/v2\/media\/1095683"}],"wp:attachment":[{"href":"https:\/\/www.claret.cat\/es\/wp-json\/wp\/v2\/media?parent=1095682"}],"wp:term":[{"taxonomy":"product_brand","embeddable":true,"href":"https:\/\/www.claret.cat\/es\/wp-json\/wp\/v2\/product_brand?post=1095682"},{"taxonomy":"product_cat","embeddable":true,"href":"https:\/\/www.claret.cat\/es\/wp-json\/wp\/v2\/product_cat?post=1095682"},{"taxonomy":"product_tag","embeddable":true,"href":"https:\/\/www.claret.cat\/es\/wp-json\/wp\/v2\/product_tag?post=1095682"}],"curies":[{"name":"wp","href":"https:\/\/api.w.org\/{rel}","templated":true}]}}

<p>Al regne de Corvalent, un drac gegantí amaga un secret. Quan un imprevist primaveral el posa en perill, el príncep Valentí (que no és gaire valent) i la princesa Lluna (una mica despistada) hauran d’ajudar-lo en una aventura plena de sorpreses. Més valent és qui vol ajudar que qui només vol lluitar.</p>

<p>NATÀLIA MUIÑA SIXTO</p>

NATÀLIA MUIÑA SIXTO

Rústica
