{"id":1095688,"date":"2026-04-08T16:05:48","date_gmt":"2026-04-08T14:05:48","guid":{"rendered":"https:\/\/www.claret.cat\/llibre\/papa-papa-9788447955770\/"},"modified":"2026-04-08T16:16:23","modified_gmt":"2026-04-08T14:16:23","slug":"papa-papa-9788447955770","status":"publish","type":"product","link":"https:\/\/www.claret.cat\/es\/libro\/papa-papa-9788447955770\/","title":{"rendered":"PAPA! PAPA!"},"content":{"rendered":"<p>L\u2019Agust\u00ed \u00e9s un nen molt, molt, molt impacient. Si alguna cosa no li surt b\u00e9, s&#8221;empipa de valent i de seguida fa una rebequeria. Per sort, el seu pare sempre \u00e9s a la vora per ajudar-lo, per\u00f2&#8230; i si un dia el seu pare no \u00e9s a prop? Se&#8221;n sortir\u00e0, l&#8221;Agust\u00ed, tot sol?<\/p>\n","protected":false},"excerpt":{"rendered":"<p>RICARDO ALC\u00c1NTARA SGARBI<\/p>\n","protected":false},"featured_media":1095689,"template":"","meta":{"_acf_changed":false,"om_disable_all_campaigns":false,"rs_blank_template":"","rs_page_bg_color":"","slide_template_v7":"","inline_featured_image":false,"_monsterinsights_skip_tracking":false,"_monsterinsights_sitenote_active":false,"_monsterinsights_sitenote_note":"","_monsterinsights_sitenote_category":0},"product_brand":[],"product_cat":[131,361],"product_tag":[],"class_list":{"0":"post-1095688","1":"product","2":"type-product","3":"status-publish","4":"has-post-thumbnail","6":"product_cat-contes-per-infants-0-6-anys","7":"product_cat-cuentos-para-ninos-0-6-anos","9":"first","10":"instock","11":"taxable","12":"shipping-taxable","13":"purchasable","14":"product-type-simple"},"acf":{"autor":"RICARDO ALC\u00c1NTARA SGARBI","codart":"844795577","libros-coleccion":"","ediciones":"1","encuadernacion":"R\u00fastica","fecha_de_publicacion":"01\/03\/2026","novedad":"1","paginas":"27","subtitulo":"","orden":"0","portada":"0","idioma":"cat","booktrailer":"","resenas":"","editorial":[{"ID":147536,"post_author":"3","post_date":"2022-10-14 11:51:19","post_date_gmt":"2022-10-14 09:51:19","post_content":"","post_title":"BAULA-EDELVIVES-VALENCIANO\/CATALAN-TXT-","post_excerpt":"","post_status":"publish","comment_status":"closed","ping_status":"closed","post_password":"","post_name":"baula-edelvives-valenciano-catalan-txt","to_ping":"","pinged":"","post_modified":"2022-10-14 11:51:19","post_modified_gmt":"2022-10-14 09:51:19","post_content_filtered":"","post_parent":0,"guid":"http:\/\/dev.claret.cat\/editorial\/baula-edelvives-valenciano-catalan-txt\/","menu_order":0,"post_type":"editorial","post_mime_type":"","comment_count":"0","filter":"raw"}]},"aioseo_notices":[],"_links":{"self":[{"href":"https:\/\/www.claret.cat\/es\/wp-json\/wp\/v2\/product\/1095688","targetHints":{"allow":["GET"]}}],"collection":[{"href":"https:\/\/www.claret.cat\/es\/wp-json\/wp\/v2\/product"}],"about":[{"href":"https:\/\/www.claret.cat\/es\/wp-json\/wp\/v2\/types\/product"}],"wp:featuredmedia":[{"embeddable":true,"href":"https:\/\/www.claret.cat\/es\/wp-json\/wp\/v2\/media\/1095689"}],"wp:attachment":[{"href":"https:\/\/www.claret.cat\/es\/wp-json\/wp\/v2\/media?parent=1095688"}],"wp:term":[{"taxonomy":"product_brand","embeddable":true,"href":"https:\/\/www.claret.cat\/es\/wp-json\/wp\/v2\/product_brand?post=1095688"},{"taxonomy":"product_cat","embeddable":true,"href":"https:\/\/www.claret.cat\/es\/wp-json\/wp\/v2\/product_cat?post=1095688"},{"taxonomy":"product_tag","embeddable":true,"href":"https:\/\/www.claret.cat\/es\/wp-json\/wp\/v2\/product_tag?post=1095688"}],"curies":[{"name":"wp","href":"https:\/\/api.w.org\/{rel}","templated":true}]}}

<p>L’Agustí és un nen molt, molt, molt impacient. Si alguna cosa no li surt bé, s&#8221;empipa de valent i de seguida fa una rebequeria. Per sort, el seu pare sempre és a la vora per ajudar-lo, però&#8230; i si un dia el seu pare no és a prop? Se&#8221;n sortirà, l&#8221;Agustí, tot sol?</p>

<p>RICARDO ALCÁNTARA SGARBI</p>

RICARDO ALCÁNTARA SGARBI

Rústica
