{"id":1095720,"date":"2026-04-08T16:55:02","date_gmt":"2026-04-08T14:55:02","guid":{"rendered":"https:\/\/www.claret.cat\/llibre\/el-koala-que-pudo-9788414066836\/"},"modified":"2026-04-08T17:00:57","modified_gmt":"2026-04-08T15:00:57","slug":"el-koala-que-pudo-9788414066836","status":"publish","type":"product","link":"https:\/\/www.claret.cat\/es\/libro\/el-koala-que-pudo-9788414066836\/","title":{"rendered":"EL KOALA QUE PUDO"},"content":{"rendered":"<p>Kevin es un koala tierno que solo tiene tres aficiones: dormir, vivir en lo alto de su \u00e1rbol y comer eucalipto. Por eso se niega a bajar por miedo al caos del suelo. Un d\u00eda, sus amigos lo invitan a jugar. \u00c9l se niega, pero cuando su \u00e1rbol se derrumba, debe afrontar su miedo.<\/p>\n","protected":false},"excerpt":{"rendered":"<p>RACHEL BRIGHT<\/p>\n","protected":false},"featured_media":1095721,"template":"","meta":{"_acf_changed":false,"om_disable_all_campaigns":false,"rs_blank_template":"","rs_page_bg_color":"","slide_template_v7":"","inline_featured_image":false,"_monsterinsights_skip_tracking":false,"_monsterinsights_sitenote_active":false,"_monsterinsights_sitenote_note":"","_monsterinsights_sitenote_category":0},"product_brand":[],"product_cat":[131,361],"product_tag":[],"class_list":{"0":"post-1095720","1":"product","2":"type-product","3":"status-publish","4":"has-post-thumbnail","6":"product_cat-contes-per-infants-0-6-anys","7":"product_cat-cuentos-para-ninos-0-6-anos","9":"first","10":"instock","11":"taxable","12":"shipping-taxable","13":"purchasable","14":"product-type-simple"},"acf":{"autor":"RACHEL BRIGHT","codart":"841406683","libros-coleccion":"","ediciones":"1","encuadernacion":"Carpeta","fecha_de_publicacion":"01\/03\/2026","novedad":"1","paginas":"12","subtitulo":"","orden":"0","portada":"0","idioma":"spa","booktrailer":"","resenas":"","editorial":[{"ID":6229,"post_author":"3","post_date":"2022-07-28 17:47:40","post_date_gmt":"2022-07-28 15:47:40","post_content":"","post_title":"Editorial Luis Vives (Edelvives)","post_excerpt":"","post_status":"publish","comment_status":"closed","ping_status":"closed","post_password":"","post_name":"editorial-luis-vives-edelvives","to_ping":"","pinged":"","post_modified":"2022-07-28 17:47:40","post_modified_gmt":"2022-07-28 15:47:40","post_content_filtered":"","post_parent":0,"guid":"http:\/\/dev.claret.cat\/editorial\/editorial-luis-vives-edelvives\/","menu_order":0,"post_type":"editorial","post_mime_type":"","comment_count":"0","filter":"raw"}]},"aioseo_notices":[],"_links":{"self":[{"href":"https:\/\/www.claret.cat\/es\/wp-json\/wp\/v2\/product\/1095720","targetHints":{"allow":["GET"]}}],"collection":[{"href":"https:\/\/www.claret.cat\/es\/wp-json\/wp\/v2\/product"}],"about":[{"href":"https:\/\/www.claret.cat\/es\/wp-json\/wp\/v2\/types\/product"}],"wp:featuredmedia":[{"embeddable":true,"href":"https:\/\/www.claret.cat\/es\/wp-json\/wp\/v2\/media\/1095721"}],"wp:attachment":[{"href":"https:\/\/www.claret.cat\/es\/wp-json\/wp\/v2\/media?parent=1095720"}],"wp:term":[{"taxonomy":"product_brand","embeddable":true,"href":"https:\/\/www.claret.cat\/es\/wp-json\/wp\/v2\/product_brand?post=1095720"},{"taxonomy":"product_cat","embeddable":true,"href":"https:\/\/www.claret.cat\/es\/wp-json\/wp\/v2\/product_cat?post=1095720"},{"taxonomy":"product_tag","embeddable":true,"href":"https:\/\/www.claret.cat\/es\/wp-json\/wp\/v2\/product_tag?post=1095720"}],"curies":[{"name":"wp","href":"https:\/\/api.w.org\/{rel}","templated":true}]}}

<p>Kevin es un koala tierno que solo tiene tres aficiones: dormir, vivir en lo alto de su árbol y comer eucalipto. Por eso se niega a bajar por miedo al caos del suelo. Un día, sus amigos lo invitan a jugar. Él se niega, pero cuando su árbol se derrumba, debe afrontar su miedo.</p>
