{"id":1095830,"date":"2026-04-09T11:15:10","date_gmt":"2026-04-09T09:15:10","guid":{"rendered":"https:\/\/www.claret.cat\/llibre\/ciudadania-y-compasion-9788427151338\/"},"modified":"2026-04-09T11:20:48","modified_gmt":"2026-04-09T09:20:48","slug":"ciudadania-y-compasion-9788427151338","status":"publish","type":"product","link":"https:\/\/www.claret.cat\/es\/libro\/ciudadania-y-compasion-9788427151338\/","title":{"rendered":"CIUDADAN\u00cdA Y COMPASI\u00d3N"},"content":{"rendered":"<p>\u00bfEs posible educar para la ternura y el cuidado mutuo en una sociedad individualista? Miguel \u00c1ngel Mill\u00e1n As\u00edn fusiona en este libro el \u00abcuidado\u00bb y la \u00abciudadan\u00eda\u00bb para ofrecer una gu\u00eda pedag\u00f3gica imprescindible a docentes de Primaria y Secundaria. Apoy\u00e1ndose en fascinantes descubrimientos neurocient\u00edficos que demuestran que nuestro cerebro est\u00e1 biol\u00f3gicamente dise\u00f1ado para la conexi\u00f3n y el apoyo mutuo, esta gu\u00eda te ense\u00f1ar\u00e1 a forjar aut\u00e9nticas comunidades compasivas. Con m\u00e1s de 40 din\u00e1micas vivenciales, meditaciones y proyectos comunitarios de Aprendizaje-Servicio, descubrir\u00e1s c\u00f3mo preparar a tus alumnos para abrazar la vulnerabilidad y convertirse en los ciudadanos solidarios que nuestro futuro necesita urgentemente.<\/p>\n","protected":false},"excerpt":{"rendered":"<p>MILL\u00c1N AS\u00cdN, MIGUEL \u00c1NGEL <\/p>\n","protected":false},"featured_media":1095831,"template":"","meta":{"_acf_changed":false,"om_disable_all_campaigns":false,"rs_blank_template":"","rs_page_bg_color":"","slide_template_v7":"","inline_featured_image":false,"_monsterinsights_skip_tracking":false,"_monsterinsights_sitenote_active":false,"_monsterinsights_sitenote_note":"","_monsterinsights_sitenote_category":0},"product_brand":[],"product_cat":[191,454],"product_tag":[],"class_list":{"0":"post-1095830","1":"product","2":"type-product","3":"status-publish","4":"has-post-thumbnail","6":"product_cat-educacio-en-valors-pedagogia-2_humanitats","7":"product_cat-educacion-en-valores","9":"first","10":"instock","11":"taxable","12":"shipping-taxable","13":"purchasable","14":"product-type-simple"},"acf":{"autor":"MILL\u00c1N AS\u00cdN, MIGUEL \u00c1NGEL ","codart":"842715133","libros-coleccion":"EDUCACI\u00d3N Y APRENDIZAJE","ediciones":"1","encuadernacion":"R\u00fastica","fecha_de_publicacion":"18\/03\/2026","novedad":"1","paginas":"228","subtitulo":"UNA GU\u00cdA PEDAG\u00d3GICA PARA FOMENTAR EL VALOR DEL CUIDADO, LA EMPAT\u00cdA Y LA COMPASSI\u00d3 ","orden":"0","portada":"0","idioma":"spa","booktrailer":"","resenas":"","editorial":[{"ID":6351,"post_author":"3","post_date":"2022-07-28 17:50:19","post_date_gmt":"2022-07-28 15:50:19","post_content":"","post_title":"Sal Terrae","post_excerpt":"","post_status":"publish","comment_status":"closed","ping_status":"closed","post_password":"","post_name":"sal-terrae","to_ping":"","pinged":"","post_modified":"2022-07-28 17:50:19","post_modified_gmt":"2022-07-28 15:50:19","post_content_filtered":"","post_parent":0,"guid":"http:\/\/dev.claret.cat\/editorial\/sal-terrae\/","menu_order":0,"post_type":"editorial","post_mime_type":"","comment_count":"0","filter":"raw"}]},"aioseo_notices":[],"_links":{"self":[{"href":"https:\/\/www.claret.cat\/es\/wp-json\/wp\/v2\/product\/1095830","targetHints":{"allow":["GET"]}}],"collection":[{"href":"https:\/\/www.claret.cat\/es\/wp-json\/wp\/v2\/product"}],"about":[{"href":"https:\/\/www.claret.cat\/es\/wp-json\/wp\/v2\/types\/product"}],"wp:featuredmedia":[{"embeddable":true,"href":"https:\/\/www.claret.cat\/es\/wp-json\/wp\/v2\/media\/1095831"}],"wp:attachment":[{"href":"https:\/\/www.claret.cat\/es\/wp-json\/wp\/v2\/media?parent=1095830"}],"wp:term":[{"taxonomy":"product_brand","embeddable":true,"href":"https:\/\/www.claret.cat\/es\/wp-json\/wp\/v2\/product_brand?post=1095830"},{"taxonomy":"product_cat","embeddable":true,"href":"https:\/\/www.claret.cat\/es\/wp-json\/wp\/v2\/product_cat?post=1095830"},{"taxonomy":"product_tag","embeddable":true,"href":"https:\/\/www.claret.cat\/es\/wp-json\/wp\/v2\/product_tag?post=1095830"}],"curies":[{"name":"wp","href":"https:\/\/api.w.org\/{rel}","templated":true}]}}

CIUDADANÍA Y COMPASIÓN

<p>¿Es posible educar para la ternura y el cuidado mutuo en una sociedad individualista? Miguel Ángel Millán Asín fusiona en este libro el «cuidado» y la «ciudadanía» para ofrecer una guía pedagógica imprescindible a docentes de Primaria y Secundaria. Apoyándose en fascinantes descubrimientos neurocientíficos que demuestran que nuestro cerebro está biológicamente diseñado para la conexión y el apoyo mutuo, esta guía te enseñará a forjar auténticas comunidades compasivas. Con más de 40 dinámicas vivenciales, meditaciones y proyectos comunitarios de Aprendizaje-Servicio, descubrirás cómo preparar a tus alumnos para abrazar la vulnerabilidad y convertirse en los ciudadanos solidarios que nuestro futuro necesita urgentemente.</p>

<p>MILLÁN ASÍN, MIGUEL ÁNGEL </p>

MILLÁN ASÍN, MIGUEL ÁNGEL

EDUCACIÓN Y APRENDIZAJE

Rústica

UNA GUÍA PEDAGÓGICA PARA FOMENTAR EL VALOR DEL CUIDADO, LA EMPATÍA Y LA COMPASSIÓ
