{"id":1095833,"date":"2026-04-09T11:15:44","date_gmt":"2026-04-09T09:15:44","guid":{"rendered":"https:\/\/www.claret.cat\/llibre\/adan-donde-estas-9788429333046\/"},"modified":"2026-04-09T12:41:34","modified_gmt":"2026-04-09T10:41:34","slug":"adan-donde-estas-9788429333046","status":"publish","type":"product","link":"https:\/\/www.claret.cat\/es\/libro\/adan-donde-estas-9788429333046\/","title":{"rendered":"AD\u00c1N, \u00bfD\u00d3NDE EST\u00c1S?"},"content":{"rendered":"<p><strong>\u00bfSomos un misterio digno de ser amado o un enigma indescifrable? <\/strong>En esta obra, <strong>Amedeo Cencini <\/strong>une psicolog\u00eda y teolog\u00eda para <strong>explorar nuestra identidad desde el G\u00e9nesis<\/strong>. Tras nuestras ca\u00eddas, solemos huir por verg\u00fcenza y miedo, convirti\u00e9ndonos en enigmas. Pero <strong>Dios no deja de buscarnos<\/strong>. Este libro te ense\u00f1a a cambiar la culpa por una inquietud sana, revelando que <strong>la conciencia moral es una invitaci\u00f3n a la relaci\u00f3n<\/strong>, no una carga de prohibiciones. <strong>Descubre a un Dios <\/strong>cuyo coraz\u00f3n permanece inquieto hasta encontrar descanso en ti. <strong>\u00a1Atr\u00e9vete a habitar el misterio!<\/strong><\/p>\n<p><\/p>\n","protected":false},"excerpt":{"rendered":"<p>CENCINI, AMEDEO <\/p>\n","protected":false},"featured_media":1095858,"template":"","meta":{"_acf_changed":false,"om_disable_all_campaigns":false,"rs_blank_template":"","rs_page_bg_color":"","slide_template_v7":"","inline_featured_image":false,"_monsterinsights_skip_tracking":false,"_monsterinsights_sitenote_active":false,"_monsterinsights_sitenote_note":"","_monsterinsights_sitenote_category":0},"product_brand":[],"product_cat":[279,509],"product_tag":[],"class_list":{"0":"post-1095833","1":"product","2":"type-product","3":"status-publish","4":"has-post-thumbnail","6":"product_cat-antropologia-teologica","7":"product_cat-antropologia-teologica-teologia-1_espiritualidad","9":"first","10":"instock","11":"taxable","12":"shipping-taxable","13":"purchasable","14":"product-type-simple"},"acf":{"autor":"CENCINI, AMEDEO ","codart":"842933304","libros-coleccion":"","ediciones":"1","encuadernacion":"R\u00fastica","fecha_de_publicacion":"19\/03\/2026","novedad":"1","paginas":"192","subtitulo":"DEL COR INQUIETUM DEI AL COR INQUIETUM HOMINIS ","orden":"0","portada":"0","idioma":"spa","booktrailer":"","resenas":"","editorial":[{"ID":6351,"post_author":"3","post_date":"2022-07-28 17:50:19","post_date_gmt":"2022-07-28 15:50:19","post_content":"","post_title":"Sal Terrae","post_excerpt":"","post_status":"publish","comment_status":"closed","ping_status":"closed","post_password":"","post_name":"sal-terrae","to_ping":"","pinged":"","post_modified":"2022-07-28 17:50:19","post_modified_gmt":"2022-07-28 15:50:19","post_content_filtered":"","post_parent":0,"guid":"http:\/\/dev.claret.cat\/editorial\/sal-terrae\/","menu_order":0,"post_type":"editorial","post_mime_type":"","comment_count":"0","filter":"raw"}]},"aioseo_notices":[],"_links":{"self":[{"href":"https:\/\/www.claret.cat\/es\/wp-json\/wp\/v2\/product\/1095833","targetHints":{"allow":["GET"]}}],"collection":[{"href":"https:\/\/www.claret.cat\/es\/wp-json\/wp\/v2\/product"}],"about":[{"href":"https:\/\/www.claret.cat\/es\/wp-json\/wp\/v2\/types\/product"}],"wp:featuredmedia":[{"embeddable":true,"href":"https:\/\/www.claret.cat\/es\/wp-json\/wp\/v2\/media\/1095858"}],"wp:attachment":[{"href":"https:\/\/www.claret.cat\/es\/wp-json\/wp\/v2\/media?parent=1095833"}],"wp:term":[{"taxonomy":"product_brand","embeddable":true,"href":"https:\/\/www.claret.cat\/es\/wp-json\/wp\/v2\/product_brand?post=1095833"},{"taxonomy":"product_cat","embeddable":true,"href":"https:\/\/www.claret.cat\/es\/wp-json\/wp\/v2\/product_cat?post=1095833"},{"taxonomy":"product_tag","embeddable":true,"href":"https:\/\/www.claret.cat\/es\/wp-json\/wp\/v2\/product_tag?post=1095833"}],"curies":[{"name":"wp","href":"https:\/\/api.w.org\/{rel}","templated":true}]}}

ADÁN, ¿DÓNDE ESTÁS?

<p><strong>¿Somos un misterio digno de ser amado o un enigma indescifrable? </strong>En esta obra, <strong>Amedeo Cencini </strong>une psicología y teología para <strong>explorar nuestra identidad desde el Génesis</strong>. Tras nuestras caídas, solemos huir por vergüenza y miedo, convirtiéndonos en enigmas. Pero <strong>Dios no deja de buscarnos</strong>. Este libro te enseña a cambiar la culpa por una inquietud sana, revelando que <strong>la conciencia moral es una invitación a la relación</strong>, no una carga de prohibiciones. <strong>Descubre a un Dios </strong>cuyo corazón permanece inquieto hasta encontrar descanso en ti. <strong>¡Atrévete a habitar el misterio!</strong></p>
<p></p>

Rústica
