{"id":1098401,"date":"2026-04-24T17:45:02","date_gmt":"2026-04-24T15:45:02","guid":{"rendered":"https:\/\/www.claret.cat\/llibre\/un-puente-hacia-el-alma-9788408316596\/"},"modified":"2026-04-29T14:40:05","modified_gmt":"2026-04-29T12:40:05","slug":"un-puente-hacia-el-alma-9788408316596","status":"publish","type":"product","link":"https:\/\/www.claret.cat\/es\/libro\/un-puente-hacia-el-alma-9788408316596\/","title":{"rendered":"UN PUENTE HACIA EL ALMA"},"content":{"rendered":"<p>El manual imprescindible para despertar tus dones, conectar con el mundo espiritual y entender tu prop\u00f3sito vital.\u00bfY si la muerte no fuera un final, sino el reflejo de lo que hemos vivido?<br \/> En esta obra, la m\u00e9dium y ps\u00edquica Raquel S\u00e1ez te acompa\u00f1ar\u00e1 en un proceso de autosanaci\u00f3n y reencuentro interior en el que descubrir\u00e1s c\u00f3mo se mueve el alma en cada etapa, c\u00f3mo se comunican nuestros seres queridos al partir, c\u00f3mo acompa\u00f1arlos en su muerte, c\u00f3mo reconocer tu misi\u00f3n y tus dones, y c\u00f3mo prepararte espiritualmente en vida para el retorno al hogar.<br \/> Mediante ejercicios y vivencias que atraviesan dimensiones, te conducir\u00e1 al punto m\u00e1s \u00edntimo del ser: el lugar donde la vida y la muerte se encuentran.<br \/> Solo quien aprende a vivir con conciencia puede morir en paz.<\/p>\n","protected":false},"excerpt":{"rendered":"<p>RAQUEL S\u00c1EZ<\/p>\n","protected":false},"featured_media":1098402,"template":"","meta":{"_acf_changed":false,"om_disable_all_campaigns":false,"rs_blank_template":"","rs_page_bg_color":"","slide_template_v7":"","inline_featured_image":false,"_monsterinsights_skip_tracking":false,"_monsterinsights_sitenote_active":false,"_monsterinsights_sitenote_note":"","_monsterinsights_sitenote_category":0},"product_brand":[],"product_cat":[485,232,495,245],"product_tag":[],"class_list":{"0":"post-1098401","1":"product","2":"type-product","3":"status-publish","4":"has-post-thumbnail","6":"product_cat-autores-espiritualidad-1_espiritualidad","7":"product_cat-autors-espiritualitat","8":"product_cat-diversa-espiritualidad-1_espiritualidad","9":"product_cat-diversa","11":"first","12":"instock","13":"taxable","14":"shipping-taxable","15":"purchasable","16":"product-type-simple"},"acf":{"autor":"RAQUEL S\u00c1EZ","codart":"840831659","libros-coleccion":"","ediciones":"1","encuadernacion":"R\u00fastica","fecha_de_publicacion":"01\/03\/2026","novedad":"1","paginas":"416","subtitulo":"GU\u00cdA ESPIRITUAL DEL BUEN VIVIR PARA UN BUEN MORIR","orden":"0","portada":"0","idioma":"spa","booktrailer":"","resenas":"","editorial":[{"ID":6233,"post_author":"3","post_date":"2022-07-28 17:47:48","post_date_gmt":"2022-07-28 15:47:48","post_content":"","post_title":"EDITORIAL PLANETA","post_excerpt":"","post_status":"publish","comment_status":"closed","ping_status":"closed","post_password":"","post_name":"editorial-planeta","to_ping":"","pinged":"","post_modified":"2022-07-28 17:47:48","post_modified_gmt":"2022-07-28 15:47:48","post_content_filtered":"","post_parent":0,"guid":"http:\/\/dev.claret.cat\/editorial\/editorial-planeta\/","menu_order":0,"post_type":"editorial","post_mime_type":"","comment_count":"0","filter":"raw"}]},"aioseo_notices":[],"_links":{"self":[{"href":"https:\/\/www.claret.cat\/es\/wp-json\/wp\/v2\/product\/1098401","targetHints":{"allow":["GET"]}}],"collection":[{"href":"https:\/\/www.claret.cat\/es\/wp-json\/wp\/v2\/product"}],"about":[{"href":"https:\/\/www.claret.cat\/es\/wp-json\/wp\/v2\/types\/product"}],"wp:featuredmedia":[{"embeddable":true,"href":"https:\/\/www.claret.cat\/es\/wp-json\/wp\/v2\/media\/1098402"}],"wp:attachment":[{"href":"https:\/\/www.claret.cat\/es\/wp-json\/wp\/v2\/media?parent=1098401"}],"wp:term":[{"taxonomy":"product_brand","embeddable":true,"href":"https:\/\/www.claret.cat\/es\/wp-json\/wp\/v2\/product_brand?post=1098401"},{"taxonomy":"product_cat","embeddable":true,"href":"https:\/\/www.claret.cat\/es\/wp-json\/wp\/v2\/product_cat?post=1098401"},{"taxonomy":"product_tag","embeddable":true,"href":"https:\/\/www.claret.cat\/es\/wp-json\/wp\/v2\/product_tag?post=1098401"}],"curies":[{"name":"wp","href":"https:\/\/api.w.org\/{rel}","templated":true}]}}

<p>El manual imprescindible para despertar tus dones, conectar con el mundo espiritual y entender tu propósito vital.¿Y si la muerte no fuera un final, sino el reflejo de lo que hemos vivido?<br /> En esta obra, la médium y psíquica Raquel Sáez te acompañará en un proceso de autosanación y reencuentro interior en el que descubrirás cómo se mueve el alma en cada etapa, cómo se comunican nuestros seres queridos al partir, cómo acompañarlos en su muerte, cómo reconocer tu misión y tus dones, y cómo prepararte espiritualmente en vida para el retorno al hogar.<br /> Mediante ejercicios y vivencias que atraviesan dimensiones, te conducirá al punto más íntimo del ser: el lugar donde la vida y la muerte se encuentran.<br /> Solo quien aprende a vivir con conciencia puede morir en paz.</p>

<p>RAQUEL SÁEZ</p>

RAQUEL SÁEZ

Rústica

GUÍA ESPIRITUAL DEL BUEN VIVIR PARA UN BUEN MORIR
