{"id":109877,"date":"2022-10-12T13:38:43","date_gmt":"2022-10-12T11:38:43","guid":{"rendered":"http:\/\/dev.claret.cat\/producte\/la-mansion-dax\/"},"modified":"2023-01-28T00:36:41","modified_gmt":"2023-01-27T23:36:41","slug":"la-mansion-dax-9788413183602","status":"publish","type":"product","link":"https:\/\/www.claret.cat\/es\/libro\/la-mansion-dax-9788413183602\/","title":{"rendered":"LA MANSI\u00d3N DAX"},"content":{"rendered":"<p>Fui, soy y me temo que morir\u00e9 siendo\u00a0un ladr\u00f3n.A veces sue\u00f1o que regreso de nuevo a la Mansi\u00f3n Dax, al lugar donde todo comenz\u00f3, donde cambi\u00f3 mi vida y me transform\u00e9 en lo que ahora soy. Por desgracia, no se trata de un sue\u00f1o agradable, sino de una pesadilla. Estoy solo al final de la escalera y tengo miedo. La casa est\u00e1 en silencio, mi coraz\u00f3n late acelerado, y cada pelda\u00f1o que asciendo me acerca m\u00e1s y m\u00e1s a la locura&#8230;Una novela que combina a la perfecci\u00f3n la historia, el suspense y la explosi\u00f3n de los sentimientos.Alejo Zarza tiene manos peque\u00f1as, pero \u00e1giles y fuertes dedos de ratero. Sus andanzas por el Madrid del siglo XIX nos transportan a un mundo desconocido: la vida de los ladrones profesionales. Pero un d\u00eda se cruza en su camino el enigm\u00e1tico Sebasti\u00e1n Dax, y as\u00ed descubrir\u00e1 el terrible poder de la venganza y el amargo sabor de la traici\u00f3n.<\/p>\n","protected":false},"excerpt":{"rendered":"<p>MALLORQU\u00cd, C\u00c9SAR<\/p>\n","protected":false},"featured_media":275714,"template":"","meta":{"_acf_changed":false,"om_disable_all_campaigns":false,"rs_blank_template":"","rs_page_bg_color":"","slide_template_v7":"","inline_featured_image":false,"_monsterinsights_skip_tracking":false,"_monsterinsights_sitenote_active":false,"_monsterinsights_sitenote_note":"","_monsterinsights_sitenote_category":0},"product_brand":[],"product_cat":[90,540],"product_tag":[],"class_list":{"0":"post-109877","1":"product","2":"type-product","3":"status-publish","4":"has-post-thumbnail","6":"product_cat-altres","7":"product_cat-otros","9":"first","10":"instock","11":"taxable","12":"shipping-taxable","13":"purchasable","14":"product-type-simple"},"acf":{"editorial":[{"ID":147854,"post_author":"3","post_date":"2022-10-14 11:53:43","post_date_gmt":"2022-10-14 09:53:43","post_content":"","post_title":"EDICIONES SM","post_excerpt":"","post_status":"publish","comment_status":"closed","ping_status":"closed","post_password":"","post_name":"ediciones-sm","to_ping":"","pinged":"","post_modified":"2022-10-14 11:53:43","post_modified_gmt":"2022-10-14 09:53:43","post_content_filtered":"","post_parent":0,"guid":"http:\/\/dev.claret.cat\/editorial\/ediciones-sm\/","menu_order":0,"post_type":"editorial","post_mime_type":"","comment_count":"0","filter":"raw"}],"autores-libros":[{"ID":152718,"post_author":"3","post_date":"2022-10-14 14:51:01","post_date_gmt":"2022-10-14 12:51:01","post_content":"","post_title":"C\u00c9SAR MALLORQU\u00cd","post_excerpt":"","post_status":"publish","comment_status":"closed","ping_status":"closed","post_password":"","post_name":"cesar-mallorqui","to_ping":"","pinged":"","post_modified":"2022-10-14 14:51:01","post_modified_gmt":"2022-10-14 12:51:01","post_content_filtered":"","post_parent":0,"guid":"http:\/\/dev.claret.cat\/autor\/cesar-mallorqui\/","menu_order":0,"post_type":"autor","post_mime_type":"","comment_count":"0","filter":"raw"}],"autor":"MALLORQU\u00cd, C\u00c9SAR","codart":"841318360","libros-coleccion":"GRAN ANGULAR","ediciones":"1","encuadernacion":"R\u00fastica","fecha_de_publicacion":"01\/05\/2020","novedad":"1","paginas":"176","subtitulo":"","orden":"0","portada":"0","idioma":"spa"},"aioseo_notices":[],"_links":{"self":[{"href":"https:\/\/www.claret.cat\/es\/wp-json\/wp\/v2\/product\/109877","targetHints":{"allow":["GET"]}}],"collection":[{"href":"https:\/\/www.claret.cat\/es\/wp-json\/wp\/v2\/product"}],"about":[{"href":"https:\/\/www.claret.cat\/es\/wp-json\/wp\/v2\/types\/product"}],"wp:featuredmedia":[{"embeddable":true,"href":"https:\/\/www.claret.cat\/es\/wp-json\/wp\/v2\/media\/275714"}],"wp:attachment":[{"href":"https:\/\/www.claret.cat\/es\/wp-json\/wp\/v2\/media?parent=109877"}],"wp:term":[{"taxonomy":"product_brand","embeddable":true,"href":"https:\/\/www.claret.cat\/es\/wp-json\/wp\/v2\/product_brand?post=109877"},{"taxonomy":"product_cat","embeddable":true,"href":"https:\/\/www.claret.cat\/es\/wp-json\/wp\/v2\/product_cat?post=109877"},{"taxonomy":"product_tag","embeddable":true,"href":"https:\/\/www.claret.cat\/es\/wp-json\/wp\/v2\/product_tag?post=109877"}],"curies":[{"name":"wp","href":"https:\/\/api.w.org\/{rel}","templated":true}]}}

LA MANSIÓN DAX

<p>Fui, soy y me temo que moriré siendo un ladrón.A veces sueño que regreso de nuevo a la Mansión Dax, al lugar donde todo comenzó, donde cambió mi vida y me transformé en lo que ahora soy. Por desgracia, no se trata de un sueño agradable, sino de una pesadilla. Estoy solo al final de la escalera y tengo miedo. La casa está en silencio, mi corazón late acelerado, y cada peldaño que asciendo me acerca más y más a la locura&#8230;Una novela que combina a la perfección la historia, el suspense y la explosión de los sentimientos.Alejo Zarza tiene manos pequeñas, pero ágiles y fuertes dedos de ratero. Sus andanzas por el Madrid del siglo XIX nos transportan a un mundo desconocido: la vida de los ladrones profesionales. Pero un día se cruza en su camino el enigmático Sebastián Dax, y así descubrirá el terrible poder de la venganza y el amargo sabor de la traición.</p>

<p>MALLORQUÍ, CÉSAR</p>

CÉSAR MALLORQUÍ

MALLORQUÍ, CÉSAR

Rústica
