{"id":1098906,"date":"2026-04-29T13:30:31","date_gmt":"2026-04-29T11:30:31","guid":{"rendered":"https:\/\/www.claret.cat\/llibre\/todo-un-dios-que-confia-9788432174001\/"},"modified":"2026-04-29T14:15:18","modified_gmt":"2026-04-29T12:15:18","slug":"todo-un-dios-que-confia-9788432174001","status":"publish","type":"product","link":"https:\/\/www.claret.cat\/es\/libro\/todo-un-dios-que-confia-9788432174001\/","title":{"rendered":"TODO UN DIOS QUE CONF\u00cdA"},"content":{"rendered":"<p>La obra ofrece una meditaci\u00f3n profunda sobre la <strong>confianza de Dios<\/strong> en el ser humano y la llamada a vivir con fe y abandono. <strong>Mar\u00eda se presenta como modelo de entrega<\/strong> e interioridad, ejemplo de confianza y gu\u00eda en el camino espiritual. A trav\u00e9s del <strong>relato de la Anunciaci\u00f3n<\/strong>, el autor ofrece una honda meditaci\u00f3n espiritual sobre la intensa confianza que Dios deposita en sus criaturas. Al asumir nuestra naturaleza, <strong>Dios manifiesta una confianza absoluta en el ser humano<\/strong>. Es esa fe la que nos ayuda a encontrarnos con \u00c9l, a <strong>renunciar al anhelo de controlarlo todo<\/strong>, a no tener miedo de escuchar nuestro coraz\u00f3n y a entregarnos a los amores grandes a los que estamos llamados. <strong>Mar\u00eda se presenta como el modelo supremo<\/strong> para cultivar la interioridad y aceptar el sufrimiento como ocasi\u00f3n de crecimiento personal. Ella es ejemplo de abandono y de fe, y <strong>Madre protectora<\/strong>, que intercede y ense\u00f1a a confiar.<\/p>\n","protected":false},"excerpt":{"rendered":"<p>VALD\u00c9S MAS, MANUEL<\/p>\n","protected":false},"featured_media":1098954,"template":"","meta":{"_acf_changed":false,"om_disable_all_campaigns":false,"rs_blank_template":"","rs_page_bg_color":"","slide_template_v7":"","inline_featured_image":false,"_monsterinsights_skip_tracking":false,"_monsterinsights_sitenote_active":false,"_monsterinsights_sitenote_note":"","_monsterinsights_sitenote_category":0},"product_brand":[],"product_cat":[485,232,235,393],"product_tag":[],"class_list":{"0":"post-1098906","1":"product","2":"type-product","3":"status-publish","4":"has-post-thumbnail","6":"product_cat-autores-espiritualidad-1_espiritualidad","7":"product_cat-autors-espiritualitat","8":"product_cat-mariana","9":"product_cat-mariana-espiritualidad-1_espiritualidad","11":"first","12":"instock","13":"taxable","14":"shipping-taxable","15":"purchasable","16":"product-type-simple"},"acf":{"autor":"VALD\u00c9S MAS, MANUEL","codart":"843217400","libros-coleccion":"","ediciones":"1","encuadernacion":"R\u00fastica","fecha_de_publicacion":"24\/04\/2026","novedad":"1","paginas":"120","subtitulo":"","orden":"0","portada":"1","idioma":"spa","booktrailer":"","resenas":"","editorial":[{"ID":6348,"post_author":"3","post_date":"2022-07-28 17:50:16","post_date_gmt":"2022-07-28 15:50:16","post_content":"","post_title":"Rialp","post_excerpt":"","post_status":"publish","comment_status":"closed","ping_status":"closed","post_password":"","post_name":"rialp","to_ping":"","pinged":"","post_modified":"2022-07-28 17:50:16","post_modified_gmt":"2022-07-28 15:50:16","post_content_filtered":"","post_parent":0,"guid":"http:\/\/dev.claret.cat\/editorial\/rialp\/","menu_order":0,"post_type":"editorial","post_mime_type":"","comment_count":"0","filter":"raw"}]},"aioseo_notices":[],"_links":{"self":[{"href":"https:\/\/www.claret.cat\/es\/wp-json\/wp\/v2\/product\/1098906","targetHints":{"allow":["GET"]}}],"collection":[{"href":"https:\/\/www.claret.cat\/es\/wp-json\/wp\/v2\/product"}],"about":[{"href":"https:\/\/www.claret.cat\/es\/wp-json\/wp\/v2\/types\/product"}],"wp:featuredmedia":[{"embeddable":true,"href":"https:\/\/www.claret.cat\/es\/wp-json\/wp\/v2\/media\/1098954"}],"wp:attachment":[{"href":"https:\/\/www.claret.cat\/es\/wp-json\/wp\/v2\/media?parent=1098906"}],"wp:term":[{"taxonomy":"product_brand","embeddable":true,"href":"https:\/\/www.claret.cat\/es\/wp-json\/wp\/v2\/product_brand?post=1098906"},{"taxonomy":"product_cat","embeddable":true,"href":"https:\/\/www.claret.cat\/es\/wp-json\/wp\/v2\/product_cat?post=1098906"},{"taxonomy":"product_tag","embeddable":true,"href":"https:\/\/www.claret.cat\/es\/wp-json\/wp\/v2\/product_tag?post=1098906"}],"curies":[{"name":"wp","href":"https:\/\/api.w.org\/{rel}","templated":true}]}}

TODO UN DIOS QUE CONFÍA

<p>La obra ofrece una meditación profunda sobre la <strong>confianza de Dios</strong> en el ser humano y la llamada a vivir con fe y abandono. <strong>María se presenta como modelo de entrega</strong> e interioridad, ejemplo de confianza y guía en el camino espiritual. A través del <strong>relato de la Anunciación</strong>, el autor ofrece una honda meditación espiritual sobre la intensa confianza que Dios deposita en sus criaturas. Al asumir nuestra naturaleza, <strong>Dios manifiesta una confianza absoluta en el ser humano</strong>. Es esa fe la que nos ayuda a encontrarnos con Él, a <strong>renunciar al anhelo de controlarlo todo</strong>, a no tener miedo de escuchar nuestro corazón y a entregarnos a los amores grandes a los que estamos llamados. <strong>María se presenta como el modelo supremo</strong> para cultivar la interioridad y aceptar el sufrimiento como ocasión de crecimiento personal. Ella es ejemplo de abandono y de fe, y <strong>Madre protectora</strong>, que intercede y enseña a confiar.</p>

<p>VALDÉS MAS, MANUEL</p>

VALDÉS MAS, MANUEL

Rústica
