{"id":1098926,"date":"2026-04-29T13:36:13","date_gmt":"2026-04-29T11:36:13","guid":{"rendered":"https:\/\/www.claret.cat\/llibre\/una-cultura-que-transforma-el-mundo-9788432173950\/"},"modified":"2026-04-30T11:50:15","modified_gmt":"2026-04-30T09:50:15","slug":"una-cultura-que-transforma-el-mundo-9788432173950","status":"publish","type":"product","link":"https:\/\/www.claret.cat\/es\/libro\/una-cultura-que-transforma-el-mundo-9788432173950\/","title":{"rendered":"UNA CULTURA QUE TRANSFORMA EL MUNDO"},"content":{"rendered":"<p><strong>\u00bfEst\u00e1 condenada a desaparecer la cultura cristiana? <\/strong>Donati contesta que no, sino que atraviesa una oportunidad de renovaci\u00f3n. Propone comprenderla como un modo vivo de relaci\u00f3n que da sentido a lo diario y <strong>conecta lo humano con lo divino<\/strong>. \u00bfTiene todav\u00eda futuro la cultura cristiana? Para gran parte del p\u00fablico, la respuesta es no. La consideran irrelevante ante el empuje de las nuevas tendencias evolutivas. <strong>Donati<\/strong>, fundador de la <strong>sociolog\u00eda relacional<\/strong>, discrepa, y considera esta marginaci\u00f3n como una oportunidad para explorar qu\u00e9 significa \u201ccrear cultura\u201d. <strong>Una cultura puede renacer y renovarse <\/strong>\u00fanicamente a trav\u00e9s de relaciones vitales que infunden un nuevo sentido a la vida cotidiana. Nos invita as\u00ed a repensar la cultura cristiana no tanto como un sistema de ideas o grandes narrativas, sino como <strong>una forma de vida inspirada en una matriz teol\u00f3gica relacional<\/strong>, que une lo humano y lo divino en todas las realidades cotidianas.&nbsp;<\/p>\n<p>&nbsp;<\/p>\n","protected":false},"excerpt":{"rendered":"<p>DONATI, PIERPAOLO<\/p>\n","protected":false},"featured_media":1099094,"template":"","meta":{"_acf_changed":false,"om_disable_all_campaigns":false,"rs_blank_template":"","rs_page_bg_color":"","slide_template_v7":"","inline_featured_image":false,"_monsterinsights_skip_tracking":false,"_monsterinsights_sitenote_active":false,"_monsterinsights_sitenote_note":"","_monsterinsights_sitenote_category":0},"product_brand":[],"product_cat":[373,166],"product_tag":[],"class_list":{"0":"post-1098926","1":"product","2":"type-product","3":"status-publish","4":"has-post-thumbnail","6":"product_cat-autores","7":"product_cat-autors-filosofia","9":"first","10":"instock","11":"taxable","12":"shipping-taxable","13":"purchasable","14":"product-type-simple"},"acf":{"autor":"DONATI, PIERPAOLO","codart":"843217395","libros-coleccion":"","ediciones":"1","encuadernacion":"R\u00fastica","fecha_de_publicacion":"24\/04\/2026","novedad":"1","paginas":"234","subtitulo":"LA VIDA COMO RELACI\u00d3N ","orden":"0","portada":"1","idioma":"spa","booktrailer":"","resenas":"","editorial":[{"ID":6348,"post_author":"3","post_date":"2022-07-28 17:50:16","post_date_gmt":"2022-07-28 15:50:16","post_content":"","post_title":"Rialp","post_excerpt":"","post_status":"publish","comment_status":"closed","ping_status":"closed","post_password":"","post_name":"rialp","to_ping":"","pinged":"","post_modified":"2022-07-28 17:50:16","post_modified_gmt":"2022-07-28 15:50:16","post_content_filtered":"","post_parent":0,"guid":"http:\/\/dev.claret.cat\/editorial\/rialp\/","menu_order":0,"post_type":"editorial","post_mime_type":"","comment_count":"0","filter":"raw"}]},"aioseo_notices":[],"_links":{"self":[{"href":"https:\/\/www.claret.cat\/es\/wp-json\/wp\/v2\/product\/1098926","targetHints":{"allow":["GET"]}}],"collection":[{"href":"https:\/\/www.claret.cat\/es\/wp-json\/wp\/v2\/product"}],"about":[{"href":"https:\/\/www.claret.cat\/es\/wp-json\/wp\/v2\/types\/product"}],"wp:featuredmedia":[{"embeddable":true,"href":"https:\/\/www.claret.cat\/es\/wp-json\/wp\/v2\/media\/1099094"}],"wp:attachment":[{"href":"https:\/\/www.claret.cat\/es\/wp-json\/wp\/v2\/media?parent=1098926"}],"wp:term":[{"taxonomy":"product_brand","embeddable":true,"href":"https:\/\/www.claret.cat\/es\/wp-json\/wp\/v2\/product_brand?post=1098926"},{"taxonomy":"product_cat","embeddable":true,"href":"https:\/\/www.claret.cat\/es\/wp-json\/wp\/v2\/product_cat?post=1098926"},{"taxonomy":"product_tag","embeddable":true,"href":"https:\/\/www.claret.cat\/es\/wp-json\/wp\/v2\/product_tag?post=1098926"}],"curies":[{"name":"wp","href":"https:\/\/api.w.org\/{rel}","templated":true}]}}

<p><strong>¿Está condenada a desaparecer la cultura cristiana? </strong>Donati contesta que no, sino que atraviesa una oportunidad de renovación. Propone comprenderla como un modo vivo de relación que da sentido a lo diario y <strong>conecta lo humano con lo divino</strong>. ¿Tiene todavía futuro la cultura cristiana? Para gran parte del público, la respuesta es no. La consideran irrelevante ante el empuje de las nuevas tendencias evolutivas. <strong>Donati</strong>, fundador de la <strong>sociología relacional</strong>, discrepa, y considera esta marginación como una oportunidad para explorar qué significa “crear cultura”. <strong>Una cultura puede renacer y renovarse </strong>únicamente a través de relaciones vitales que infunden un nuevo sentido a la vida cotidiana. Nos invita así a repensar la cultura cristiana no tanto como un sistema de ideas o grandes narrativas, sino como <strong>una forma de vida inspirada en una matriz teológica relacional</strong>, que une lo humano y lo divino en todas las realidades cotidianas.&nbsp;</p>
<p>&nbsp;</p>

Rústica

LA VIDA COMO RELACIÓN
