{"id":1098936,"date":"2026-04-29T13:37:24","date_gmt":"2026-04-29T11:37:24","guid":{"rendered":"https:\/\/www.claret.cat\/llibre\/flores-en-el-desierto-9788432173844\/"},"modified":"2026-04-30T14:04:05","modified_gmt":"2026-04-30T12:04:05","slug":"flores-en-el-desierto-9788432173844","status":"publish","type":"product","link":"https:\/\/www.claret.cat\/es\/libro\/flores-en-el-desierto-9788432173844\/","title":{"rendered":"FLORES EN EL DESIERTO"},"content":{"rendered":"<p>A trav\u00e9s de <strong>cr\u00f3nicas personales<\/strong>, esta obra se adentra en <strong>la complicada realidad del L\u00edbano y del Oriente Medio<\/strong>, entre la crisis, la guerra y la convivencia religiosa. Muestra <strong>un cristianismo creativo y vivo <\/strong>que sostiene la fe y la vida diaria. El autor explora el Oriente Medio y, especialmente, la compleja realidad de <strong>un L\u00edbano marcado por la guerra, la crisis econ\u00f3mica <\/strong>y una estructura pol\u00edtica basada en el confesionalismo. Mediante <strong>historias de superaci\u00f3n y convivencia<\/strong> entre diferentes religiones, subraya c\u00f3mo el cristianismo se vive all\u00ed como una tradici\u00f3n creativa y desarmada frente a la violencia. Desde los <strong>relatos asombrosos sobre el Carmelo de Harissa <\/strong>y la <strong>devoci\u00f3n universal hacia San Ch\u00e1rbel<\/strong>, retrata el L\u00edbano no \u00fanicamente como una naci\u00f3n herida, sino como un escenario plural donde <strong>los milagros cotidianos sostienen la esperanza de su poblaci\u00f3n<\/strong>. &nbsp;&nbsp;<\/p>\n","protected":false},"excerpt":{"rendered":"<p>FIGA VAELLO, JAUME <\/p>\n","protected":false},"featured_media":1099140,"template":"","meta":{"_acf_changed":false,"om_disable_all_campaigns":false,"rs_blank_template":"","rs_page_bg_color":"","slide_template_v7":"","inline_featured_image":false,"_monsterinsights_skip_tracking":false,"_monsterinsights_sitenote_active":false,"_monsterinsights_sitenote_note":"","_monsterinsights_sitenote_category":0},"product_brand":[],"product_cat":[491,241],"product_tag":[],"class_list":{"0":"post-1098936","1":"product","2":"type-product","3":"status-publish","4":"has-post-thumbnail","6":"product_cat-testimonios","7":"product_cat-testimonis","9":"first","10":"instock","11":"taxable","12":"shipping-taxable","13":"purchasable","14":"product-type-simple"},"acf":{"autor":"FIGA VAELLO, JAUME ","codart":"843217384","libros-coleccion":"Biograf\u00edas y Testimonios","ediciones":"1","encuadernacion":"R\u00fastica","fecha_de_publicacion":"24\/04\/2026","novedad":"1","paginas":"280","subtitulo":"HISTORIAS DE FE Y ESPERANZA EN ORIENTE MEDIO ","orden":"0","portada":"1","idioma":"spa","booktrailer":"","resenas":"","editorial":[{"ID":6348,"post_author":"3","post_date":"2022-07-28 17:50:16","post_date_gmt":"2022-07-28 15:50:16","post_content":"","post_title":"Rialp","post_excerpt":"","post_status":"publish","comment_status":"closed","ping_status":"closed","post_password":"","post_name":"rialp","to_ping":"","pinged":"","post_modified":"2022-07-28 17:50:16","post_modified_gmt":"2022-07-28 15:50:16","post_content_filtered":"","post_parent":0,"guid":"http:\/\/dev.claret.cat\/editorial\/rialp\/","menu_order":0,"post_type":"editorial","post_mime_type":"","comment_count":"0","filter":"raw"}]},"aioseo_notices":[],"_links":{"self":[{"href":"https:\/\/www.claret.cat\/es\/wp-json\/wp\/v2\/product\/1098936","targetHints":{"allow":["GET"]}}],"collection":[{"href":"https:\/\/www.claret.cat\/es\/wp-json\/wp\/v2\/product"}],"about":[{"href":"https:\/\/www.claret.cat\/es\/wp-json\/wp\/v2\/types\/product"}],"wp:featuredmedia":[{"embeddable":true,"href":"https:\/\/www.claret.cat\/es\/wp-json\/wp\/v2\/media\/1099140"}],"wp:attachment":[{"href":"https:\/\/www.claret.cat\/es\/wp-json\/wp\/v2\/media?parent=1098936"}],"wp:term":[{"taxonomy":"product_brand","embeddable":true,"href":"https:\/\/www.claret.cat\/es\/wp-json\/wp\/v2\/product_brand?post=1098936"},{"taxonomy":"product_cat","embeddable":true,"href":"https:\/\/www.claret.cat\/es\/wp-json\/wp\/v2\/product_cat?post=1098936"},{"taxonomy":"product_tag","embeddable":true,"href":"https:\/\/www.claret.cat\/es\/wp-json\/wp\/v2\/product_tag?post=1098936"}],"curies":[{"name":"wp","href":"https:\/\/api.w.org\/{rel}","templated":true}]}}

<p>A través de <strong>crónicas personales</strong>, esta obra se adentra en <strong>la complicada realidad del Líbano y del Oriente Medio</strong>, entre la crisis, la guerra y la convivencia religiosa. Muestra <strong>un cristianismo creativo y vivo </strong>que sostiene la fe y la vida diaria. El autor explora el Oriente Medio y, especialmente, la compleja realidad de <strong>un Líbano marcado por la guerra, la crisis económica </strong>y una estructura política basada en el confesionalismo. Mediante <strong>historias de superación y convivencia</strong> entre diferentes religiones, subraya cómo el cristianismo se vive allí como una tradición creativa y desarmada frente a la violencia. Desde los <strong>relatos asombrosos sobre el Carmelo de Harissa </strong>y la <strong>devoción universal hacia San Chárbel</strong>, retrata el Líbano no únicamente como una nación herida, sino como un escenario plural donde <strong>los milagros cotidianos sostienen la esperanza de su población</strong>. &nbsp;&nbsp;</p>

Biografías y Testimonios

Rústica
