{"id":1098939,"date":"2026-04-29T13:37:39","date_gmt":"2026-04-29T11:37:39","guid":{"rendered":"https:\/\/www.claret.cat\/llibre\/madre-de-dios-y-madre-nuestra-9788432173196\/"},"modified":"2026-04-29T14:15:37","modified_gmt":"2026-04-29T12:15:37","slug":"madre-de-dios-y-madre-nuestra-9788432173196","status":"publish","type":"product","link":"https:\/\/www.claret.cat\/es\/libro\/madre-de-dios-y-madre-nuestra-9788432173196\/","title":{"rendered":"MADRE DE DIOS Y MADRE NUESTRA"},"content":{"rendered":"<p>Con lenguaje conciso y claro, el autor expone los contenidos de la <strong>Revelaci\u00f3n y el Magisterio sobre la Virgen Mar\u00eda<\/strong>. Da especial importancia a <strong>la participaci\u00f3n de Mar\u00eda en la obra redentora<\/strong>.<\/p>\n<p>&#8211;<strong>La Biblioteca de Iniciaci\u00f3n Teol\u00f3gica<\/strong> responde a la necesidad -muchas veces manifestada- de contar con unos libros de divulgaci\u00f3n teol\u00f3gica que est\u00e9n al alcance del cristiano que quiera ahondar en su formaci\u00f3n. Se han publicado en esta colecci\u00f3n diecinueve t\u00edtulos.<\/p>\n<p>Adem\u00e1s del <strong>Magisterio de Juan Pablo II<\/strong>, en esta 9\u00aa edici\u00f3n revisada y aumentada, incluye textos de Benedicto XVI, y ampl\u00eda varios temas: \u2018<strong>Maternidad espiritual de Mar\u00eda\u2019<\/strong>, \u2018Corredenci\u00f3n\u2019 y \u2018<strong>Culto a la Madre de Dios\u2019<\/strong>.<\/p>\n<p><strong>Antonio Orozco Delcl\u00f3s<\/strong> es sacerdote, Doctor en Filosof\u00eda Escol\u00e1stica por la Pontificia Universidad de Roma y Licenciado en Filosof\u00eda y Letras por la Universidad de Barcelona. Actualmente ejerce su ministerio en Salamanca<\/p>\n<p><\/p>\n","protected":false},"excerpt":{"rendered":"<p>OROZCO DELCL\u00d3S, ANTONIO<\/p>\n","protected":false},"featured_media":1098956,"template":"","meta":{"_acf_changed":false,"om_disable_all_campaigns":false,"rs_blank_template":"","rs_page_bg_color":"","slide_template_v7":"","inline_featured_image":false,"_monsterinsights_skip_tracking":false,"_monsterinsights_sitenote_active":false,"_monsterinsights_sitenote_note":"","_monsterinsights_sitenote_category":0},"product_brand":[],"product_cat":[275,413,286,512],"product_tag":[],"class_list":{"0":"post-1098939","1":"product","2":"type-product","3":"status-publish","4":"has-post-thumbnail","6":"product_cat-fonamental","7":"product_cat-fundamental","8":"product_cat-mariologia","9":"product_cat-mariologia-teologia-1_espiritualidad","11":"first","12":"instock","13":"taxable","14":"shipping-taxable","15":"purchasable","16":"product-type-simple"},"acf":{"autor":"OROZCO DELCL\u00d3S, ANTONIO","codart":"843217319","libros-coleccion":"Biblioteca de Iniciaci\u00f3n Teol\u00f3gica","ediciones":"1","encuadernacion":"R\u00fastica","fecha_de_publicacion":"29\/04\/2026","novedad":"1","paginas":"216","subtitulo":"INICIACI\u00d3N A LA MARIOLOG\u00cdA","orden":"0","portada":"1","idioma":"spa","booktrailer":"","resenas":"","editorial":[{"ID":6348,"post_author":"3","post_date":"2022-07-28 17:50:16","post_date_gmt":"2022-07-28 15:50:16","post_content":"","post_title":"Rialp","post_excerpt":"","post_status":"publish","comment_status":"closed","ping_status":"closed","post_password":"","post_name":"rialp","to_ping":"","pinged":"","post_modified":"2022-07-28 17:50:16","post_modified_gmt":"2022-07-28 15:50:16","post_content_filtered":"","post_parent":0,"guid":"http:\/\/dev.claret.cat\/editorial\/rialp\/","menu_order":0,"post_type":"editorial","post_mime_type":"","comment_count":"0","filter":"raw"}]},"aioseo_notices":[],"_links":{"self":[{"href":"https:\/\/www.claret.cat\/es\/wp-json\/wp\/v2\/product\/1098939","targetHints":{"allow":["GET"]}}],"collection":[{"href":"https:\/\/www.claret.cat\/es\/wp-json\/wp\/v2\/product"}],"about":[{"href":"https:\/\/www.claret.cat\/es\/wp-json\/wp\/v2\/types\/product"}],"wp:featuredmedia":[{"embeddable":true,"href":"https:\/\/www.claret.cat\/es\/wp-json\/wp\/v2\/media\/1098956"}],"wp:attachment":[{"href":"https:\/\/www.claret.cat\/es\/wp-json\/wp\/v2\/media?parent=1098939"}],"wp:term":[{"taxonomy":"product_brand","embeddable":true,"href":"https:\/\/www.claret.cat\/es\/wp-json\/wp\/v2\/product_brand?post=1098939"},{"taxonomy":"product_cat","embeddable":true,"href":"https:\/\/www.claret.cat\/es\/wp-json\/wp\/v2\/product_cat?post=1098939"},{"taxonomy":"product_tag","embeddable":true,"href":"https:\/\/www.claret.cat\/es\/wp-json\/wp\/v2\/product_tag?post=1098939"}],"curies":[{"name":"wp","href":"https:\/\/api.w.org\/{rel}","templated":true}]}}

<p>Con lenguaje conciso y claro, el autor expone los contenidos de la <strong>Revelación y el Magisterio sobre la Virgen María</strong>. Da especial importancia a <strong>la participación de María en la obra redentora</strong>.</p>
<p>&#8211;<strong>La Biblioteca de Iniciación Teológica</strong> responde a la necesidad -muchas veces manifestada- de contar con unos libros de divulgación teológica que estén al alcance del cristiano que quiera ahondar en su formación. Se han publicado en esta colección diecinueve títulos.</p>
<p>Además del <strong>Magisterio de Juan Pablo II</strong>, en esta 9ª edición revisada y aumentada, incluye textos de Benedicto XVI, y amplía varios temas: ‘<strong>Maternidad espiritual de María’</strong>, ‘Corredención’ y ‘<strong>Culto a la Madre de Dios’</strong>.</p>
<p><strong>Antonio Orozco Delclós</strong> es sacerdote, Doctor en Filosofía Escolástica por la Pontificia Universidad de Roma y Licenciado en Filosofía y Letras por la Universidad de Barcelona. Actualmente ejerce su ministerio en Salamanca</p>
<p></p>

<p>OROZCO DELCLÓS, ANTONIO</p>

OROZCO DELCLÓS, ANTONIO

Biblioteca de Iniciación Teológica

Rústica

INICIACIÓN A LA MARIOLOGÍA
