{"id":112465,"date":"2022-10-12T14:17:57","date_gmt":"2022-10-12T12:17:57","guid":{"rendered":"http:\/\/dev.claret.cat\/producte\/invulnerables\/"},"modified":"2023-01-28T22:23:36","modified_gmt":"2023-01-28T21:23:36","slug":"invulnerables-9788418285011","status":"publish","type":"product","link":"https:\/\/www.claret.cat\/es\/libro\/invulnerables-9788418285011\/","title":{"rendered":"INVULNERABLES"},"content":{"rendered":"<p>Este libro es la cr\u00f3nica del nacimiento y el esp\u00edritu de #Invulnerables, un proyecto impulsado por el entusiasmo, el magnetismo y la ilusi\u00f3n de sor Luc\u00eda Caram, que surge de la convicci\u00f3n de que superar la pobreza infantil es una causa a la que debemos sumarnos todos: la Administraci\u00f3n, las entidades sociales, las instituciones privadas y la sociedad en su conjunto. Cada p\u00e1gina es una invitaci\u00f3n a unirnos en un esfuerzo com\u00fan: buscar soluciones posibles y globales para garantizar una educaci\u00f3n integral de calidad a todos los ni\u00f1os y ni\u00f1as, y brindar oportunidades de crecimiento a las v\u00edctimas de una realidad a la que no podemos dar la espalda y que deber\u00eda ser prioridad de todos.<\/p>\n","protected":false},"excerpt":{"rendered":"<p>CARAM, LUC\u00cdA<\/p>\n","protected":false},"featured_media":112466,"template":"","meta":{"_acf_changed":false,"om_disable_all_campaigns":false,"rs_blank_template":"","rs_page_bg_color":"","slide_template_v7":"","inline_featured_image":false,"_monsterinsights_skip_tracking":false,"_monsterinsights_sitenote_active":false,"_monsterinsights_sitenote_note":"","_monsterinsights_sitenote_category":0},"product_brand":[],"product_cat":[90],"product_tag":[],"class_list":{"0":"post-112465","1":"product","2":"type-product","3":"status-publish","4":"has-post-thumbnail","6":"product_cat-altres","8":"first","9":"instock","10":"taxable","11":"shipping-taxable","12":"purchasable","13":"product-type-simple"},"acf":{"editorial":[{"ID":6331,"post_author":"3","post_date":"2022-07-28 17:49:53","post_date_gmt":"2022-07-28 15:49:53","post_content":"","post_title":"PLATAFORMA EDITORIAL","post_excerpt":"","post_status":"publish","comment_status":"closed","ping_status":"closed","post_password":"","post_name":"plataforma-editorial","to_ping":"","pinged":"","post_modified":"2022-07-28 17:49:53","post_modified_gmt":"2022-07-28 15:49:53","post_content_filtered":"","post_parent":0,"guid":"http:\/\/dev.claret.cat\/editorial\/plataforma-editorial\/","menu_order":0,"post_type":"editorial","post_mime_type":"","comment_count":"0","filter":"raw"}],"autores-libros":[{"ID":5744,"post_author":"3","post_date":"2022-07-28 17:30:32","post_date_gmt":"2022-07-28 15:30:32","post_content":"","post_title":"LUC\u00cdA CARAM","post_excerpt":"","post_status":"publish","comment_status":"closed","ping_status":"closed","post_password":"","post_name":"lucia-caram","to_ping":"","pinged":"","post_modified":"2022-07-28 17:30:32","post_modified_gmt":"2022-07-28 15:30:32","post_content_filtered":"","post_parent":0,"guid":"http:\/\/dev.claret.cat\/autor\/lucia-caram\/","menu_order":0,"post_type":"autor","post_mime_type":"","comment_count":"0","filter":"raw"}],"autor":"CARAM, LUC\u00cdA","codart":"841828501","libros-coleccion":"Testimonio","ediciones":"1","encuadernacion":"R\u00fastica","fecha_de_publicacion":"01\/05\/2020","novedad":"1","paginas":"273","subtitulo":"UNA APUESTA DE \u00c9XITO CONTRA LA POBREZA INFANTIL","orden":"0","portada":"0","idioma":"spa"},"aioseo_notices":[],"_links":{"self":[{"href":"https:\/\/www.claret.cat\/es\/wp-json\/wp\/v2\/product\/112465","targetHints":{"allow":["GET"]}}],"collection":[{"href":"https:\/\/www.claret.cat\/es\/wp-json\/wp\/v2\/product"}],"about":[{"href":"https:\/\/www.claret.cat\/es\/wp-json\/wp\/v2\/types\/product"}],"wp:featuredmedia":[{"embeddable":true,"href":"https:\/\/www.claret.cat\/es\/wp-json\/wp\/v2\/media\/112466"}],"wp:attachment":[{"href":"https:\/\/www.claret.cat\/es\/wp-json\/wp\/v2\/media?parent=112465"}],"wp:term":[{"taxonomy":"product_brand","embeddable":true,"href":"https:\/\/www.claret.cat\/es\/wp-json\/wp\/v2\/product_brand?post=112465"},{"taxonomy":"product_cat","embeddable":true,"href":"https:\/\/www.claret.cat\/es\/wp-json\/wp\/v2\/product_cat?post=112465"},{"taxonomy":"product_tag","embeddable":true,"href":"https:\/\/www.claret.cat\/es\/wp-json\/wp\/v2\/product_tag?post=112465"}],"curies":[{"name":"wp","href":"https:\/\/api.w.org\/{rel}","templated":true}]}}

<p>Este libro es la crónica del nacimiento y el espíritu de #Invulnerables, un proyecto impulsado por el entusiasmo, el magnetismo y la ilusión de sor Lucía Caram, que surge de la convicción de que superar la pobreza infantil es una causa a la que debemos sumarnos todos: la Administración, las entidades sociales, las instituciones privadas y la sociedad en su conjunto. Cada página es una invitación a unirnos en un esfuerzo común: buscar soluciones posibles y globales para garantizar una educación integral de calidad a todos los niños y niñas, y brindar oportunidades de crecimiento a las víctimas de una realidad a la que no podemos dar la espalda y que debería ser prioridad de todos.</p>

<p>CARAM, LUCÍA</p>

LUCÍA CARAM

CARAM, LUCÍA

Rústica

UNA APUESTA DE ÉXITO CONTRA LA POBREZA INFANTIL
