{"id":112620,"date":"2022-10-12T14:20:21","date_gmt":"2022-10-12T12:20:21","guid":{"rendered":"http:\/\/dev.claret.cat\/producte\/mi-primera-guia-sobre-el-cambio-climatico\/"},"modified":"2025-01-31T16:43:36","modified_gmt":"2025-01-31T15:43:36","slug":"mi-primera-guia-sobre-el-cambio-climatico-9788424667498","status":"publish","type":"product","link":"https:\/\/www.claret.cat\/es\/libro\/mi-primera-guia-sobre-el-cambio-climatico-9788424667498\/","title":{"rendered":"MI PRIMERA GU\u00cdA SOBRE EL CAMBIO CLIM\u00c1TICO"},"content":{"rendered":"<p>Nuestro planeta est\u00e1 gravemente amenazado. El peligro tiene muchas caras: contaminaci\u00f3n, escasez de recursos naturales, sequ\u00eda&#8230; Todos los expertos del mundo se han puesto de acuerdo en constatar el cambio clim\u00e1tico que nos afecta. Y nuestra misi\u00f3n es colaborar para frenar los s\u00edntomas de la enfermedad de la Tierra. \u00bfQu\u00e9 podemos hacer? En esta gu\u00eda pr\u00e1ctica, Jos\u00e9 Luis Gallego te explicar\u00e1 a qu\u00e9 nos enfrentamos y c\u00f3mo hacerlo. Seguro que aprender\u00e1s mucho.<\/p>\n<p>Una gu\u00eda pr\u00e1ctica para entender el cambio clim\u00e1tico y como ayudar a prevenirlo.<\/p>\n","protected":false},"excerpt":{"rendered":"<p>GALLEGO, JOS\u00c9 LUIS<\/p>\n","protected":false},"featured_media":112621,"template":"","meta":{"_acf_changed":false,"om_disable_all_campaigns":false,"rs_blank_template":"","rs_page_bg_color":"","slide_template_v7":"","inline_featured_image":false,"_monsterinsights_skip_tracking":false,"_monsterinsights_sitenote_active":false,"_monsterinsights_sitenote_note":"","_monsterinsights_sitenote_category":0},"product_brand":[],"product_cat":[90,540],"product_tag":[],"class_list":{"0":"post-112620","1":"product","2":"type-product","3":"status-publish","4":"has-post-thumbnail","6":"product_cat-altres","7":"product_cat-otros","9":"first","10":"instock","11":"taxable","12":"shipping-taxable","13":"purchasable","14":"product-type-simple"},"acf":{"autor":"GALLEGO, JOS\u00c9 LUIS","codart":"842466749","libros-coleccion":"GUIAS","ediciones":"1","encuadernacion":"R\u00fastica","fecha_de_publicacion":"01\/05\/2020","novedad":"1","paginas":"55","subtitulo":"","orden":"0","portada":"0","idioma":"spa","editorial":[{"ID":148189,"post_author":"3","post_date":"2022-10-14 11:56:19","post_date_gmt":"2022-10-14 09:56:19","post_content":"","post_title":"GALERA, EDITORIAL","post_excerpt":"","post_status":"publish","comment_status":"closed","ping_status":"closed","post_password":"","post_name":"galera-editorial","to_ping":"","pinged":"","post_modified":"2022-10-14 11:56:19","post_modified_gmt":"2022-10-14 09:56:19","post_content_filtered":"","post_parent":0,"guid":"http:\/\/dev.claret.cat\/editorial\/galera-editorial\/","menu_order":0,"post_type":"editorial","post_mime_type":"","comment_count":"0","filter":"raw"}],"autores-libros":[{"ID":160325,"post_author":"3","post_date":"2022-10-14 15:52:09","post_date_gmt":"2022-10-14 13:52:09","post_content":"","post_title":"JOS\u00c9 LUIS GALLEGO","post_excerpt":"","post_status":"publish","comment_status":"closed","ping_status":"closed","post_password":"","post_name":"jose-luis-gallego","to_ping":"","pinged":"","post_modified":"2022-10-14 15:52:09","post_modified_gmt":"2022-10-14 13:52:09","post_content_filtered":"","post_parent":0,"guid":"http:\/\/dev.claret.cat\/autor\/jose-luis-gallego\/","menu_order":0,"post_type":"autor","post_mime_type":"","comment_count":"0","filter":"raw"}]},"aioseo_notices":[],"_links":{"self":[{"href":"https:\/\/www.claret.cat\/es\/wp-json\/wp\/v2\/product\/112620","targetHints":{"allow":["GET"]}}],"collection":[{"href":"https:\/\/www.claret.cat\/es\/wp-json\/wp\/v2\/product"}],"about":[{"href":"https:\/\/www.claret.cat\/es\/wp-json\/wp\/v2\/types\/product"}],"wp:featuredmedia":[{"embeddable":true,"href":"https:\/\/www.claret.cat\/es\/wp-json\/wp\/v2\/media\/112621"}],"wp:attachment":[{"href":"https:\/\/www.claret.cat\/es\/wp-json\/wp\/v2\/media?parent=112620"}],"wp:term":[{"taxonomy":"product_brand","embeddable":true,"href":"https:\/\/www.claret.cat\/es\/wp-json\/wp\/v2\/product_brand?post=112620"},{"taxonomy":"product_cat","embeddable":true,"href":"https:\/\/www.claret.cat\/es\/wp-json\/wp\/v2\/product_cat?post=112620"},{"taxonomy":"product_tag","embeddable":true,"href":"https:\/\/www.claret.cat\/es\/wp-json\/wp\/v2\/product_tag?post=112620"}],"curies":[{"name":"wp","href":"https:\/\/api.w.org\/{rel}","templated":true}]}}

MI PRIMERA GUÍA SOBRE EL CAMBIO CLIMÁTICO

<p>Nuestro planeta está gravemente amenazado. El peligro tiene muchas caras: contaminación, escasez de recursos naturales, sequía&#8230; Todos los expertos del mundo se han puesto de acuerdo en constatar el cambio climático que nos afecta. Y nuestra misión es colaborar para frenar los síntomas de la enfermedad de la Tierra. ¿Qué podemos hacer? En esta guía práctica, José Luis Gallego te explicará a qué nos enfrentamos y cómo hacerlo. Seguro que aprenderás mucho.</p>
<p>Una guía práctica para entender el cambio climático y como ayudar a prevenirlo.</p>

<p>GALLEGO, JOSÉ LUIS</p>

GALLEGO, JOSÉ LUIS

Rústica

JOSÉ LUIS GALLEGO
