{"id":11331,"date":"2022-09-30T20:04:32","date_gmt":"2022-09-30T18:04:32","guid":{"rendered":"http:\/\/dev.claret.cat\/producte\/amor-no-estas-fatigat\/"},"modified":"2024-01-31T20:45:33","modified_gmt":"2024-01-31T19:45:33","slug":"amor-no-estas-fatigat-9788475887470","status":"publish","type":"product","link":"https:\/\/www.claret.cat\/es\/libro\/amor-no-estas-fatigat-9788475887470\/","title":{"rendered":"AMOR, NO EST\u00c0S FATIGAT"},"content":{"rendered":"<p>Aix\u00ed com el volum Ha nevat sobre Yesterday (premi de la Cr\u00edtica Serra d\u2019Or i finalista del premi Amat-Piniella 2016) abra\u00e7ava la infantesa i la joventut de Gabriel Janer Manila en una Mallorca interior plena de contrastos, l\u2019actual volum presenta un home jove que acaba de ser pare de la seva filla Maria de la Pau, que sent la vocaci\u00f3 de mestre i, m\u00e9s endavant, la vocaci\u00f3 d\u2019escriptor.<br \/>Les seves primeres revoltes contra un entorn fosc i acovardit, la lluita per obrir-se al m\u00f3n, els seus inicis literaris&#8230; tot aix\u00f2 apareix amb tota la for\u00e7a en aquest llibre autobiogr\u00e0fic. Per\u00f2 tamb\u00e9 hi trobem retrats molt \u00edntims de personatges del m\u00f3n de la cultura illenca i catalana, com Lloren\u00e7 Villalonga, Maria Aur\u00e8lia Capmany, Baltasar Porcel i tants altres. El llibre, ple de passi\u00f3 vital, \u00e9s el testimoni d\u2019una vida abocada a la creaci\u00f3 liter\u00e0ria i a un m\u00f3n en proc\u00e9s de canvi.<\/p>\n","protected":false},"excerpt":{"rendered":"<p>JANER MANILA, GABRIEL<\/p>\n","protected":false},"featured_media":68812,"template":"","meta":{"_acf_changed":false,"om_disable_all_campaigns":false,"rs_blank_template":"","rs_page_bg_color":"","slide_template_v7":"","inline_featured_image":false,"_monsterinsights_skip_tracking":false,"_monsterinsights_sitenote_active":false,"_monsterinsights_sitenote_note":"","_monsterinsights_sitenote_category":0},"product_brand":[],"product_cat":[90,540],"product_tag":[],"class_list":{"0":"post-11331","1":"product","2":"type-product","3":"status-publish","4":"has-post-thumbnail","6":"product_cat-altres","7":"product_cat-otros","9":"first","10":"instock","11":"taxable","12":"shipping-taxable","13":"purchasable","14":"product-type-simple"},"acf":{"autor":"JANER MANILA, GABRIEL","codart":"847588747","libros-coleccion":"A TOT VENT-R\u00daST","ediciones":"1","encuadernacion":"Carton\u00e9","fecha_de_publicacion":"01\/02\/2019","novedad":"1","paginas":"507","subtitulo":"MEM\u00d2RIES","orden":"0","portada":"0","idioma":"cat","editorial":[{"ID":6336,"post_author":"3","post_date":"2022-07-28 17:50:00","post_date_gmt":"2022-07-28 15:50:00","post_content":"","post_title":"Proa","post_excerpt":"","post_status":"publish","comment_status":"closed","ping_status":"closed","post_password":"","post_name":"proa","to_ping":"","pinged":"","post_modified":"2022-07-28 17:50:00","post_modified_gmt":"2022-07-28 15:50:00","post_content_filtered":"","post_parent":0,"guid":"http:\/\/dev.claret.cat\/editorial\/proa\/","menu_order":0,"post_type":"editorial","post_mime_type":"","comment_count":"0","filter":"raw"}],"autores-libros":[{"ID":156526,"post_author":"3","post_date":"2022-10-14 15:21:31","post_date_gmt":"2022-10-14 13:21:31","post_content":"","post_title":"GABRIEL JANER MANILA","post_excerpt":"","post_status":"publish","comment_status":"closed","ping_status":"closed","post_password":"","post_name":"gabriel-janer-manila","to_ping":"","pinged":"","post_modified":"2022-10-14 15:21:31","post_modified_gmt":"2022-10-14 13:21:31","post_content_filtered":"","post_parent":0,"guid":"http:\/\/dev.claret.cat\/autor\/gabriel-janer-manila\/","menu_order":0,"post_type":"autor","post_mime_type":"","comment_count":"0","filter":"raw"}]},"aioseo_notices":[],"_links":{"self":[{"href":"https:\/\/www.claret.cat\/es\/wp-json\/wp\/v2\/product\/11331","targetHints":{"allow":["GET"]}}],"collection":[{"href":"https:\/\/www.claret.cat\/es\/wp-json\/wp\/v2\/product"}],"about":[{"href":"https:\/\/www.claret.cat\/es\/wp-json\/wp\/v2\/types\/product"}],"wp:featuredmedia":[{"embeddable":true,"href":"https:\/\/www.claret.cat\/es\/wp-json\/wp\/v2\/media\/68812"}],"wp:attachment":[{"href":"https:\/\/www.claret.cat\/es\/wp-json\/wp\/v2\/media?parent=11331"}],"wp:term":[{"taxonomy":"product_brand","embeddable":true,"href":"https:\/\/www.claret.cat\/es\/wp-json\/wp\/v2\/product_brand?post=11331"},{"taxonomy":"product_cat","embeddable":true,"href":"https:\/\/www.claret.cat\/es\/wp-json\/wp\/v2\/product_cat?post=11331"},{"taxonomy":"product_tag","embeddable":true,"href":"https:\/\/www.claret.cat\/es\/wp-json\/wp\/v2\/product_tag?post=11331"}],"curies":[{"name":"wp","href":"https:\/\/api.w.org\/{rel}","templated":true}]}}

AMOR, NO ESTÀS FATIGAT

<p>Així com el volum Ha nevat sobre Yesterday (premi de la Crítica Serra d’Or i finalista del premi Amat-Piniella 2016) abraçava la infantesa i la joventut de Gabriel Janer Manila en una Mallorca interior plena de contrastos, l’actual volum presenta un home jove que acaba de ser pare de la seva filla Maria de la Pau, que sent la vocació de mestre i, més endavant, la vocació d’escriptor.<br />Les seves primeres revoltes contra un entorn fosc i acovardit, la lluita per obrir-se al món, els seus inicis literaris&#8230; tot això apareix amb tota la força en aquest llibre autobiogràfic. Però també hi trobem retrats molt íntims de personatges del món de la cultura illenca i catalana, com Llorenç Villalonga, Maria Aurèlia Capmany, Baltasar Porcel i tants altres. El llibre, ple de passió vital, és el testimoni d’una vida abocada a la creació literària i a un món en procés de canvi.</p>

A TOT VENT-RÚST

Cartoné

MEMÒRIES
