{"id":113719,"date":"2022-10-12T14:37:05","date_gmt":"2022-10-12T12:37:05","guid":{"rendered":"http:\/\/dev.claret.cat\/producte\/el-dogma-en-evolucion\/"},"modified":"2026-04-01T16:34:50","modified_gmt":"2026-04-01T14:34:50","slug":"el-dogma-en-evolucion-9788429329315","status":"publish","type":"product","link":"https:\/\/www.claret.cat\/es\/libro\/el-dogma-en-evolucion-9788429329315\/","title":{"rendered":"EL DOGMA EN EVOLUCI\u00d3N"},"content":{"rendered":"<p>Nunca antes se hab\u00eda hablado tanto sobre el cambio como actualmente. Pero rara vez se ha meditado sobre que significa exactamente \u00abevoluci\u00f3n\u00bb en un sentido teol\u00f3gico. El hecho de que ni tan solo los dogmas se sustraigan al devenir y al cambio puede resultar un esc\u00e1ndalo para unos. Y tambi\u00e9n liberador para otros. Michael Seewald no evita esta provocaci\u00f3n de la naturaleza dogm\u00e1tica, para lograr narrar la desconocida pero llamativa historia de las teor\u00edas de la evoluci\u00f3n del dogma. Un trayecto desde los comienzos del cristianismo hasta la actualidad, en el que podremos descubrir que el margen para la reforma y el cambio en la Iglesia, es mayor de lo que solemos creer.<\/p>\n","protected":false},"excerpt":{"rendered":"<p>SEEWALD, MICHAEL<\/p>\n","protected":false},"featured_media":340779,"template":"","meta":{"_acf_changed":false,"om_disable_all_campaigns":false,"rs_blank_template":"","rs_page_bg_color":"","slide_template_v7":"","inline_featured_image":false,"_monsterinsights_skip_tracking":false,"_monsterinsights_sitenote_active":false,"_monsterinsights_sitenote_note":"","_monsterinsights_sitenote_category":0},"product_brand":[],"product_cat":[90,540],"product_tag":[],"class_list":{"0":"post-113719","1":"product","2":"type-product","3":"status-publish","4":"has-post-thumbnail","6":"product_cat-altres","7":"product_cat-otros","9":"first","10":"instock","11":"taxable","12":"shipping-taxable","13":"purchasable","14":"product-type-simple"},"acf":{"editorial":[{"ID":6351,"post_author":"3","post_date":"2022-07-28 17:50:19","post_date_gmt":"2022-07-28 15:50:19","post_content":"","post_title":"Sal Terrae","post_excerpt":"","post_status":"publish","comment_status":"closed","ping_status":"closed","post_password":"","post_name":"sal-terrae","to_ping":"","pinged":"","post_modified":"2022-07-28 17:50:19","post_modified_gmt":"2022-07-28 15:50:19","post_content_filtered":"","post_parent":0,"guid":"http:\/\/dev.claret.cat\/editorial\/sal-terrae\/","menu_order":0,"post_type":"editorial","post_mime_type":"","comment_count":"0","filter":"raw"}],"autor":"SEEWALD, MICHAEL","codart":"842932931","libros-coleccion":"PRESENCIA TEOL\u00d3GICA","ediciones":"1","encuadernacion":"R\u00fastica","fecha_de_publicacion":"04\/03\/2020","novedad":"1","paginas":"336","subtitulo":"C\u00d3MO SE DESARROLLAN LAS DOCTRINAS DE LA FE","orden":"0","portada":"0","idioma":"spa","autores-libros":[{"ID":164828,"post_author":"3","post_date":"2022-10-14 17:50:12","post_date_gmt":"2022-10-14 15:50:12","post_content":"","post_title":"MICHAEL SEEWALD","post_excerpt":"","post_status":"publish","comment_status":"closed","ping_status":"closed","post_password":"","post_name":"michael-seewald","to_ping":"","pinged":"","post_modified":"2022-10-14 17:50:12","post_modified_gmt":"2022-10-14 15:50:12","post_content_filtered":"","post_parent":0,"guid":"http:\/\/dev.claret.cat\/autor\/michael-seewald\/","menu_order":0,"post_type":"autor","post_mime_type":"","comment_count":"0","filter":"raw"}],"booktrailer":"","resenas":""},"aioseo_notices":[],"_links":{"self":[{"href":"https:\/\/www.claret.cat\/es\/wp-json\/wp\/v2\/product\/113719","targetHints":{"allow":["GET"]}}],"collection":[{"href":"https:\/\/www.claret.cat\/es\/wp-json\/wp\/v2\/product"}],"about":[{"href":"https:\/\/www.claret.cat\/es\/wp-json\/wp\/v2\/types\/product"}],"wp:featuredmedia":[{"embeddable":true,"href":"https:\/\/www.claret.cat\/es\/wp-json\/wp\/v2\/media\/340779"}],"wp:attachment":[{"href":"https:\/\/www.claret.cat\/es\/wp-json\/wp\/v2\/media?parent=113719"}],"wp:term":[{"taxonomy":"product_brand","embeddable":true,"href":"https:\/\/www.claret.cat\/es\/wp-json\/wp\/v2\/product_brand?post=113719"},{"taxonomy":"product_cat","embeddable":true,"href":"https:\/\/www.claret.cat\/es\/wp-json\/wp\/v2\/product_cat?post=113719"},{"taxonomy":"product_tag","embeddable":true,"href":"https:\/\/www.claret.cat\/es\/wp-json\/wp\/v2\/product_tag?post=113719"}],"curies":[{"name":"wp","href":"https:\/\/api.w.org\/{rel}","templated":true}]}}

EL DOGMA EN EVOLUCIÓN

<p>Nunca antes se había hablado tanto sobre el cambio como actualmente. Pero rara vez se ha meditado sobre que significa exactamente «evolución» en un sentido teológico. El hecho de que ni tan solo los dogmas se sustraigan al devenir y al cambio puede resultar un escándalo para unos. Y también liberador para otros. Michael Seewald no evita esta provocación de la naturaleza dogmática, para lograr narrar la desconocida pero llamativa historia de las teorías de la evolución del dogma. Un trayecto desde los comienzos del cristianismo hasta la actualidad, en el que podremos descubrir que el margen para la reforma y el cambio en la Iglesia, es mayor de lo que solemos creer.</p>

PRESENCIA TEOLÓGICA

Rústica

CÓMO SE DESARROLLAN LAS DOCTRINAS DE LA FE
