{"id":113833,"date":"2022-10-12T14:38:42","date_gmt":"2022-10-12T12:38:42","guid":{"rendered":"http:\/\/dev.claret.cat\/producte\/pedagogies-i-emancipacio\/"},"modified":"2025-09-23T12:40:39","modified_gmt":"2025-09-23T10:40:39","slug":"pedagogies-i-emancipacio-9788494992483","status":"publish","type":"product","link":"https:\/\/www.claret.cat\/es\/libro\/pedagogies-i-emancipacio-9788494992483\/","title":{"rendered":"PEDAGOGIES I EMANCIPACI\u00d3"},"content":{"rendered":"<p>Educar, per a qu\u00e8? No podem deixar de fer-nos aquesta pregunta en una \u00e8poca en qu\u00e8 l&#8217;educaci\u00f3 sembla amena\u00e7ada per l&#8217;imperatiu de la productivitat i de l&#8217;efici\u00e8ncia al servei del mercat laboral. Els assaigs que integren aquest volum proposen un exercici cr\u00edtic sobre els models educatius que se&#8217;ns imposen gaireb\u00e9 sense marge per plantejar alternatives. Des d&#8217;experi\u00e8ncies i perspectives diverses, totes les aportacions coincideixen a apostar per l&#8217;educaci\u00f3 com a espai pol\u00edtic per a l&#8217;emancipaci\u00f3 individual i col\u00b7lectiva. Un \u00e0mbit i una pr\u00e0ctica des dels quals se&#8217;ns permeti imaginar el futur.<\/p>\n","protected":false},"excerpt":{"rendered":"<p>GARC\u00c9S, MARINA \/ GRAHAM, JANNA \/ FLORES, VAL \/ FERN\u00c1NDEZ MARTORELL, CONCHA \/ SO<\/p>\n","protected":false},"featured_media":1054824,"template":"","meta":{"_acf_changed":false,"om_disable_all_campaigns":false,"rs_blank_template":"","rs_page_bg_color":"","slide_template_v7":"","inline_featured_image":false,"_monsterinsights_skip_tracking":false,"_monsterinsights_sitenote_active":false,"_monsterinsights_sitenote_note":"","_monsterinsights_sitenote_category":0},"product_brand":[],"product_cat":[451,186],"product_tag":[],"class_list":{"0":"post-113833","1":"product","2":"type-product","3":"status-publish","4":"has-post-thumbnail","6":"product_cat-estudios-e-investigacion-pedagogia-2_humanidades","7":"product_cat-estudis-i-investigacio-pedagogia-2_humanitats","9":"first","10":"outofstock","11":"taxable","12":"shipping-taxable","13":"purchasable","14":"product-type-simple"},"acf":{"editorial":[{"ID":6125,"post_author":"3","post_date":"2022-07-28 17:45:25","post_date_gmt":"2022-07-28 15:45:25","post_content":"","post_title":"ARC\u00c0DIA","post_excerpt":"","post_status":"publish","comment_status":"closed","ping_status":"closed","post_password":"","post_name":"arcadia","to_ping":"","pinged":"","post_modified":"2022-07-28 17:45:25","post_modified_gmt":"2022-07-28 15:45:25","post_content_filtered":"","post_parent":0,"guid":"http:\/\/dev.claret.cat\/editorial\/arcadia\/","menu_order":0,"post_type":"editorial","post_mime_type":"","comment_count":"0","filter":"raw"}],"autor":"GARC\u00c9S, MARINA \/ GRAHAM, JANNA \/ FLORES, VAL \/ FERN\u00c1NDEZ MARTORELL, CONCHA \/ SO","codart":"849499248","libros-coleccion":"et al.","ediciones":"1","encuadernacion":"R\u00fastica","fecha_de_publicacion":"01\/03\/2020","novedad":"1","paginas":"152","subtitulo":"","orden":"0","portada":"0","idioma":"spa","autores-libros":[{"ID":163936,"post_author":"3","post_date":"2022-10-14 17:43:02","post_date_gmt":"2022-10-14 15:43:02","post_content":"","post_title":"MARINA GARC\u00c9S","post_excerpt":"","post_status":"publish","comment_status":"closed","ping_status":"closed","post_password":"","post_name":"marina-garces","to_ping":"","pinged":"","post_modified":"2022-10-14 17:43:02","post_modified_gmt":"2022-10-14 15:43:02","post_content_filtered":"","post_parent":0,"guid":"http:\/\/dev.claret.cat\/autor\/marina-garces\/","menu_order":0,"post_type":"autor","post_mime_type":"","comment_count":"0","filter":"raw"},{"ID":158517,"post_author":"3","post_date":"2022-10-14 15:37:29","post_date_gmt":"2022-10-14 13:37:29","post_content":"","post_title":"JANNA GRAHAM","post_excerpt":"","post_status":"publish","comment_status":"closed","ping_status":"closed","post_password":"","post_name":"janna-graham","to_ping":"","pinged":"","post_modified":"2022-10-14 15:37:29","post_modified_gmt":"2022-10-14 13:37:29","post_content_filtered":"","post_parent":0,"guid":"http:\/\/dev.claret.cat\/autor\/janna-graham\/","menu_order":0,"post_type":"autor","post_mime_type":"","comment_count":"0","filter":"raw"},{"ID":170740,"post_author":"3","post_date":"2022-10-14 22:37:47","post_date_gmt":"2022-10-14 20:37:47","post_content":"","post_title":"VAL FLORES","post_excerpt":"","post_status":"publish","comment_status":"closed","ping_status":"closed","post_password":"","post_name":"val-flores","to_ping":"","pinged":"","post_modified":"2022-10-14 22:37:47","post_modified_gmt":"2022-10-14 20:37:47","post_content_filtered":"","post_parent":0,"guid":"http:\/\/dev.claret.cat\/autor\/val-flores\/","menu_order":0,"post_type":"autor","post_mime_type":"","comment_count":"0","filter":"raw"},{"ID":169619,"post_author":"3","post_date":"2022-10-14 22:28:41","post_date_gmt":"2022-10-14 20:28:41","post_content":"","post_title":"SO","post_excerpt":"","post_status":"publish","comment_status":"closed","ping_status":"closed","post_password":"","post_name":"so","to_ping":"","pinged":"","post_modified":"2022-10-14 22:28:41","post_modified_gmt":"2022-10-14 20:28:41","post_content_filtered":"","post_parent":0,"guid":"http:\/\/dev.claret.cat\/autor\/so\/","menu_order":0,"post_type":"autor","post_mime_type":"","comment_count":"0","filter":"raw"},{"ID":153194,"post_author":"3","post_date":"2022-10-14 14:54:49","post_date_gmt":"2022-10-14 12:54:49","post_content":"","post_title":"CONCHA FERNANDEZ MARTORELL","post_excerpt":"","post_status":"publish","comment_status":"closed","ping_status":"closed","post_password":"","post_name":"concha-fernandez-martorell","to_ping":"","pinged":"","post_modified":"2022-10-14 14:54:49","post_modified_gmt":"2022-10-14 12:54:49","post_content_filtered":"","post_parent":0,"guid":"http:\/\/dev.claret.cat\/autor\/concha-fernandez-martorell\/","menu_order":0,"post_type":"autor","post_mime_type":"","comment_count":"0","filter":"raw"}],"booktrailer":"","resenas":""},"aioseo_notices":[],"_links":{"self":[{"href":"https:\/\/www.claret.cat\/es\/wp-json\/wp\/v2\/product\/113833","targetHints":{"allow":["GET"]}}],"collection":[{"href":"https:\/\/www.claret.cat\/es\/wp-json\/wp\/v2\/product"}],"about":[{"href":"https:\/\/www.claret.cat\/es\/wp-json\/wp\/v2\/types\/product"}],"wp:featuredmedia":[{"embeddable":true,"href":"https:\/\/www.claret.cat\/es\/wp-json\/wp\/v2\/media\/1054824"}],"wp:attachment":[{"href":"https:\/\/www.claret.cat\/es\/wp-json\/wp\/v2\/media?parent=113833"}],"wp:term":[{"taxonomy":"product_brand","embeddable":true,"href":"https:\/\/www.claret.cat\/es\/wp-json\/wp\/v2\/product_brand?post=113833"},{"taxonomy":"product_cat","embeddable":true,"href":"https:\/\/www.claret.cat\/es\/wp-json\/wp\/v2\/product_cat?post=113833"},{"taxonomy":"product_tag","embeddable":true,"href":"https:\/\/www.claret.cat\/es\/wp-json\/wp\/v2\/product_tag?post=113833"}],"curies":[{"name":"wp","href":"https:\/\/api.w.org\/{rel}","templated":true}]}}

PEDAGOGIES I EMANCIPACIÓ

<p>Educar, per a què? No podem deixar de fer-nos aquesta pregunta en una època en què l&#8217;educació sembla amenaçada per l&#8217;imperatiu de la productivitat i de l&#8217;eficiència al servei del mercat laboral. Els assaigs que integren aquest volum proposen un exercici crític sobre els models educatius que se&#8217;ns imposen gairebé sense marge per plantejar alternatives. Des d&#8217;experiències i perspectives diverses, totes les aportacions coincideixen a apostar per l&#8217;educació com a espai polític per a l&#8217;emancipació individual i col·lectiva. Un àmbit i una pràctica des dels quals se&#8217;ns permeti imaginar el futur.</p>

<p>GARCÉS, MARINA / GRAHAM, JANNA / FLORES, VAL / FERNÁNDEZ MARTORELL, CONCHA / SO</p>

ARCÀDIA

GARCÉS, MARINA / GRAHAM, JANNA / FLORES, VAL / FERNÁNDEZ MARTORELL, CONCHA / SO

Rústica

MARINA GARCÉS
