{"id":113857,"date":"2022-10-12T14:39:02","date_gmt":"2022-10-12T12:39:02","guid":{"rendered":"http:\/\/dev.claret.cat\/producte\/les-vencedores\/"},"modified":"2023-01-28T15:10:52","modified_gmt":"2023-01-28T14:10:52","slug":"les-vencedores-9788416310333","status":"publish","type":"product","link":"https:\/\/www.claret.cat\/es\/libro\/les-vencedores-9788416310333\/","title":{"rendered":"LES VENCEDORES"},"content":{"rendered":"<p>Un himne a la solidaritat i l&#8217;esperan\u00e7a on Colombani d\u00f3na veu a les an\u00f2nimes guanyadores de la hist\u00f2ria. Considerada un homenatge al poder aclaparador de les dones, La trena ha esdevingut un best-seller internacional del qual s&#8217;han venut m\u00e9s d&#8217;un mili\u00f3 d&#8217;exemplars nom\u00e9s a Fran\u00e7a. Despr\u00e9s de l&#8217;\u00e8xit d&#8217;aquesta primera obra, Laetitia Colombani torna amb un relat colpidor i vibrant en el qual presenta la hist\u00f2ria de dues figures excepcionals nascudes amb un segle de difer\u00e8ncia, per\u00f2 que comparteixen un mateix lloc: el Palau de la Dona. Als quaranta anys, la Sol\u00e8ne ho ha sacrificat tot per la seva carrera com a advocada: els seus amics, els seus somnis i els seus amors, fins que un dia s&#8217;enfonsa i se sumeix en una terrible depressi\u00f3. Per ajudar-la a recuperar-se, el metge li aconsella que faci feines de voluntariat. Poc conven\u00e7uda, la Sol\u00e8ne troba per internet un anunci que desperta la seva curiositat i decideix interessar-s&#8217;hi. L&#8217;envien a una casa per a dones amb greu risc d&#8217;exclusi\u00f3 social, on t\u00e9 problemes per relacionar-se amb les residents, que d&#8217;entrada es mostren esquives i distants; per\u00f2 a poc a poc anir\u00e0 guanyant-se la seva confian\u00e7a i descobrir\u00e0 fins a quin punt vol estar tan viva com elles. Un segle abans, Blanche Peyron lliura un combat. Comandant de l&#8217;Ex\u00e8rcit de Salvaci\u00f3 a Fran\u00e7a, vol oferir un sostre a totes les dones excloses de la societat. Amb aquest fi, el 1925 comen\u00e7a a recaptar els fons imprescindibles per comprar un hotel monumental, i nom\u00e9s un any despr\u00e9s el Palau de la Dona obre les seves portes. El Palau de la Dona existeix i Les vencedores ens convida a entrar-hi per descobrir la crua realitat d&#8217;aquelles que hi viuen. Amb el mateix estil de La trena, Laetitia Colombani broda un cant emotiu a la for\u00e7a de les dones que ens parla de p\u00e8rdues i patiments, de fraternitat i bondat, que ens sedueix per la seva empatia i ens acosta v\u00edvidament a la tr\u00e0gica exist\u00e8ncia d&#8217;aquestes persones invisibles per a la societat.<\/p>\n","protected":false},"excerpt":{"rendered":"<p>COLOMBANI, LAETITIA<\/p>\n","protected":false},"featured_media":113858,"template":"","meta":{"_acf_changed":false,"om_disable_all_campaigns":false,"rs_blank_template":"","rs_page_bg_color":"","slide_template_v7":"","inline_featured_image":false,"_monsterinsights_skip_tracking":false,"_monsterinsights_sitenote_active":false,"_monsterinsights_sitenote_note":"","_monsterinsights_sitenote_category":0},"product_brand":[],"product_cat":[127],"product_tag":[],"class_list":{"0":"post-113857","1":"product","2":"type-product","3":"status-publish","4":"has-post-thumbnail","6":"product_cat-novella-contemporania","8":"first","9":"instock","10":"taxable","11":"shipping-taxable","12":"purchasable","13":"product-type-simple"},"acf":{"editorial":[{"ID":6352,"post_author":"3","post_date":"2022-07-28 17:50:21","post_date_gmt":"2022-07-28 15:50:21","post_content":"","post_title":"SALAMANDRA","post_excerpt":"","post_status":"publish","comment_status":"closed","ping_status":"closed","post_password":"","post_name":"salamandra","to_ping":"","pinged":"","post_modified":"2022-07-28 17:50:21","post_modified_gmt":"2022-07-28 15:50:21","post_content_filtered":"","post_parent":0,"guid":"http:\/\/dev.claret.cat\/editorial\/salamandra\/","menu_order":0,"post_type":"editorial","post_mime_type":"","comment_count":"0","filter":"raw"}],"autores-libros":[{"ID":161815,"post_author":"3","post_date":"2022-10-14 17:21:15","post_date_gmt":"2022-10-14 15:21:15","post_content":"","post_title":"LAETITIA COLOMBANI","post_excerpt":"","post_status":"publish","comment_status":"closed","ping_status":"closed","post_password":"","post_name":"laetitia-colombani","to_ping":"","pinged":"","post_modified":"2022-10-14 17:21:15","post_modified_gmt":"2022-10-14 15:21:15","post_content_filtered":"","post_parent":0,"guid":"http:\/\/dev.claret.cat\/autor\/laetitia-colombani\/","menu_order":0,"post_type":"autor","post_mime_type":"","comment_count":"0","filter":"raw"}],"autor":"COLOMBANI, LAETITIA","codart":"841631033","libros-coleccion":"Salamandra Catal\u00e0","ediciones":"1","encuadernacion":"R\u00fastica","fecha_de_publicacion":"01\/03\/2020","novedad":"1","paginas":"220","subtitulo":"","orden":"0","portada":"0","idioma":"cat"},"aioseo_notices":[],"_links":{"self":[{"href":"https:\/\/www.claret.cat\/es\/wp-json\/wp\/v2\/product\/113857","targetHints":{"allow":["GET"]}}],"collection":[{"href":"https:\/\/www.claret.cat\/es\/wp-json\/wp\/v2\/product"}],"about":[{"href":"https:\/\/www.claret.cat\/es\/wp-json\/wp\/v2\/types\/product"}],"wp:featuredmedia":[{"embeddable":true,"href":"https:\/\/www.claret.cat\/es\/wp-json\/wp\/v2\/media\/113858"}],"wp:attachment":[{"href":"https:\/\/www.claret.cat\/es\/wp-json\/wp\/v2\/media?parent=113857"}],"wp:term":[{"taxonomy":"product_brand","embeddable":true,"href":"https:\/\/www.claret.cat\/es\/wp-json\/wp\/v2\/product_brand?post=113857"},{"taxonomy":"product_cat","embeddable":true,"href":"https:\/\/www.claret.cat\/es\/wp-json\/wp\/v2\/product_cat?post=113857"},{"taxonomy":"product_tag","embeddable":true,"href":"https:\/\/www.claret.cat\/es\/wp-json\/wp\/v2\/product_tag?post=113857"}],"curies":[{"name":"wp","href":"https:\/\/api.w.org\/{rel}","templated":true}]}}

<p>Un himne a la solidaritat i l&#8217;esperança on Colombani dóna veu a les anònimes guanyadores de la història. Considerada un homenatge al poder aclaparador de les dones, La trena ha esdevingut un best-seller internacional del qual s&#8217;han venut més d&#8217;un milió d&#8217;exemplars només a França. Després de l&#8217;èxit d&#8217;aquesta primera obra, Laetitia Colombani torna amb un relat colpidor i vibrant en el qual presenta la història de dues figures excepcionals nascudes amb un segle de diferència, però que comparteixen un mateix lloc: el Palau de la Dona. Als quaranta anys, la Solène ho ha sacrificat tot per la seva carrera com a advocada: els seus amics, els seus somnis i els seus amors, fins que un dia s&#8217;enfonsa i se sumeix en una terrible depressió. Per ajudar-la a recuperar-se, el metge li aconsella que faci feines de voluntariat. Poc convençuda, la Solène troba per internet un anunci que desperta la seva curiositat i decideix interessar-s&#8217;hi. L&#8217;envien a una casa per a dones amb greu risc d&#8217;exclusió social, on té problemes per relacionar-se amb les residents, que d&#8217;entrada es mostren esquives i distants; però a poc a poc anirà guanyant-se la seva confiança i descobrirà fins a quin punt vol estar tan viva com elles. Un segle abans, Blanche Peyron lliura un combat. Comandant de l&#8217;Exèrcit de Salvació a França, vol oferir un sostre a totes les dones excloses de la societat. Amb aquest fi, el 1925 comença a recaptar els fons imprescindibles per comprar un hotel monumental, i només un any després el Palau de la Dona obre les seves portes. El Palau de la Dona existeix i Les vencedores ens convida a entrar-hi per descobrir la crua realitat d&#8217;aquelles que hi viuen. Amb el mateix estil de La trena, Laetitia Colombani broda un cant emotiu a la força de les dones que ens parla de pèrdues i patiments, de fraternitat i bondat, que ens sedueix per la seva empatia i ens acosta vívidament a la tràgica existència d&#8217;aquestes persones invisibles per a la societat.</p>

Salamandra Català

Rústica
