{"id":114877,"date":"2022-10-12T14:53:47","date_gmt":"2022-10-12T12:53:47","guid":{"rendered":"http:\/\/dev.claret.cat\/producte\/belgica\/"},"modified":"2023-01-28T16:01:23","modified_gmt":"2023-01-28T15:01:23","slug":"belgica-9788491582908","status":"publish","type":"product","link":"https:\/\/www.claret.cat\/es\/libro\/belgica-9788491582908\/","title":{"rendered":"B\u00c9LGICA"},"content":{"rendered":"<p>Este pa\u00eds que es casi capital de Europa tiene recursos de sobra para sorprender al viajero. Esta gu\u00eda Viva para viajeros independientes es la compa\u00f1\u00eda perfecta para conocer B\u00e9lgica.<br \/> Contiene toda la informaci\u00f3n necesaria para preparar el viaje y, una vez all\u00ed, moverse libremente por el pa\u00eds; tambi\u00e9n un glosario de t\u00e9rminos \u00fatiles en franc\u00e9s y flamenco.<br \/> Las localidades y lugares de inter\u00e9s de B\u00e9lgica, ordenados de la A a la Z, se describen siguiendo varias secciones fijas: Info, Transportes, La Visita, Comer, Dormir, La Noche, Compras&#8230; Adem\u00e1s se a\u00f1aden otras secciones espec\u00edficas en funci\u00f3n de las caracter\u00edsticas concretas de cada lugar: fiestas, tradiciones, historia&#8230; y se incluyen interesantes excursiones por los alrededores. <br \/> Para facilitar la visita se incluyen planos de las principales ciudades con los ambientes urbanos de d\u00eda y de noche, donde se se\u00f1alan los establecimientos recomendados y las mejores zonas donde comprar, pasear o salir de noche.<br \/> La visita se completa con abundante informaci\u00f3n pr\u00e1ctica sobre hoteles, restaurantes y otros servicios tur\u00edsticos seleccionados siguiendo un riguroso criterio de calidad\/precio. <br \/> Finalmente, El Contexto comprende un resumen de la historia de B\u00e9lgica, as\u00ed como diversos art\u00edculos sobre religi\u00f3n, costumbres, cultura y otros aspectos interesantes del pa\u00eds.<br \/> Completa la informaci\u00f3n un mapa general de carreteras que se\u00f1ala todos los lugares de inter\u00e9s indicados en la gu\u00eda.<\/p>\n","protected":false},"excerpt":{"rendered":"<p>ANAYA TOURING \/ GARC\u00cdA, MAR\u00cdA<\/p>\n","protected":false},"featured_media":114878,"template":"","meta":{"_acf_changed":false,"om_disable_all_campaigns":false,"rs_blank_template":"","rs_page_bg_color":"","slide_template_v7":"","inline_featured_image":false,"_monsterinsights_skip_tracking":false,"_monsterinsights_sitenote_active":false,"_monsterinsights_sitenote_note":"","_monsterinsights_sitenote_category":0},"product_brand":[],"product_cat":[107],"product_tag":[],"class_list":{"0":"post-114877","1":"product","2":"type-product","3":"status-publish","4":"has-post-thumbnail","6":"product_cat-guies-de-viatge","8":"first","9":"instock","10":"taxable","11":"shipping-taxable","12":"purchasable","13":"product-type-simple"},"acf":{"editorial":[{"ID":147435,"post_author":"3","post_date":"2022-10-14 11:50:33","post_date_gmt":"2022-10-14 09:50:33","post_content":"","post_title":"Anaya Touring","post_excerpt":"","post_status":"publish","comment_status":"closed","ping_status":"closed","post_password":"","post_name":"anaya-touring","to_ping":"","pinged":"","post_modified":"2022-10-14 11:50:33","post_modified_gmt":"2022-10-14 09:50:33","post_content_filtered":"","post_parent":0,"guid":"http:\/\/dev.claret.cat\/editorial\/anaya-touring\/","menu_order":0,"post_type":"editorial","post_mime_type":"","comment_count":"0","filter":"raw"}],"autor":"ANAYA TOURING \/ GARC\u00cdA, MAR\u00cdA","codart":"849158290","libros-coleccion":"Gu\u00eda Viva - Internacional","ediciones":"1","encuadernacion":"R\u00fastica","fecha_de_publicacion":"01\/02\/2020","novedad":"1","paginas":"240","subtitulo":"","orden":"0","portada":"0","idioma":"spa","autores-libros":[{"ID":163625,"post_author":"3","post_date":"2022-10-14 17:40:32","post_date_gmt":"2022-10-14 15:40:32","post_content":"","post_title":"MAR\u00cdA GARC\u00cdA","post_excerpt":"","post_status":"publish","comment_status":"closed","ping_status":"closed","post_password":"","post_name":"maria-garcia","to_ping":"","pinged":"","post_modified":"2022-10-14 17:40:32","post_modified_gmt":"2022-10-14 15:40:32","post_content_filtered":"","post_parent":0,"guid":"http:\/\/dev.claret.cat\/autor\/maria-garcia\/","menu_order":0,"post_type":"autor","post_mime_type":"","comment_count":"0","filter":"raw"},{"ID":150168,"post_author":"3","post_date":"2022-10-14 14:30:47","post_date_gmt":"2022-10-14 12:30:47","post_content":"","post_title":"ANAYA TOURING","post_excerpt":"","post_status":"publish","comment_status":"closed","ping_status":"closed","post_password":"","post_name":"anaya-touring","to_ping":"","pinged":"","post_modified":"2022-10-14 14:30:47","post_modified_gmt":"2022-10-14 12:30:47","post_content_filtered":"","post_parent":0,"guid":"http:\/\/dev.claret.cat\/autor\/anaya-touring\/","menu_order":0,"post_type":"autor","post_mime_type":"","comment_count":"0","filter":"raw"}]},"aioseo_notices":[],"_links":{"self":[{"href":"https:\/\/www.claret.cat\/es\/wp-json\/wp\/v2\/product\/114877","targetHints":{"allow":["GET"]}}],"collection":[{"href":"https:\/\/www.claret.cat\/es\/wp-json\/wp\/v2\/product"}],"about":[{"href":"https:\/\/www.claret.cat\/es\/wp-json\/wp\/v2\/types\/product"}],"wp:featuredmedia":[{"embeddable":true,"href":"https:\/\/www.claret.cat\/es\/wp-json\/wp\/v2\/media\/114878"}],"wp:attachment":[{"href":"https:\/\/www.claret.cat\/es\/wp-json\/wp\/v2\/media?parent=114877"}],"wp:term":[{"taxonomy":"product_brand","embeddable":true,"href":"https:\/\/www.claret.cat\/es\/wp-json\/wp\/v2\/product_brand?post=114877"},{"taxonomy":"product_cat","embeddable":true,"href":"https:\/\/www.claret.cat\/es\/wp-json\/wp\/v2\/product_cat?post=114877"},{"taxonomy":"product_tag","embeddable":true,"href":"https:\/\/www.claret.cat\/es\/wp-json\/wp\/v2\/product_tag?post=114877"}],"curies":[{"name":"wp","href":"https:\/\/api.w.org\/{rel}","templated":true}]}}

BÉLGICA

<p>Este país que es casi capital de Europa tiene recursos de sobra para sorprender al viajero. Esta guía Viva para viajeros independientes es la compañía perfecta para conocer Bélgica.<br /> Contiene toda la información necesaria para preparar el viaje y, una vez allí, moverse libremente por el país; también un glosario de términos útiles en francés y flamenco.<br /> Las localidades y lugares de interés de Bélgica, ordenados de la A a la Z, se describen siguiendo varias secciones fijas: Info, Transportes, La Visita, Comer, Dormir, La Noche, Compras&#8230; Además se añaden otras secciones específicas en función de las características concretas de cada lugar: fiestas, tradiciones, historia&#8230; y se incluyen interesantes excursiones por los alrededores. <br /> Para facilitar la visita se incluyen planos de las principales ciudades con los ambientes urbanos de día y de noche, donde se señalan los establecimientos recomendados y las mejores zonas donde comprar, pasear o salir de noche.<br /> La visita se completa con abundante información práctica sobre hoteles, restaurantes y otros servicios turísticos seleccionados siguiendo un riguroso criterio de calidad/precio. <br /> Finalmente, El Contexto comprende un resumen de la historia de Bélgica, así como diversos artículos sobre religión, costumbres, cultura y otros aspectos interesantes del país.<br /> Completa la información un mapa general de carreteras que señala todos los lugares de interés indicados en la guía.</p>

<p>ANAYA TOURING / GARCÍA, MARÍA</p>

ANAYA TOURING / GARCÍA, MARÍA

Guía Viva - Internacional

Rústica

MARÍA GARCÍA
