{"id":114994,"date":"2022-10-12T14:55:35","date_gmt":"2022-10-12T12:55:35","guid":{"rendered":"http:\/\/dev.claret.cat\/producte\/rasgos-del-nuevo-radicalismo-de-derecha\/"},"modified":"2023-01-28T12:05:10","modified_gmt":"2023-01-28T11:05:10","slug":"rasgos-del-nuevo-radicalismo-de-derecha-9788430622238","status":"publish","type":"product","link":"https:\/\/www.claret.cat\/es\/libro\/rasgos-del-nuevo-radicalismo-de-derecha-9788430622238\/","title":{"rendered":"RASGOS DEL NUEVO RADICALISMO DE DERECHA"},"content":{"rendered":"<p>\u00abNo deber\u00edamos menospreciar estos movimientos por su ba jonivel intelectual ni por su falta de teorizaci\u00f3n. Ser\u00eda una enorme falta de perspectiva pol\u00edtica pensar por eso que no van a tener triunfar.\u00bb Dos d\u00e9cadas despu\u00e9s del final de la Segunda Guerra Mundial, el NPD, un partido neonazi alem\u00e1n, obtuvo un \u00e9xito sorprendente en las elecciones. En ese contexto, Theodor W. Adorno ofreci\u00f3 una conferencia en la Universidad de Viena, invitado por la Asociaci\u00f3n de Estudiantes Socialistas de Austria. Desde nuestra encrucijada actual, el inter\u00e9s de esta charla es mucho m\u00e1s que hist\u00f3rico. En ella analiz\u00f3 los recursos, objetivos y t\u00e1cticas del nuevo radicalismo de derecha de su tiempo. Contrast\u00e1ndolo con el \u00abviejo\u00bb fascismo nazi, expuso las razones para semejante recepci\u00f3n positiva. Esta obra de Adorno es como un mensaje en una botella lanzado medio siglo atr\u00e1s cuya lectura tiene un inestimable valor en nuestro presente.<\/p>\n","protected":false},"excerpt":{"rendered":"<p>ADORNO, THEODOR W.<\/p>\n","protected":false},"featured_media":114995,"template":"","meta":{"_acf_changed":false,"om_disable_all_campaigns":false,"rs_blank_template":"","rs_page_bg_color":"","slide_template_v7":"","inline_featured_image":false,"_monsterinsights_skip_tracking":false,"_monsterinsights_sitenote_active":false,"_monsterinsights_sitenote_note":"","_monsterinsights_sitenote_category":0},"product_brand":[],"product_cat":[162,152,157],"product_tag":[],"class_list":{"0":"post-114994","1":"product","2":"type-product","3":"status-publish","4":"has-post-thumbnail","6":"product_cat-economica-i-politica","7":"product_cat-el-mon-actual","8":"product_cat-investigacio-i-corrents","10":"first","11":"instock","12":"taxable","13":"shipping-taxable","14":"purchasable","15":"product-type-simple"},"acf":{"editorial":[{"ID":6372,"post_author":"3","post_date":"2022-07-28 17:50:47","post_date_gmt":"2022-07-28 15:50:47","post_content":"","post_title":"TAURUS","post_excerpt":"","post_status":"publish","comment_status":"closed","ping_status":"closed","post_password":"","post_name":"taurus","to_ping":"","pinged":"","post_modified":"2022-07-28 17:50:47","post_modified_gmt":"2022-07-28 15:50:47","post_content_filtered":"","post_parent":0,"guid":"http:\/\/dev.claret.cat\/editorial\/taurus\/","menu_order":0,"post_type":"editorial","post_mime_type":"","comment_count":"0","filter":"raw"}],"autor":"ADORNO, THEODOR W.","codart":"843062223","libros-coleccion":"TAURUS","ediciones":"1","encuadernacion":"Carton\u00e9","fecha_de_publicacion":"01\/02\/2020","novedad":"1","paginas":"96","subtitulo":"","orden":"0","portada":"0","idioma":"spa","autores-libros":[{"ID":170302,"post_author":"3","post_date":"2022-10-14 22:34:13","post_date_gmt":"2022-10-14 20:34:13","post_content":"","post_title":"THEODOR W. ADORNO","post_excerpt":"","post_status":"publish","comment_status":"closed","ping_status":"closed","post_password":"","post_name":"theodor-w-adorno","to_ping":"","pinged":"","post_modified":"2022-10-14 22:34:13","post_modified_gmt":"2022-10-14 20:34:13","post_content_filtered":"","post_parent":0,"guid":"http:\/\/dev.claret.cat\/autor\/theodor-w-adorno\/","menu_order":0,"post_type":"autor","post_mime_type":"","comment_count":"0","filter":"raw"}]},"aioseo_notices":[],"_links":{"self":[{"href":"https:\/\/www.claret.cat\/es\/wp-json\/wp\/v2\/product\/114994","targetHints":{"allow":["GET"]}}],"collection":[{"href":"https:\/\/www.claret.cat\/es\/wp-json\/wp\/v2\/product"}],"about":[{"href":"https:\/\/www.claret.cat\/es\/wp-json\/wp\/v2\/types\/product"}],"wp:featuredmedia":[{"embeddable":true,"href":"https:\/\/www.claret.cat\/es\/wp-json\/wp\/v2\/media\/114995"}],"wp:attachment":[{"href":"https:\/\/www.claret.cat\/es\/wp-json\/wp\/v2\/media?parent=114994"}],"wp:term":[{"taxonomy":"product_brand","embeddable":true,"href":"https:\/\/www.claret.cat\/es\/wp-json\/wp\/v2\/product_brand?post=114994"},{"taxonomy":"product_cat","embeddable":true,"href":"https:\/\/www.claret.cat\/es\/wp-json\/wp\/v2\/product_cat?post=114994"},{"taxonomy":"product_tag","embeddable":true,"href":"https:\/\/www.claret.cat\/es\/wp-json\/wp\/v2\/product_tag?post=114994"}],"curies":[{"name":"wp","href":"https:\/\/api.w.org\/{rel}","templated":true}]}}

<p>«No deberíamos menospreciar estos movimientos por su ba jonivel intelectual ni por su falta de teorización. Sería una enorme falta de perspectiva política pensar por eso que no van a tener triunfar.» Dos décadas después del final de la Segunda Guerra Mundial, el NPD, un partido neonazi alemán, obtuvo un éxito sorprendente en las elecciones. En ese contexto, Theodor W. Adorno ofreció una conferencia en la Universidad de Viena, invitado por la Asociación de Estudiantes Socialistas de Austria. Desde nuestra encrucijada actual, el interés de esta charla es mucho más que histórico. En ella analizó los recursos, objetivos y tácticas del nuevo radicalismo de derecha de su tiempo. Contrastándolo con el «viejo» fascismo nazi, expuso las razones para semejante recepción positiva. Esta obra de Adorno es como un mensaje en una botella lanzado medio siglo atrás cuya lectura tiene un inestimable valor en nuestro presente.</p>

Cartoné
