{"id":116449,"date":"2022-10-12T15:17:02","date_gmt":"2022-10-12T13:17:02","guid":{"rendered":"http:\/\/dev.claret.cat\/producte\/las-siete-palabras\/"},"modified":"2026-04-01T16:37:34","modified_gmt":"2026-04-01T14:37:34","slug":"las-siete-palabras-9788429329261","status":"publish","type":"product","link":"https:\/\/www.claret.cat\/es\/libro\/las-siete-palabras-9788429329261\/","title":{"rendered":"LAS SIETE PALABRAS"},"content":{"rendered":"<p>Las \u00faltimas palabras de Jes\u00fas en la cruz tradicionalmente han sido para los cristianos una invitaci\u00f3n a meditar y vivir profundamente el Viernes Santo los momentos finales de la vida de Cristo. Estos siete \u00faltimos mensajes han permitido a James Martin acercarnos a un sorprendente retrato del Jes\u00fas crucificado, que muestra hasta qu\u00e9 punto Dios es capaz de comprender nuestras dificultades.<br \/>Las Siete Palabras son el mejor reflejo de ese Dios hecho ser humano. Un Jes\u00fas que hasta su misma muerte empatiza con las alegr\u00edas y las penas. Acogedor de esperanzas e ilusiones. Y tambi\u00e9n de nuestros miedos y angustias.<\/p>\n","protected":false},"excerpt":{"rendered":"<p>MARTIN, JAMES; SJ<\/p>\n","protected":false},"featured_media":340769,"template":"","meta":{"_acf_changed":false,"om_disable_all_campaigns":false,"rs_blank_template":"","rs_page_bg_color":"","slide_template_v7":"","inline_featured_image":false,"_monsterinsights_skip_tracking":false,"_monsterinsights_sitenote_active":false,"_monsterinsights_sitenote_note":"","_monsterinsights_sitenote_category":0},"product_brand":[],"product_cat":[90,540],"product_tag":[],"class_list":{"0":"post-116449","1":"product","2":"type-product","3":"status-publish","4":"has-post-thumbnail","6":"product_cat-altres","7":"product_cat-otros","9":"first","10":"instock","11":"taxable","12":"shipping-taxable","13":"purchasable","14":"product-type-simple"},"acf":{"editorial":[{"ID":6351,"post_author":"3","post_date":"2022-07-28 17:50:19","post_date_gmt":"2022-07-28 15:50:19","post_content":"","post_title":"Sal Terrae","post_excerpt":"","post_status":"publish","comment_status":"closed","ping_status":"closed","post_password":"","post_name":"sal-terrae","to_ping":"","pinged":"","post_modified":"2022-07-28 17:50:19","post_modified_gmt":"2022-07-28 15:50:19","post_content_filtered":"","post_parent":0,"guid":"http:\/\/dev.claret.cat\/editorial\/sal-terrae\/","menu_order":0,"post_type":"editorial","post_mime_type":"","comment_count":"0","filter":"raw"}],"autor":"MARTIN, JAMES; SJ","codart":"842932926","libros-coleccion":"","ediciones":"1","encuadernacion":"R\u00fastica","fecha_de_publicacion":"10\/02\/2020","novedad":"1","paginas":"120","subtitulo":"INVITACI\u00d3N A UNA AMISTAD M\u00c1S PROFUNDA CON JES\u00daS","orden":"0","portada":"0","idioma":"spa","autores-libros":[{"ID":158426,"post_author":"3","post_date":"2022-10-14 15:36:45","post_date_gmt":"2022-10-14 13:36:45","post_content":"","post_title":"JAMES MARTIN, SJ","post_excerpt":"","post_status":"publish","comment_status":"closed","ping_status":"closed","post_password":"","post_name":"james-martin-sj","to_ping":"","pinged":"","post_modified":"2022-10-14 15:36:45","post_modified_gmt":"2022-10-14 13:36:45","post_content_filtered":"","post_parent":0,"guid":"http:\/\/dev.claret.cat\/autor\/james-martin-sj\/","menu_order":0,"post_type":"autor","post_mime_type":"","comment_count":"0","filter":"raw"}],"booktrailer":"","resenas":""},"aioseo_notices":[],"_links":{"self":[{"href":"https:\/\/www.claret.cat\/es\/wp-json\/wp\/v2\/product\/116449","targetHints":{"allow":["GET"]}}],"collection":[{"href":"https:\/\/www.claret.cat\/es\/wp-json\/wp\/v2\/product"}],"about":[{"href":"https:\/\/www.claret.cat\/es\/wp-json\/wp\/v2\/types\/product"}],"wp:featuredmedia":[{"embeddable":true,"href":"https:\/\/www.claret.cat\/es\/wp-json\/wp\/v2\/media\/340769"}],"wp:attachment":[{"href":"https:\/\/www.claret.cat\/es\/wp-json\/wp\/v2\/media?parent=116449"}],"wp:term":[{"taxonomy":"product_brand","embeddable":true,"href":"https:\/\/www.claret.cat\/es\/wp-json\/wp\/v2\/product_brand?post=116449"},{"taxonomy":"product_cat","embeddable":true,"href":"https:\/\/www.claret.cat\/es\/wp-json\/wp\/v2\/product_cat?post=116449"},{"taxonomy":"product_tag","embeddable":true,"href":"https:\/\/www.claret.cat\/es\/wp-json\/wp\/v2\/product_tag?post=116449"}],"curies":[{"name":"wp","href":"https:\/\/api.w.org\/{rel}","templated":true}]}}

<p>Las últimas palabras de Jesús en la cruz tradicionalmente han sido para los cristianos una invitación a meditar y vivir profundamente el Viernes Santo los momentos finales de la vida de Cristo. Estos siete últimos mensajes han permitido a James Martin acercarnos a un sorprendente retrato del Jesús crucificado, que muestra hasta qué punto Dios es capaz de comprender nuestras dificultades.<br />Las Siete Palabras son el mejor reflejo de ese Dios hecho ser humano. Un Jesús que hasta su misma muerte empatiza con las alegrías y las penas. Acogedor de esperanzas e ilusiones. Y también de nuestros miedos y angustias.</p>

Rústica

INVITACIÓN A UNA AMISTAD MÁS PROFUNDA CON JESÚS
